NOAA-Style Climate Reports: Lisbon, NH


Report for 2008 October
                  MONTHLY CLIMATOLOGICAL SUMMARY FOR 10/2008
                                        HEAT  COOL        
     MEAN                               DEG   DEG       WIND SPEED       DOM MEAN  MEAN
DAY  TEMP  HIGH   TIME     LOW   TIME   DAYS  DAYS RAIN AVG  HI  TIME    DIR BAROM HUM
---------------------------------------------------------------------------------------
1    54.5  60.6    15:19  52.1    23:27    9    0  0.51   0  16    16:02 ENE 29.61  100
2    48.2  56.5    14:56  37.0    23:59   15    0  0.27   0  11    15:02 WSW 29.49   95
3    42.1  53.0    15:13  35.1     3:18   21    0  0.09   0  12    14:23 WSW 29.76   93
4    43.8  55.0    15:03  36.1    23:56   20    0  0.00   1  13    14:40 WSW 30.07   85
5    41.6  52.7    13:39  34.4     6:00   22    0  0.00   0  10    15:27 WSW 30.24   91
6    38.9  51.7    14:13  31.0    23:44   25    0  0.00   1  13    16:22 ENE 30.30   84
7    40.6  60.8    15:11  27.2     6:48   23    0  0.01   1  13    11:01 ENE 30.28   74
8    43.7  64.0    14:54  27.8     6:59   20    0  0.00   1   8    13:11 WSW 30.06   77
9    54.2  69.1    13:52  45.2     0:00   10    1  0.22   1  19    13:42 WSW 29.78   88
10   49.6  65.6    15:18  36.0     7:30   14    0  0.00   0  12    10:41 WSW 30.09   76
11   45.9  64.9    15:14  33.1     7:40   18    0  0.01   0  12    14:24   E 30.38   79
12   46.1  65.8    14:35  32.8     6:21   18    0  0.00   0  13    13:23   E 30.46   79
13   52.3  67.4    14:31  40.0     2:52   11    0  0.00   0   7    11:43  SW 30.27   84
14   56.6  64.1    15:26  48.7    23:59    7    0  0.01   2  21    12:31 WSW 30.07   80
15   48.9  61.9    14:28  38.1     7:15   15    0  0.00   1  10    13:04 ENE 30.05   75
16   46.6  53.3    15:11  41.4     0:34   17    0  0.43   0   6     8:09  NE 29.88  100
17   42.7  51.8    14:49  29.2    23:55   21    0  0.00   2  16    10:18 ENE 30.07   72
18   35.8  50.5    13:49  26.1     5:49   28    0  0.01   1  13    12:01 ENE 30.25   74
19   34.2  53.2    15:28  22.4     7:21   29    0  0.00   1  11    11:37 ENE 30.38   73
20   35.6  54.4    15:21  21.0     7:23   25    0  0.00   0  10    16:01 WSW 30.18   75
21   41.4  45.5    13:47  38.1     2:27   22    0  0.37   0   8    11:43 ENE 29.85   93
22   38.6  44.2    14:33  34.1    23:22   25    0  0.23   1  13    14:16 ENE 30.20   89
23   33.9  46.8    15:41  26.0     7:54   30    0  0.00   1  12    12:42 ENE 30.60   60
24   34.6  57.2    15:36  21.4     6:57   29    0 98.74   1  10    13:45  SW 30.42   75
25   43.7  57.1    23:14  28.6     2:33   20    0 98.78   3  35    22:38 WSW 30.07   85
26   51.4  56.8     0:00  48.2     9:52    5    0  0.00   1  14     0:06 ENE 29.73  100
27
28   39.9  42.8    19:52  37.4    21:52    0    0  0.01   3   6    19:52  NE 29.10   88
29   32.1  33.8     0:15  28.4    17:27    1    0  0.00   9  13    14:52 WSW 29.45   81
30   31.0  33.8    13:13  26.6    22:52    1    0  0.00   7  12     0:52   W 30.19   74
31   34.1  51.8    14:52  19.4     6:52    0    0  0.00   1   8    12:52   W 30.22   78
---------------------------------------------------------------------------------------
TOT  43.7  69.1  10/9/08  19.4 10/31/08  500    1 98.94   1  35 10/25/08 WSW 30.10   82

HEAT BASE: 65.0
COOL BASE: 65.0