NOAA-Style Climate Reports: Lisbon, NH


Report for 2008 September
                  MONTHLY CLIMATOLOGICAL SUMMARY FOR 9/2008
                                        HEAT  COOL        
     MEAN                               DEG   DEG       WIND SPEED       DOM MEAN  MEAN
DAY  TEMP  HIGH   TIME     LOW   TIME   DAYS  DAYS RAIN AVG  HI  TIME    DIR BAROM HUM
---------------------------------------------------------------------------------------
1    60.7  77.1    14:24  45.3     6:27    7    4  0.00   1  16    12:46 ENE 30.10   74
2    64.2  82.3    14:06  49.3     6:31    4    5  0.01   1  12    13:54 ENE 30.02   81
3    64.9  79.9    13:49  52.1     6:30    3    5  0.00   0   8    10:52 ENE 29.88   80
4    66.7  80.5    13:10  55.1     3:51    3    6  0.00   0  10    12:47  SW 29.89   88
5    71.4  83.2    15:07  60.8     5:34    1    9  0.00   2  24    13:17 WSW 29.95   74
6    66.1  75.0    12:35  59.5     6:32    1    3  0.60   0  10    10:52  SW 29.87   97
7    61.0  66.9    14:42  51.6    22:00    3    0  0.27   1  12     5:23 ENE 29.81   89
8    59.6  73.4    13:45  51.0     6:16    6    2  0.00   1  14    14:18  SW 30.02   83
9    56.9  65.8    15:25  50.8    23:56    7    0  0.48   1  21    15:03 WSW 29.90   97
10   52.2  62.7    13:26  41.6    23:34   11    0  0.03   1  18    11:43 ENE 30.18   78
11   49.0  64.9    14:22  39.0     8:22   15    0  0.00   0   8    13:44 WSW 30.33   82
12   51.4  59.8    17:19  41.3     4:42   12    0  0.17   0  12    14:16 WSW 30.03  100
13   64.6  75.7    14:54  58.0     5:17    2    3  0.01   0   7    12:47  SW 29.86   89
14   67.4  76.2    16:01  59.8     0:51    1    5  0.36   0  17    22:47 WSW 29.65   96
15   67.1  76.2     4:02  53.2    23:48    2    5  0.00   2  32     6:07 WSW 29.59   67
16   55.3  66.8    15:16  45.3     6:49    8    0  0.00   1  14    13:27 WSW 30.07   75
17   53.3  68.1    14:18  43.3     8:02   11    1  0.00   1  12    12:38  SW 30.08   84
18   51.4  60.9    14:13  37.8    23:55   12    0  0.01   2  18    12:16 ENE 30.21   72
19   42.8  60.9    14:07  32.8     6:20   16    0  0.00   1  14    15:15  SW 30.46   82
20   48.4  66.3    14:50  32.6     5:56   15    0  0.00   0  12    12:47 WSW 30.25   83
21   50.4  62.5    12:36  41.8     6:42   13    0  0.00   0  12    12:57 ENE 30.21   92
22   46.9  63.7    15:07  36.8    23:57   17    0  0.01   1  12    15:52 ENE 30.42   77
23   46.5  63.7    14:48  31.6     4:52   17    0  0.00   0   7    12:34 ENE 30.47   79
24   57.7  73.2    14:56  45.5     6:48    8    2  0.00   0   8    12:23 ENE 30.39   82
25   56.6  73.1    14:45  46.8     6:11    8    2  0.00   1  11    13:04  SW 30.44   88
26   52.0  57.7    15:42  45.6     5:42   12    0  0.32   0   7    11:37 ENE 30.37  100
27   61.1  67.1    16:13  55.2     0:00    3    1  0.20   0   7    13:06  SW 30.07  100
28   64.2  70.1    15:31  60.5    23:48    1    2  0.15   0   8    19:56 ENE 29.86  100
29   58.8  63.0    14:06  54.7    23:56    3    0  0.00   2  11    12:23 ENE 29.92   83
30   56.8  64.1    16:56  52.7    23:44    6    0  0.00   0  10    17:24 WSW 29.85   92
---------------------------------------------------------------------------------------
TOT  57.6  83.2   9/5/08  31.6  9/23/08  227   54  2.62   1  32  9/15/08 ENE 30.07   86

HEAT BASE: 65.0
COOL BASE: 65.0