NOAA-Style Climate Reports: Lisbon, NH


Report for 2008 August
                  MONTHLY CLIMATOLOGICAL SUMMARY FOR 8/2008
                                        HEAT  COOL        
     MEAN                               DEG   DEG       WIND SPEED       DOM MEAN  MEAN
DAY  TEMP  HIGH   TIME     LOW   TIME   DAYS  DAYS RAIN AVG  HI  TIME    DIR BAROM HUM
---------------------------------------------------------------------------------------
1    69.2  79.4    13:46  61.7     1:20    0    6  0.02   0  14    14:46 WSW 29.62   87
2    65.8  80.5    12:43  60.5     6:11    1    3  0.70   0  12    16:49 WSW 29.67   94
3    65.7  73.9    15:26  60.9     5:38    1    3  0.50   0  10    14:47 WSW 29.72   92
4    64.8  71.0    14:41  59.5    23:55    1    2  0.01   1  10    12:55 ENE 29.83   93
5    66.1  76.2    15:18  58.3     1:12    2    4  0.01   1  12    15:32 ENE 29.91   86
6    61.2  64.8    14:00  57.1    23:55    2    0  1.77   2  20    16:38 WSW 29.77   94
7    61.7  75.9    13:20  56.1     3:46    4    2  0.03   1  12    11:19 WSW 29.70   95
8    60.8  71.2    14:39  55.2     4:47    4    1  0.26   0  12    15:36 WSW 29.63   94
9    61.8  72.0    14:49  53.3    23:38    4    2  0.05   0   8     9:45  SW 29.74   88
10   59.7  78.4    14:29  49.3     6:10    6    2  0.15   1  19    15:36 ENE 29.86   88
11   60.2  68.9    15:10  56.0     2:04    4    0  0.12   0   8    18:13 WSW 29.80   99
12   62.9  74.3    14:08  57.7    23:26    2    2  0.53   1  13    13:15 ENE 29.67   90
13   62.6  74.3    14:52  53.8     5:54    4    3  0.01   1  10    12:26 WSW 29.74   84
14   62.8  76.8    13:59  52.3     6:45    4    4  0.00   1  10    14:29   E 29.77   81
15   62.2  76.8    13:07  51.1     6:49    5    3  0.00   0   6    12:14 ENE 29.94   85
16   61.9  71.7    16:15  52.3    23:55    3    2  0.00   1  11    16:34 ENE 29.87   87
17   63.9  77.7    14:42  51.1     1:00    4    5  0.01   1  16    14:06 WSW 29.81   82
18   67.9  79.9    15:07  56.6     2:46    2    7  0.10   1  22    15:50 WSW 29.81   80
19   58.1  63.8    13:32  48.0    23:56    5    0  0.50   1  16    13:57 ENE 29.89   85
20   55.1  68.9    14:54  41.6     5:50    9    1  0.00   1  13    12:34 ENE 30.11   77
21   60.2  77.7    15:22  46.1     6:57    7    4  0.00   0   7    12:21 ENE 30.21   80
22   63.8  81.3    14:41  51.0     7:57    5    5  0.00   1  10    14:51  SW 30.29   82
23   66.2  80.9    13:48  54.5     6:41    3    6  0.00   1  12    15:17 WSW 30.20   84
24   66.3  81.1    14:57  54.5     6:48    3    5  0.00   1  13    13:40  SW 29.95   81
25   63.7  74.5    12:42  50.1    23:55    2    2  0.13   1  13    14:48   E 29.82   79
26   54.9  68.4    14:54  43.6     6:26    9    1  0.00   1  14    11:47 ENE 30.00   77
27   58.8  77.9    15:11  42.3     6:26    8    4  0.00   1  10    10:29 ENE 30.08   78
28   62.7  78.1    14:54  51.3     6:33    5    4  0.01   0   7    11:20 WSW 30.04   85
29   63.6  76.4    13:31  51.6     6:14    4    4  0.00   1  12    13:36 WSW 29.96   84
30   66.3  75.7    15:19  59.5    23:58    0    3  0.01   0  12     1:18 WSW 29.92   92
31   62.0  74.8    14:33  51.6    23:56    4    3  0.01   1  16    14:05 ENE 30.04   77
---------------------------------------------------------------------------------------
TOT  62.7  81.3  8/22/08  41.6  8/20/08  118   92  4.93   1  22  8/18/08 WSW 29.88   86

HEAT BASE: 65.0
COOL BASE: 65.0