NOAA-Style Climate Reports: Lisbon, NH


Report for 2008 July
                  MONTHLY CLIMATOLOGICAL SUMMARY FOR 7/2008
                                        HEAT  COOL        
     MEAN                               DEG   DEG       WIND SPEED       DOM MEAN  MEAN
DAY  TEMP  HIGH   TIME     LOW   TIME   DAYS  DAYS RAIN AVG  HI  TIME    DIR BAROM HUM
---------------------------------------------------------------------------------------
1    65.9  77.1    15:10  55.8     5:50    2    5  0.03   0  10    11:33 ENE 29.81   85
2    67.2  80.1    14:22  57.7    23:55    2    6  0.01   1  14    14:00  SW 29.87   76
3    63.7  75.5    14:20  52.4     5:28    3    4  0.14   1  17    16:15 WSW 29.82   85
4    62.0  75.9    15:16  51.6     6:23    5    3  0.01   0   8    14:48 ENE 29.99   73
5    64.0  79.6    13:07  47.0     5:49    5    6  0.00   1  12    12:43 WSW 30.00   73
6    69.4  83.4    15:42  54.2     5:22    2    8  0.00   1  12    13:03  SW 29.99   73
7    71.8  85.0    14:00  59.7     3:52    1    9  0.00   1  14    14:42 WSW 29.95   78
8    74.8  86.5    13:47  61.2     5:15    0   11  0.00   1  18    14:05 WSW 29.82   78
9    73.9  86.9    13:53  65.1     5:37    0   10  0.39   1  20    13:40 WSW 29.66   89
10   68.5  75.9    12:25  56.8    23:59    1    6  0.00   0  12    15:41  SW 29.81   73
11   61.0  70.5    12:01  51.8     5:15    4    2  0.00   0   8     8:33  SW 30.03   85
12   68.3  80.1    14:30  54.7     3:04    3    7  0.00   1  14    15:17   E 30.02   77
13   67.7  73.2     8:25  63.8     5:40    0    4  0.36   1  20     9:02 WSW 29.77   93
14   67.7  75.5    14:40  57.8    23:48    0    5  0.13   1  13    14:47 WSW 29.73   87
15   65.6  77.7    14:27  54.2     4:35    3    5  0.00   1  18    13:09 WSW 29.98   74
16   67.2  83.0    15:08  52.0     6:01    3    7  0.00   1  14    13:57 WSW 30.07   75
17   68.2  82.6    14:38  56.6     6:27    2    6  0.00   0  10    15:00 WSW 30.05   79
18   64.5  79.0    14:49  56.3     5:28    2    3  0.56   1  22    15:33 ENE 29.94   93
19   69.9  81.3    15:02  62.0     3:47    2   10  0.32   1  16    16:40  SW 29.86   91
20   65.7  68.6    14:43  63.5     6:03    0    2  1.68   0   7    21:34 ENE 29.85  100
21   68.2  79.0    15:06  61.7    23:17    0    5  0.04   1  12    16:33 ENE 29.78   89
22   69.3  80.7    14:09  60.8     2:45    1    6  0.00   1  12    15:10  SW 29.86   85
23   66.3  71.3     8:35  62.0    23:33    0    3  1.15   1  20     8:49 WSW 29.97   92
24   66.0  73.6    14:04  60.9     5:21    1    3  0.97   1  21    10:35 WSW 29.92   97
25   69.7  79.7    14:19  59.2    23:58    0    7  0.02   1  14    15:46 WSW 29.99   74
26   67.7  80.7    14:04  55.4     5:56    2    7  0.23   1  19    13:55 WSW 29.88   79
27   68.2  77.5    13:51  59.8     5:35    3   12  0.03   1  16    10:48 WSW 29.73   85
28   67.1  75.9    13:28  61.6     4:45    0    4  0.01   1  11    14:52 WSW 29.74   89
29   66.3  77.1    13:39  57.8    23:53    1    4  0.00   0  10    11:59  SW 29.79   84
30   66.3  80.1    15:02  54.2     5:10    3    6  0.00   0  11    15:39 WSW 29.76   82
31   66.9  79.2    14:40  61.7     5:39    0    4  0.87   0  13    14:44 WSW 29.57   96
---------------------------------------------------------------------------------------
TOT  67.4  86.9   7/9/08  47.0   7/5/08   53  178  6.95   1  22  7/18/08 WSW 29.87   83

HEAT BASE: 65.0
COOL BASE: 65.0