NOAA-Style Climate Reports: Lisbon, NH


Report for 2008 June
                  MONTHLY CLIMATOLOGICAL SUMMARY FOR 6/2008
                                        HEAT  COOL        
     MEAN                               DEG   DEG       WIND SPEED       DOM MEAN  MEAN
DAY  TEMP  HIGH   TIME     LOW   TIME   DAYS  DAYS RAIN AVG  HI  TIME    DIR BAROM HUM
---------------------------------------------------------------------------------------
1    59.6  69.6    11:39  54.4    23:28    4    0  0.01   1  21    11:39 WSW 29.60   72
2    58.4  68.3    17:36  52.3     3:27    6    1  0.03   0   8    14:58  SW 29.76   76
3    56.7  66.3    12:15  49.0     5:52    7    0  0.17   1  10    12:07 WSW 29.87   90
4    57.9  65.9    14:37  52.6    23:59    6    0  0.17   0   7    12:02 ENE 29.86   91
5    60.4  69.6    14:49  52.3     0:25    4    1  0.00   1  10    10:08 ENE 30.01   75
6    58.0  61.6    16:53  55.0     7:11    9    1  0.43   0  10    17:10 WSW 30.05   92
7    69.7  88.4    16:32  56.6     4:54    2    9  0.01   1  13    12:49  SW 29.89   77
8    72.4  89.5    15:19  55.5     6:36    2   11  0.00   1  14    17:29 WSW 29.76   71
9    75.5  87.8    15:38  63.0     5:07    0   12  0.00   0   7     9:54 WSW 29.74   72
10   76.4  93.0    13:45  65.6     5:20    0   13  0.51   1  20    15:16 WSW 29.76   74
11   69.1  77.5    14:51  57.5    23:58    0    6  0.26   1  14    17:58  SW 29.90   60
12   60.7  72.4    14:28  46.1    23:59    5    2  0.00   2  18    11:25 ENE 30.17   52
13   61.6  79.2    15:31  42.3     4:12    7    5  0.00   0  11    12:42 WSW 30.17   54
14   66.1  81.7    12:33  50.4     5:11    4    6  0.00   1  16    15:15 WSW 29.92   66
15   63.0  72.9    15:51  56.0     8:05    3    2  0.31   1  11    12:03 WSW 29.78   89
16   63.6  73.6    16:17  58.6     5:38    2    2  0.02   1  17    14:19 WSW 29.69   84
17   60.1  72.7    10:57  55.2    23:51    4    1  0.41   1  12    10:57 WSW 29.62   90
18   59.4  68.4    15:30  52.6     7:40    5    1  0.00   1  18    17:10  SW 29.65   71
19   58.8  68.1    16:36  52.3     4:50    5    1  0.22   1  14    11:13 WSW 29.79   83
20   58.7  69.1    14:54  50.1     6:52    6    1  0.16   1  14    14:20 WSW 29.90   85
21   63.0  73.9    13:48  53.8     5:37    4    3  0.00   1  14    13:34 WSW 29.95   76
22   60.0  67.1    11:20  52.3     2:42    4    1  0.40   0   7    13:42 ENE 29.92   97
23   65.5  72.7    12:34  58.7     5:22    1    3  0.37   1  12    13:09 WSW 29.88   84
24   62.2  71.8    14:31  56.6    23:56    3    1  0.32   0  12    11:45 WSW 29.92   88
25   63.7  77.7    13:41  49.9     6:01    5    5  0.00   1  14    15:16  SW 30.01   71
26   62.3  71.8     9:41  50.7     5:10    4    2  0.03   1  11    15:41 WSW 29.81   87
27   67.9  81.9    15:08  60.0     0:42    1    5  0.02   1  12    15:28  SW 29.76   87
28   65.8  76.8    11:15  60.1     3:55    1    3  0.14   1  14    15:18   E 29.80   91
29   67.9  79.4    16:05  59.4     2:46    1    6  0.42   1  14    17:41 WSW 29.72   88
30   69.7  77.5    14:24  59.4    23:56    0    6  0.04   1  13     9:20 WSW 29.64   82
---------------------------------------------------------------------------------------
TOT  63.8  93.0  6/10/08  42.3  6/13/08  106  112  4.45   1  21   6/1/08 WSW 29.84   79

HEAT BASE: 65.0
COOL BASE: 65.0