NOAA-Style Climate Reports: Lisbon, NH


Report for 2008 May
                  MONTHLY CLIMATOLOGICAL SUMMARY FOR 5/2008
                                        HEAT  COOL        
     MEAN                               DEG   DEG       WIND SPEED       DOM MEAN  MEAN
DAY  TEMP  HIGH   TIME     LOW   TIME   DAYS  DAYS RAIN AVG  HI  TIME    DIR BAROM HUM
---------------------------------------------------------------------------------------
1    37.9  51.8    14:48  24.1     5:39   26    0  0.00   1  10    10:12 WSW 30.12   58
2    43.6  56.9    14:06  27.8     4:03   20    0  0.00   2  13    15:04 WSW 30.11   50
3    42.5  44.6     0:00  40.4    17:41   21    0  0.08   3  24    11:32 WSW 30.08   65
4    45.4  52.0    16:49  40.7     0:16   18    0  0.16   1  18     0:50 WSW 29.97   76
5    51.1  65.8    17:58  37.7     6:11   12    0  0.00   1  14    12:55 ENE 30.00   59
6    52.2  71.5    13:44  31.7     5:38   13    2  0.00   1  17    14:14  SW 29.89   50
7    52.0  66.9    16:36  31.9     5:48   12    1  0.00   1  13    10:14  SW 29.82   45
8    59.1  74.3    13:51  44.7    23:59    6    2  0.01   2  20    13:06 WSW 29.55   46
9    52.0  67.1    17:04  34.7     5:34   12    0  0.00   1  13    12:45 ENE 29.73   47
10   52.9  66.6    15:28  38.1     5:28   11    0  0.00   2  17    10:46 ENE 29.70   43
11   53.3  68.8    15:42  33.2     5:43   11    1  0.00   2  14    15:57   E 29.79   40
12   51.7  62.7    13:57  36.8     5:40   12    0  0.00   2  25    15:38 ENE 29.79   36
13   52.9  70.0    15:09  34.5     5:33   12    1  0.00   2  19    12:41 ENE 29.99   41
14   57.1  75.3    15:11  35.4     5:36    9    3  0.00   2  16    16:10 WSW 29.96   38
15   52.4  60.5    17:59  41.3    23:56   11    0  0.08   0  12     0:28 WSW 29.87   55
16   51.5  64.9    15:53  35.4     5:31   11    0  0.00   1  13    13:09 ENE 29.75   51
17   57.0  70.6    15:26  43.4     5:32    8    2  0.01   1  14    10:43 ENE 29.38   38
18   53.0  64.6    14:13  45.0     5:56   10    0  0.03   1  24    16:31  SW 29.29   67
19   45.3  51.4    12:10  40.4    18:15   17    0  0.11   3  25    13:11 WSW 29.27   71
20   48.7  62.5    13:54  33.4     4:37   15    0  0.00   1  16    12:42  SW 29.40   62
21   50.5  62.7    14:10  39.1     5:20   12    0  0.04   1  17    16:12 WSW 29.36   66
22   47.5  54.2    17:56  41.3     6:50   16    0  0.01   1  10    16:17 WSW 29.48   70
23   50.3  62.0    11:59  43.3    22:39   13    0  0.10   1  13    10:55 WSW 29.69   73
24   52.5  64.6    15:41  42.0     4:47   11    0  0.00   1  17    13:13 ENE 29.83   62
25   54.3  72.4    14:56  35.0     5:08   11    2  0.00   1  13    16:59 WSW 29.95   52
26   55.9  74.5    14:59  38.3     5:17    9    2  0.12   1  17    13:22  SW 29.78   73
27   59.0  76.1    12:56  43.0    22:48    7    2  0.07   1  16    14:35 ENE 29.75   72
28   48.0  59.5    15:54  32.8     5:27   16    0  0.00   2  18    11:23 ENE 30.10   44
29   53.8  74.1    15:06  31.9     4:53   12    3  0.00   2  18    13:29  SW 29.94   52
30   57.3  72.2    14:26  37.3     5:16    8    2  0.00   1  11    12:56 ENE 30.00   51
31   57.2  63.5    19:40  52.9     5:45    6    0  0.29   0   7     2:15 ENE 29.64   98
---------------------------------------------------------------------------------------
TOT  51.6  76.1  5/27/08  24.1   5/1/08  389   23  1.11   1  25  5/12/08 WSW 29.78   56

HEAT BASE: 65.0
COOL BASE: 65.0