NOAA-Style Climate Reports: Lisbon, NH


Report for 2008 April
                  MONTHLY CLIMATOLOGICAL SUMMARY FOR 4/2008
                                        HEAT  COOL        
     MEAN                               DEG   DEG       WIND SPEED       DOM MEAN  MEAN
DAY  TEMP  HIGH   TIME     LOW   TIME   DAYS  DAYS RAIN AVG  HI  TIME    DIR BAROM HUM
---------------------------------------------------------------------------------------
1    41.8  60.0    13:08  31.9     2:09   22    0  0.56   1  22    12:51 WNW 29.76   96
2    32.2  43.3     0:00  24.8    23:28   31    0  0.00   3  25     4:00  NW 30.06   36
3    33.6  48.1    15:35  19.3     6:45   30    0  0.00   2  18    13:53  SW 30.30   38
4    30.7  35.3    17:52  23.9     2:10   33    0  0.18   1   7    11:31 ENE 29.97   87
5    35.5  42.3    13:54  29.1    23:57   28    0  0.10   0   8    11:55 ENE 29.93   88
6    37.5  53.2    15:10  26.9     6:28   26    0  0.01   1  14    18:16 WSW 30.31   73
7    40.5  53.9    14:56  26.0     6:28   23    0  0.00   3  20    13:34  SW 30.36   46
8    40.0  56.3    15:49  24.5     6:05   24    0  0.00   2  18    14:21 WSW 30.33   35
9    44.4  62.7    15:30  26.6     5:53   19    0  0.00   2  25    13:46  SW 30.15   41
10   45.0  56.8    12:14  31.7    23:56   18    0  0.00   2  19    14:29 WSW 30.03   50
11   34.7  43.0    14:26  25.5     6:04   29    0  0.19   1  10    10:19   E 29.98   77
12   46.8  66.6    15:01  35.1     0:02   17    0  0.16   2  22    14:53 WSW 29.50   69
13   35.6  39.0    16:57  32.9     7:18   28    0  0.00   1  14    17:58 ENE 29.64   56
14   36.1  46.2    15:27  25.8    23:59   27    0  0.00   2  17    12:12 ENE 29.89   46
15   36.4  51.8    15:13  20.4     6:12   27    0  0.00   1  17    12:48 ENE 30.11   45
16   42.5  62.5    15:54  23.0     5:29   21    0  0.00   1  14    16:11  SW 30.18   41
17   50.0  75.9    15:20  27.3     6:01   16    3  0.00   1  13    15:57  SW 30.08   40
18   53.3  77.3    13:48  30.6     6:01   14    3  0.00   1  16    15:56 ENE 29.96   42
19   56.6  77.3    14:43  33.4     6:07   11    4  0.00   3  21    21:15 WSW 30.00   38
20   54.1  68.8    15:02  35.3     5:59   11    1  0.00   3  20    11:44  SW 30.14   39
21   56.2  75.7    14:52  37.7     6:15   10    3  0.00   1  11    15:04  SW 30.24   45
22   58.1  77.9    15:12  38.0     5:55    9    4  0.00   1  13    13:37  SW 30.16   49
23   58.9  80.3    14:40  41.3     6:09    9    4  0.25   1  20    13:58  SW 30.01   62
24   53.8  63.8    14:53  37.3    23:57   10    0  0.00   3  25    15:09 ENE 30.09   50
25   50.3  71.3    14:54  29.1     5:42   15    1  0.00   1  16    15:18 ENE 30.08   46
26   50.7  64.6    14:54  32.9     5:50   13    0  0.00   4  26    20:43  SW 30.10   39
27   49.5  60.1    16:22  42.6    23:51   14    0  0.03   2  14    18:17 WSW 30.14   53
28   45.3  49.6    10:32  40.8     2:59   18    0  0.94   2  22     8:34 WSW 29.94   81
29   39.9  45.2    10:33  31.9    23:56   24    0  1.16   1  13    16:46 ENE 29.67  100
30   35.6  44.7    16:33  28.3     6:05   28    0  0.01   1  14    14:17 WSW 29.95   62
---------------------------------------------------------------------------------------
TOT  44.2  80.3  4/23/08  19.3   4/3/08  602   24  3.59   2  26  4/26/08  SW 30.04   56

HEAT BASE: 65.0
COOL BASE: 65.0