NOAA-Style Climate Reports: Lisbon, NH


Report for 2008 March
                  MONTHLY CLIMATOLOGICAL SUMMARY FOR 3/2008
                                        HEAT  COOL        
     MEAN                               DEG   DEG       WIND SPEED       DOM MEAN  MEAN
DAY  TEMP  HIGH   TIME     LOW   TIME   DAYS  DAYS RAIN AVG  HI  TIME    DIR BAROM HUM
---------------------------------------------------------------------------------------
1    25.3  31.6    14:27  17.1     1:50   38    0  0.04   1  19     4:37  SW 29.89   74
2    20.7  29.7    15:09   3.5    23:55   42    0  0.00   1  13    12:02 WNW 30.11   52
3    21.3  42.6    15:13   0.3     3:13   42    0  0.00   1  12    16:15 WSW 30.06   59
4    34.7  42.1    11:36  24.1     0:25   29    0  0.17   2  12     4:26  NE 29.90   73
5    33.7  40.8    12:40  28.5    23:55   30    0  0.15   2  27    16:14 WSW 29.63   76
6    29.9  43.9    15:35  17.9     6:40   34    0  0.00   1  12    13:58 ENE 30.11   54
7    31.5  48.9    14:06  16.0     6:03   32    0  0.26   1  17    14:41  SW 30.17   65
8    34.6  40.3     9:47  31.7     0:00   29    0  1.34   0  17    23:34 ENE 29.58   98
9    23.5  40.8     0:11  15.7    23:49   38    0  0.01   4  32     4:00 WSW 29.76   51
10   17.4  25.7    14:52   9.2    23:54   46    0  0.00   1  12    14:10 ENE 30.24   50
11   18.5  34.8    15:49   0.9     7:07   45    0  0.00   1  12    17:43 WSW 30.03   54
12   26.8  35.8    12:10  18.5     2:47   37    0  0.03   1  18    22:03 WSW 29.64   67
13   23.0  33.2    15:28   9.0     7:37   40    0  0.01   1  19    18:11 ENE 29.92   42
14   34.9  47.1    14:17  27.2     0:28   28    0  0.00   1  13    12:36  SW 29.78   60
15   35.1  40.6    14:46  31.9     3:50   28    0  0.06   1  10    15:25 WSW 29.74   79
16   33.1  39.8    11:45  27.2    23:22   30    0  0.08   1  13    20:03 ENE 29.94   76
17   25.1  33.7    15:24  18.2    23:57   38    0  0.00   3  20    10:48 ENE 30.43   41
18   26.1  40.7    15:40   9.7     6:36   37    0  0.00   1  12    13:55 ENE 30.38   45
19   33.4  36.1    18:31  29.7     8:12   30    0  0.25   4  29    14:54 WSW 29.86   67
20   33.2  35.4    15:46  27.9    23:59   30    0  0.33   1  16    22:45  NW 29.43   85
21   21.6  27.9     0:00  15.8     8:10   42    0  0.00   3  20    17:28  NW 29.73   42
22   23.5  33.1    16:27  11.8     7:15   40    0  0.00   2  20    11:48  SW 29.80   32
23   22.9  30.4    15:04  14.1     7:10   41    0  0.00   1  13    12:10 WNW 30.05   22
24   21.4  36.3    15:22   4.6     6:58   42    0  0.00   2  14    12:45  SW 30.23   41
25   25.3  38.1    15:49   6.8     6:51   38    0  0.00   3  22    22:55  SW 30.18   36
26   37.5  47.4    13:57  27.8    23:54   26    0  0.00   4  24     2:52   W 29.84   48
27   34.2  44.2    16:59  21.0     7:05   29    0  0.00   2  17    11:52 WSW 29.96   50
28   31.2  34.3     0:00  26.3    22:34   32    0  0.14   1  10    17:49 ENE 29.92   80
29   21.3  27.0    14:19  15.8     5:17   42    0  0.00   2  24    13:48  NW 30.29   47
30   24.2  42.4    16:03   6.4     6:30   39    0  0.00   1  12    12:39 ENE 30.62   45
31   28.1  34.5    17:04  17.3     5:17   35    0  0.12   2  25    10:05 WNW 30.40   76
---------------------------------------------------------------------------------------
TOT  27.5  48.9   3/7/08   0.3   3/3/08 1112    0  2.99   2  32   3/9/08 WSW 29.99   58

HEAT BASE: 65.0
COOL BASE: 65.0