NOAA-Style Climate Reports: Lisbon, NH


Report for 2008 February
                  MONTHLY CLIMATOLOGICAL SUMMARY FOR 2/2008
                                        HEAT  COOL        
     MEAN                               DEG   DEG       WIND SPEED       DOM MEAN  MEAN
DAY  TEMP  HIGH   TIME     LOW   TIME   DAYS  DAYS RAIN AVG  HI  TIME    DIR BAROM HUM
---------------------------------------------------------------------------------------
1    20.7  31.2    23:27   9.6     1:01   43    0  0.66   1  20    12:02 ENE 30.33   77
2    30.5  32.6     6:46  28.3    23:12   33    0  0.07   1  19     7:59 WSW 29.86   91
3    29.7  33.5    12:08  27.2     6:18   34    0  0.00   0   7    12:10 WSW 30.15   94
4    29.5  36.0    13:27  24.3    20:13   34    0  0.00   0   8    10:28 ENE 30.30   85
5    31.4  34.0    13:41  26.6     0:00   32    0  0.26   0  11     1:36 WSW 29.89   99
6    30.8  34.3    13:30  26.4    22:30   33    0  0.97   1  11    16:01 ENE 29.69   97
7    26.0  27.3     8:20  23.6    23:36   38    0  0.26   1   8    11:39 ENE 29.75   88
8    23.6  29.2    15:09  13.6    22:34   39    0  0.00   0   8    12:26  SW 29.97   75
9    22.5  30.9    16:13  11.4     3:30   41    0  0.01   0   8    11:34  SW 29.95   78
10   26.6  34.0    10:31  11.4    23:42   37    0  0.09   1  17    13:36 WSW 29.54   71
11    6.7  15.5    14:50  -0.8    22:41   55    0  0.00   1  13     3:45  SW 30.00   52
12    5.4  17.1    13:58 -12.0     6:09   58    0  0.04   1  10    11:07 ENE 30.35   56
13   25.4  32.0    15:48  12.9     1:27   38    0  0.59   1  24     5:51 ENE 29.77   89
14   20.7  28.6     0:00  10.9    23:58   43    0  0.00   1  11    12:47 ENE 29.94   63
15   19.9  36.4    13:18   6.9    21:58   44    0  0.05   1  14    11:16 ENE 29.94   66
16    7.3  19.8    14:02  -4.8     7:30   56    0  0.00   1  11     0:27 ENE 30.27   50
17   17.4  36.7    23:56  -4.1     2:46   46    0  0.11   3  28    14:09 WNW 30.12   55
18   38.8  49.5    13:59  32.0    22:55   25    0  0.41   1  17     0:00 WNW 29.48   96
19   29.2  35.7    10:36  20.7    22:36   34    0  0.00   3  20    12:51 WSW 29.61   47
20   16.8  25.4    12:39   5.5    23:58   47    0  0.00   2  16    10:06 WSW 29.94   47
21    7.7  20.4    14:52  -3.9     6:58   56    0  0.00   1  17    14:11 WSW 30.28   49
22   10.6  21.0    17:03  -1.5     2:15   50    0  0.07   1   6     7:50 ENE 30.16   68
23   17.1  27.3    14:52   4.3    23:58   46    0  0.00   1   8     9:41 ENE 29.94   68
24   14.2  36.3    15:22  -4.3     6:56   48    0  0.00   1  10    12:40 WSW 30.01   59
25   21.7  39.7    15:21   2.6     6:50   41    0  0.00   1  12    13:39  SW 29.86   59
26   28.7  33.2    15:12  24.6     6:25   35    0  0.30   0   7     4:35  SW 29.66   80
27   24.4  30.7     7:09  13.9    23:28   39    0  0.07   1  12    15:27 ENE 29.40   81
28    8.7  15.2    14:16 -11.1    23:58   55    0  0.00   1  14    11:41 ENE 30.00   50
29    3.6  21.0    15:41 -21.1     7:05   60    0  0.00   2  21    21:31  SW 30.45   43
---------------------------------------------------------------------------------------
TOT  20.6  49.5  2/18/08 -21.1  2/29/08 1238    0  3.96   1  28  2/17/08 ENE 29.95   70

HEAT BASE: 65.0
COOL BASE: 65.0