NOAA-Style Climate Reports: Lisbon, NH


Report for 2008 January
                  MONTHLY CLIMATOLOGICAL SUMMARY FOR 1/2008
                                        HEAT  COOL        
     MEAN                               DEG   DEG       WIND SPEED       DOM MEAN  MEAN
DAY  TEMP  HIGH   TIME     LOW   TIME   DAYS  DAYS RAIN AVG  HI  TIME    DIR BAROM HUM
---------------------------------------------------------------------------------------
1    23.8  27.3    16:06  18.4     7:31   40    0  0.04   0   5    11:49 ENE 29.87   84
2    12.2  27.0     3:31 -10.8    23:57   51    0  0.01   1  16    10:42 ENE 29.90   64
3    -6.6   4.6    13:32 -14.0    22:12   70    0  0.00   2  16    10:50 ENE 30.56   55
4     4.5  19.6    14:02 -14.0     0:00   59    0  0.00   1   8     8:39  SW 30.42   61
5    21.0  26.1    15:06  14.1     8:03   42    0  0.00   1   7     9:47 WSW 30.25   66
6    30.2  36.4    14:02  25.7     0:16   33    0  0.00   0   6     9:48  SW 30.13   79
7    34.0  38.4    14:30  31.4     0:14   29    0  0.00   0   3     2:24 WSW 30.09   97
8    37.5  54.7    12:07  30.6    23:36   26    0  0.00   0   7    12:07 WSW 29.96   93
9    40.9  55.4     9:23  29.4     2:37   23    0  0.08   4  27    16:51 WSW 29.65   72
10   32.7  42.0    14:04  24.9    22:06   31    0  0.00   1  14    12:22  SW 30.01   67
11   32.6  37.6    12:03  25.2     0:00   31    0  0.53   1  21    10:09 WSW 29.77   96
12   31.5  43.4    14:28  22.9    23:24   32    0  0.00   0   6    10:27 WSW 29.92   92
13   26.9  38.6    13:35  17.9     7:22   37    0  0.00   0   8    13:58 ENE 30.18   81
14   25.9  28.0     6:19  20.9    23:55   38    0  0.04   1  11     7:34 ENE 29.89   86
15   21.1  28.8    14:22  16.8     5:44   42    0  0.00   1  12    16:55 ENE 29.77   69
16   17.5  27.5    15:04   8.7     7:49   46    0  0.00   1  13    12:53 ENE 30.16   66
17   15.5  26.9    20:39   3.0     7:05   48    0  0.00   1  13    20:30  SW 30.29   70
18   30.2  40.7    14:52  18.7    23:59   33    0  0.17   2  18    19:03 WSW 29.80   70
19   20.0  29.7    14:58   6.2     7:56   43    0  0.00   2  19    14:19  SW 29.90   60
20   13.1  22.6     0:00   6.9    19:02   50    0  0.00   1  14     9:37 ENE 29.99   46
21    5.2  17.3    14:05  -6.9     7:27   58    0  0.00   1  24    12:53 WSW 30.49   49
22   14.8  26.9    14:08   0.0     0:11   49    0  0.00   2  32    14:10 WSW 30.09   65
23   20.3  27.9    13:53   9.4     7:41   43    0  0.00   2  19    10:33  SW 29.86   58
24   12.4  22.6    15:01   0.5    23:53   51    0  0.00   1  11    13:58  SW 30.02   69
25    9.8  21.8    20:15  -7.1     8:07   54    0  0.00   1  12    14:58  SW 30.13   57
26   17.0  25.5    13:28   8.2     7:37   47    0  0.02   1  12    11:13 ENE 30.19   65
27   19.1  30.9    13:18   9.6    23:57   44    0  0.00   1   7    15:10 ENE 30.16   64
28   17.0  32.8    13:21   4.3     7:02   47    0  0.00   1  16    11:41 ENE 30.07   62
29   18.2  28.8    17:59   5.4     6:54   45    0  0.00   0   7     9:49  SW 29.81   67
30   30.4  40.6     8:37  19.8    23:04   33    0  0.29   4  30     6:10 WSW 29.56   69
31   19.0  27.6    13:42  10.9    23:58   45    0  0.00   1  13    14:01 WSW 30.44   48
---------------------------------------------------------------------------------------
TOT  20.9  55.4   1/9/08 -14.0   1/3/08 1320    0  1.18   1  32  1/22/08 WSW 30.04   69

HEAT BASE: 65.0
COOL BASE: 65.0