NOAA-Style Climate Reports: Lisbon, NH


Report for 2007 December
                  MONTHLY CLIMATOLOGICAL SUMMARY FOR 12/2007
                                        HEAT  COOL        
     MEAN                               DEG   DEG       WIND SPEED       DOM MEAN  MEAN
DAY  TEMP  HIGH   TIME     LOW   TIME   DAYS  DAYS RAIN AVG  HI  TIME    DIR BAROM HUM
---------------------------------------------------------------------------------------
1    13.5  26.7     0:00   5.2    23:51   50    0  0.00   2  20     2:12 ENE 30.37   48
2    13.2  18.7    22:48   5.2     0:00   50    0  0.00   1  11    10:04 ENE 30.35   51
3    24.5  30.3    13:54  18.4     2:40   39    0  0.30   1  13     8:03 ENE 29.48   86
4    17.3  21.2    14:49  13.9    22:04   46    0  0.00   0   3    14:52  SW 29.43   79
5    18.2  23.9    13:55   7.5    23:56   45    0  0.01   0   7    11:36 WSW 29.70   81
6    15.3  23.6    14:39   2.4     7:37   48    0  0.00   0   8    11:55  SW 30.12   70
7    16.0  26.7    15:17   4.5     5:35   48    0  0.00   1  16    15:15 WNW 30.25   77
8    21.5  35.7    13:32  10.6    23:54   42    0  0.01   1  14    13:47 WSW 30.17   81
9    14.5  22.0    14:33   3.5     5:29   49    0  0.00   0   5    10:30   E 30.42   70
10   19.9  29.2    13:53  14.6    22:58   44    0  0.13   0   6     2:07 ENE 30.27   80
11   22.8  28.8    13:38  15.2     0:00   41    0  0.16   1   8     9:48  SW 30.19   88
12   27.4  34.5    13:05  14.9    23:58   35    0  0.08   1  16    17:14 ENE 29.92   78
13    8.6  14.9     0:00  -0.6     7:14   55    0  0.15   1   9     0:00 ENE 30.24   72
14   22.8  30.9    14:54  12.0    23:59   41    0  0.07   1  14    23:05  SW 29.99   77
15    7.1  12.0     0:00  -0.8     7:36   56    0  0.00   1  17     9:25 ENE 30.49   55
16   15.0  27.6    17:52   7.7     3:23   48    0  0.79   1  16    19:05 ENE 29.66   77
17   10.7  15.0    14:34   0.3    23:59   53    0  0.00   1  16    18:55 ENE 29.64   64
18    5.6  19.5    14:49 -10.6     7:14   58    0  0.00   1   6    11:57 ENE 30.26   67
19   21.5  30.1    14:53  12.6     6:54   42    0  0.01   0  12    14:52  SW 30.20   75
20   26.6  28.6    15:27  20.3    23:24   35    0  0.16   0   5    10:39 ENE 30.15   93
21   21.5  26.3    14:45  10.8    23:51   42    0  0.00   0   0     0:00   N 30.47   85
22   21.7  31.7    18:37   7.7     3:09   42    0  0.00   1  13    14:08 WSW 30.54   78
23   38.7  52.0    21:55  30.3     0:09   24    0  0.11   2  29    18:55 WSW 30.08   87
24   32.1  45.9     0:00  27.0     8:09   31    0  0.10   4  21    14:15 WSW 29.71   55
25   30.3  40.0    12:13  20.3    22:39   33    0  0.00   1  10    10:59 WSW 30.07   63
26   26.9  38.1    13:56  20.3     0:15   37    0  0.00   0   7    11:34   E 30.20   73
27   26.2  30.1    16:45  20.4     1:16   37    0  0.18   0   7    12:27 WSW 30.03   90
28   30.4  35.5    11:53  26.3    21:47   33    0  0.00   1  20    23:43 ENE 30.20   89
29   33.7  41.3    13:16  27.9    23:59   30    0  0.13   1  29     2:14 WSW 29.90   91
30   28.9  36.3    12:30  23.6     2:52   35    0  0.00   0  10     9:45 ENE 30.06   73
31   26.6  31.3    15:18  20.7    22:09   37    0  0.20   0  12    15:46 WSW 29.86   81
---------------------------------------------------------------------------------------
TOT  21.2  52.0 12/23/07 -10.6 12/18/07 1307    0  2.59   1  29 12/23/07 ENE 30.08   75

HEAT BASE: 65.0
COOL BASE: 65.0