NOAA-Style Climate Reports: Lisbon, NH


Report for 2007 November
                  MONTHLY CLIMATOLOGICAL SUMMARY FOR 11/2007
                                        HEAT  COOL        
     MEAN                               DEG   DEG       WIND SPEED       DOM MEAN  MEAN
DAY  TEMP  HIGH   TIME     LOW   TIME   DAYS  DAYS RAIN AVG  HI  TIME    DIR BAROM HUM
---------------------------------------------------------------------------------------
1    46.7  52.6     0:00  37.4    22:43   17    0  0.10   2  18     0:18 WSW 29.93   77
2    35.7  49.8    15:30  25.5     7:59   28    0  0.00   1  10     1:29 ENE 30.35   62
3    34.1  43.3    15:39  26.6     4:49   29    0  0.00   1  18    23:07 ENE 30.02   80
4    37.2  49.3    11:50  25.5     7:01   26    0  0.00   1  14    11:54  SW 29.75   65
5    37.2  51.7    13:53  24.5     5:59   24    0  0.00   1  24    23:46 WSW 29.92   70
6    39.6  45.8     8:58  29.7    23:57   24    0  0.67   1  21     5:05 WSW 29.67   94
7    33.4  40.1    10:56  28.8     2:03   30    0  0.01   1  12    10:17 WSW 29.90   81
8    30.0  34.3    12:42  23.0    23:54   33    0  0.00   1   8     9:25   E 30.17   69
9    27.3  35.8    14:30  20.3     6:04   36    0  0.00   0   5    14:38  NE 30.19   83
10   28.7  39.4    12:47  20.7     6:03   35    0  0.00   1  17    11:52 ENE 30.15   69
11   28.7  38.7    12:44  21.8    23:21   35    0  0.00   1  17    11:17 ENE 30.24   54
12   30.0  43.0    14:39  20.1     5:33   34    0  0.01   1  11    13:13 ENE 30.16   65
13   35.4  47.6    13:16  24.5    23:56   27    0  0.07   1  14    11:40 WSW 29.89   91
14   40.1  56.9    14:06  23.2     2:38   23    0  0.00   2  21    15:40   W 29.78   81
15   41.1  49.9     0:00  35.3    18:38   22    0  0.93   1  11    17:05 ENE 29.47  100
16   32.3  36.3     0:00  25.5    23:43   31    0  0.20   2  17    13:45  SW 29.46   90
17   27.0  34.5    14:16  19.5    23:47   36    0  0.00   1  14    11:41 WSW 29.89   71
18   23.2  36.0    14:03  15.0     6:59   40    0  0.00   1  11    13:24 ENE 30.38   82
19   22.3  37.4    14:45  12.0     6:34   41    0  0.00   1  14    18:03 ENE 30.50   77
20   26.4  32.5    13:33  16.6     1:38   37    0  0.17   1  11    11:49 WSW 30.11   98
21   31.3  33.1    20:14  28.6     0:00   32    0  0.25   0   5     4:37  SW 30.01  100
22   33.5  37.0    14:30  29.5    23:50   30    0  0.18   0  10    21:13 ENE 29.71   99
23   22.9  29.5     0:00  16.8    21:52   41    0  0.00   2  12    13:31 ENE 30.06   65
24   19.8  25.5    13:39  15.8     4:12   44    0  0.00   1  14     5:38 ENE 30.34   58
25   25.6  41.3    14:39  16.3     5:20   37    0  0.00   1  12    10:35 WSW 30.17   81
26   31.5  37.7    12:21  22.1     0:00   32    0  0.39   0   6     3:24 ENE 29.98   95
27   34.8  39.8    13:10  29.1    20:27   29    0  0.19   1  13    15:10 WSW 29.74   94
28   26.9  31.4     0:34  22.6    22:42   37    0  0.02   1   8    10:35 ENE 30.30   69
29   33.8  39.0    10:46  22.6     0:00   30    0  0.01   3  27     3:56 WSW 29.92   70
30   30.0  34.0    13:13  26.4    23:45   34    0  0.02   3  19     0:25  SW 30.00   43
---------------------------------------------------------------------------------------
TOT  31.5  56.9 11/14/07  12.0 11/19/07  954    0  3.22   1  27 11/29/07 ENE 30.01   78

HEAT BASE: 65.0
COOL BASE: 65.0