NOAA-Style Climate Reports: Lisbon, NH


Report for 2007 October
                  MONTHLY CLIMATOLOGICAL SUMMARY FOR 10/2007
                                        HEAT  COOL        
     MEAN                               DEG   DEG       WIND SPEED       DOM MEAN  MEAN
DAY  TEMP  HIGH   TIME     LOW   TIME   DAYS  DAYS RAIN AVG  HI  TIME    DIR BAROM HUM
---------------------------------------------------------------------------------------
1    52.6  66.1    15:12  42.7     3:42   11    0  0.00   2  21    15:16 WSW 30.42   89
2    52.7  66.8    15:21  45.3     6:58   11    0  0.00   1  12    11:44 WSW 30.32   89
3    58.2  72.2    15:10  45.0     2:44    7    2  0.00   1  21    12:34 WSW 30.09   88
4    60.1  77.7    15:17  45.5    23:59    6    3  0.00   0   8    12:42  SW 30.11   82
5    55.2  79.0    15:15  38.6     7:00   11    3  0.00   1   8    11:33  SW 30.23   81
6    58.0  75.2    12:50  46.1     6:43    7    2  0.43   0   7    12:18 WSW 30.08   91
7    56.1  62.7    13:50  49.5    23:59    7    0  0.01   2  13    10:46 ENE 30.04   71
8    50.5  55.8    16:23  45.0     6:56   13    0  0.33   0  11     3:42  SW 29.86   98
9    51.3  59.0    15:09  41.6     7:11   12    0  0.04   1  12    23:41  SW 29.84   85
10   51.8  58.1    15:53  47.9     3:02   12    0  0.14   0  12    14:56 WSW 29.77   96
11   53.7  60.3    12:13  49.8     6:30   10    0  0.05   0  12    12:53 ENE 29.70   95
12   47.8  52.7    10:27  41.8    23:52   16    0  0.68   1  14    21:46  SW 29.55   97
13   43.1  55.0    15:02  33.1     7:07   20    0  0.02   1  12    15:29  SW 29.81   82
14   41.0  50.8    13:35  35.0     4:22   23    0  0.05   0  11     1:17  SW 29.95   90
15   43.6  50.4    14:25  36.8     7:32   20    0  0.01   1   7     8:53 WSW 30.07   87
16   44.1  54.8    15:11  32.2    23:59   19    0  0.00   1  16     9:17 ENE 30.14   75
17   40.4  57.8    15:06  29.1     6:38   23    0  0.00   1   7     6:20 ENE 30.10   87
18   50.7  68.1    16:23  38.3     6:19   13    0  0.00   0   6    10:59   E 29.92   89
19   60.7  70.1    20:37  51.4     5:19    5    2  0.06   1  19    20:30 WSW 29.68   90
20   57.7  67.6     0:00  49.9    20:45    6    0  0.62   1  17    11:43 WSW 29.55   92
21   57.9  71.2    15:32  44.5     7:53    7    2  0.01   2  18    14:35 WSW 29.95   65
22   55.5  78.6    14:58  41.0     7:43   11    3  0.00   1  12    12:19 WSW 30.05   78
23   57.9  71.8    13:22  47.6     1:29    7    1  0.26   2  25    11:50   W 29.69   91
24   46.7  51.7    15:37  41.1    23:59   17    0  0.00   1  10     2:55 ENE 29.92   81
25   45.3  59.0    14:43  34.8    23:54   18    0  0.00   1  13    13:55 ENE 30.33   80
26   42.5  60.9    15:25  30.1     4:52   21    0  0.00   1  13    16:06  SW 30.46   82
27   49.5  57.4    17:06  45.0     4:05   14    0  1.22   1  16    17:01 ENE 29.98  100
28   42.2  51.1     2:01  28.9    23:56   21    0  0.03   2  14     4:44 ENE 30.15   64
29   30.8  42.8    15:58  23.6     6:32   33    0  0.00   1  10    14:22   W 30.36   71
30   38.7  55.7    14:01  27.3     2:42   25    0  0.00   1  13    11:43 ENE 30.29   75
31   44.3  61.9    15:13  28.0     7:19   19    0  0.00   2  24    23:34 WSW 30.19   70
---------------------------------------------------------------------------------------
TOT  49.7  79.0  10/5/07  23.6 10/29/07  445   18  3.96   1  25 10/23/07 WSW 30.02   84

HEAT BASE: 65.0
COOL BASE: 65.0