NOAA-Style Climate Reports: Lisbon, NH


Report for 2007 September
                  MONTHLY CLIMATOLOGICAL SUMMARY FOR 9/2007
                                        HEAT  COOL        
     MEAN                               DEG   DEG       WIND SPEED       DOM MEAN  MEAN
DAY  TEMP  HIGH   TIME     LOW   TIME   DAYS  DAYS RAIN AVG  HI  TIME    DIR BAROM HUM
---------------------------------------------------------------------------------------
1    54.9  68.3    14:09  44.2    23:56    9    1  0.00   1  18    12:27 ENE 30.13   79
2    54.4  72.0    14:49  40.0     6:17   11    2  0.00   1  12    17:24  SW 30.20   79
3    60.9  78.8    14:49  43.1     6:28    7    5  0.01   1  17    11:47 WSW 29.90   81
4    57.4  68.8    14:58  42.4    23:54    7    1  0.00   1  16     9:21 ENE 29.94   67
5    50.8  66.6    15:12  36.8     6:21   13    0  0.00   1  12    11:07 ENE 30.16   77
6    57.3  76.1    16:38  39.7     5:01    9    3  0.00   1  17    15:04 WSW 30.19   88
7    68.2  85.7    14:56  54.8     6:46    2    7  0.01   1  16    16:04  SW 30.00   88
8    73.1  83.6    14:53  62.7    23:56    0   10  0.00   1  18    15:05 WSW 29.93   86
9    59.7  62.7     0:00  57.4    21:01    4    0  0.52   0   7    16:16 ENE 30.04  100
10   61.2  69.3    16:25  56.9     2:22    3    1  0.12   0   6    12:01 ENE 29.98   98
11   59.9  62.8    11:24  58.3    23:53    4    0  0.43   0  12    21:49 WSW 29.68  100
12   55.6  65.1    14:58  45.3    23:59    8    0  0.00   1  14    15:08 WSW 29.76   85
13   51.1  64.1    14:22  40.6     6:51   12    0  0.00   0   8    10:31  SW 30.16   86
14   57.6  72.0    14:48  41.1     7:17    8    2  0.01   2  24    13:24 WSW 30.05   78
15   54.8  64.8     0:24  45.8    23:55    9    0  0.79   1  18     0:09  SW 29.88   90
16   46.5  59.2    14:15  37.4     6:39   17    0  0.00   0  10    12:14 ENE 30.24   83
17   46.5  64.5    14:53  33.1     6:41   17    0  0.00   0  10    12:59 ENE 30.41   85
18   49.3  67.6    15:25  37.1     6:36   15    0  0.00   1   8    12:55  SW 30.39   87
19   52.2  71.3    15:08  38.6     7:28   13    1  0.00   1  11    15:56  SW 30.24   85
20   56.7  75.3    14:49  42.1     6:57    9    3  0.01   1  12    15:39 ENE 30.12   89
21   59.8  76.8    15:24  50.2     6:22    6    3  0.00   1   8    12:18 ENE 30.12   91
22   64.7  77.3    13:31  52.4     6:49    4    5  0.00   1  21    14:49 WSW 29.94   86
23   57.8  70.8    14:48  45.8     6:50    7    1  0.01   1  14    13:23 WSW 30.06   72
24   56.1  77.3    15:17  40.0     6:34   10    3  0.00   1  10    15:26 ENE 30.12   78
25   59.7  80.3    14:22  41.7     6:37    8    4  0.00   0  12    14:25 WSW 29.96   82
26   68.3  84.4    13:07  56.6     6:53    2    7  0.01   1  18    13:50 WSW 29.85   87
27   69.2  80.7    12:28  63.3    23:50    0    6  0.48   1  17    15:19 WSW 29.86   92
28   61.1  67.4    12:53  52.6    23:39    3    1  0.04   0  14    12:54 WSW 29.76   92
29   52.8  62.2    11:23  42.3    23:55   11    0  0.01   1  13    11:25 ENE 30.19   86
30   48.3  62.4    15:30  39.4     5:27   15    0  0.00   1  13    13:17  SW 30.47   90
---------------------------------------------------------------------------------------
TOT  57.5  85.7   9/7/07  33.1  9/17/07  244   65  2.45   1  24  9/14/07 WSW 30.06   86

HEAT BASE: 65.0
COOL BASE: 65.0