NOAA-Style Climate Reports: Lisbon, NH


Report for 2007 August
                  MONTHLY CLIMATOLOGICAL SUMMARY FOR 8/2007
                                        HEAT  COOL        
     MEAN                               DEG   DEG       WIND SPEED       DOM MEAN  MEAN
DAY  TEMP  HIGH   TIME     LOW   TIME   DAYS  DAYS RAIN AVG  HI  TIME    DIR BAROM HUM
---------------------------------------------------------------------------------------
1    70.9  84.8    15:22  59.0     5:15    1    8  0.00   1  11    13:30 ENE 29.92   77
2    73.4  89.5    14:28  58.4     5:48    1   11  0.00   1  14    14:38 WSW 29.92   79
3    75.6  88.0    14:40  62.8     6:11    0   12  0.00   1  17    14:54 WSW 29.86   78
4    72.1  84.6    13:55  57.8    23:57    0    9  0.00   1  12    11:19  SW 29.89   66
5    61.8  75.0    15:01  48.6     6:09    5    3  0.00   1  17    10:33 ENE 30.00   69
6    57.6  66.6    18:00  46.7     5:47    6    0  0.80   0  13    13:17   E 29.82  100
7    69.5  83.2    13:50  61.9     6:45    0    6  0.00   0   7    14:37  SW 29.84   89
8    69.5  81.1    14:06  60.5    23:42    0    6  0.21   1  16    21:05 WSW 29.64   88
9    62.4  73.6    13:39  52.6     5:32    4    3  0.00   1  11     8:36 ENE 29.91   72
10   60.2  73.9    15:23  51.0     3:15    6    2  0.00   1  13    14:05 WSW 29.90   84
11   62.2  77.1    12:23  48.4     6:24    5    4  0.00   0   8    11:24 WSW 29.95   86
12   66.9  84.2    14:22  55.5     5:35    3    6  0.00   1  13    14:27 WSW 29.94   88
13   66.9  79.6    13:55  52.3    23:56    1    5  0.02   1  12    12:57  SW 29.80   78
14   58.3  70.8    14:57  47.7     4:10    7    2  0.00   1  13    13:26 ENE 29.90   80
15   59.1  75.0    15:08  49.3     5:43    6    2  0.09   0  17    13:11 WSW 29.82   95
16   63.3  79.0    16:35  52.0     5:39    4    4  0.28   1  20    15:34 WSW 29.83   88
17   64.1  75.9    13:58  54.2    22:24    3    3  0.00   1  14    15:30  SW 29.77   79
18   53.3  60.1    11:56  46.5    23:34   10    0  0.04   1  11     9:26  SW 29.96   87
19   51.9  65.8    14:12  41.1     6:41   12    0  0.00   1  12    14:41 WSW 30.13   81
20   52.6  67.8    13:19  38.7     6:46   12    1  0.00   1  12    12:44 ENE 30.20   79
21   55.1  72.2    14:52  40.6     5:59   10    2  0.00   0  10    13:42 ENE 30.22   79
22   57.1  72.9    13:35  42.4     6:30    8    2  0.00   1  13    14:35  SW 30.20   75
23   62.3  67.8    18:06  56.5     6:15    3    1  0.01   1  18    12:58 WSW 30.10   83
24   71.2  81.3    14:49  63.0     0:00    0    8  0.15   1  20    14:31 WSW 29.86   90
25   74.0  88.2    15:30  65.3     5:52    0   10  0.15   1  19    15:33 WSW 29.74   90
26   67.9  75.3    10:45  57.8    23:38    1    5  0.04   0  16    13:33 WSW 29.88   91
27   63.6  79.2    14:28  55.0    23:55    4    4  0.00   1  10    11:52 ENE 30.13   84
28   64.0  84.2    14:43  51.8     6:16    3    3  0.00   1  16    12:19  SW 30.07   84
29   67.6  84.4    15:12  51.8     6:16    3    7  0.00   1  16    12:19  SW 30.03   80
30   67.8  88.0    14:24  59.2     6:30    1    5  1.15   0  17    15:07  SW 29.94   90
31   61.5  68.3    13:39  50.2    23:55    3    1  0.01   1  11    12:50 ENE 29.99   94
---------------------------------------------------------------------------------------
TOT  64.0  89.5   8/2/07  38.7  8/20/07  122  137  2.95   1  20  8/16/07 WSW 29.94   83

HEAT BASE: 65.0
COOL BASE: 65.0