NOAA-Style Climate Reports: Lisbon, NH


Report for 2007 July
                  MONTHLY CLIMATOLOGICAL SUMMARY FOR 7/2007
                                        HEAT  COOL        
     MEAN                               DEG   DEG       WIND SPEED       DOM MEAN  MEAN
DAY  TEMP  HIGH   TIME     LOW   TIME   DAYS  DAYS RAIN AVG  HI  TIME    DIR BAROM HUM
---------------------------------------------------------------------------------------
1    54.1  59.0    10:09  49.6    23:53    9    0  0.01   1  16     8:59   E 30.00   77
2    54.4  66.1    14:21  42.8     4:16    9    0  0.03   1  22    14:45 ENE 30.09   81
3    57.6  72.5    14:45  44.2     6:46    8    2  0.00   1  11    16:05 ENE 30.14   75
4    59.7  77.1    13:59  45.2     5:49    7    3  0.13   2  22    14:45  SW 30.05   79
5    66.0  77.5    16:04  57.4     0:00    2    4  0.06   1  10    13:29 WSW 29.82   86
6    64.5  76.1    12:39  57.7     5:32    2    3  0.03   1  21    13:52 WSW 29.77   88
7    60.9  71.8    13:10  53.0     5:29    4    2  0.06   1  11    11:09 WSW 29.78   91
8    60.1  66.9    18:36  55.8     2:52    4    0  0.19   0   7    17:28 ENE 29.75   99
9    61.0  68.1    17:14  54.4     5:07    3    1  1.30   1  17    12:24   E 29.84   99
10   72.2  86.9    15:24  59.4     4:31    1    9  0.00   1  10    16:35 ENE 29.88   88
11   71.7  78.8    11:50  66.8    22:52    0    8  0.59   1  20    11:54 WSW 29.71   95
12   64.9  74.8    14:31  53.3    23:59    2    4  0.00   1  11    11:23 ENE 29.76   78
13   59.2  75.3    14:16  49.8     6:16    6    2  0.42   1  17    14:07  SW 29.83   89
14   62.3  75.5    14:30  51.7     3:39    4    3  0.00   1  16    16:16  SW 29.87   79
15   66.2  77.9    15:22  59.8     0:14    1    4  0.15   1  19    11:47 WSW 29.73   89
16   64.0  76.6    14:36  53.8     6:46    3    4  0.00   1  11    14:47 WSW 29.91   76
17   64.3  78.6    13:43  49.9     5:47    4    5  0.00   1  12    11:32  SW 29.98   76
18   60.9  64.3    13:32  56.9     2:28    3    0  0.41   0   7    16:29 ENE 29.93  100
19   63.3  66.3    12:22  61.4     5:11    1    1  0.33   0   7    11:53  SW 29.71  100
20   65.2  74.5    13:31  58.6    23:36    1    3  0.21   1  17    12:20 WSW 29.63   90
21   65.7  77.3    13:53  52.9    23:55    3    5  0.00   2  18    11:29 ENE 29.97   68
22   64.6  80.3    14:40  47.7     5:19    5    6  0.00   1  13    13:10 ENE 30.18   69
23   66.3  79.4    12:50  52.6     5:42    3    5  0.00   1  10    16:55 ENE 30.15   77
24   70.2  80.3    14:06  59.8     5:38    1    7  0.00   1  13    11:51  SW 30.00   77
25   70.9  84.4    14:46  58.1     5:43    1    8  0.00   0  10    10:59  SW 30.10   75
26   71.4  86.1    13:43  56.9     5:42    1    9  0.00   1  16    15:37  SW 30.06   78
27   72.7  86.5    12:44  62.5     3:59    0    9  0.06   0  13    14:02  SW 29.89   85
28   67.4  77.5    13:48  62.2     5:44    0    4  0.58   0  14    16:23  SW 29.83   99
29   70.2  82.1    14:30  60.9    23:58    0    7  0.01   1  12    11:58 ENE 29.91   80
30   69.6  83.0    12:35  58.6     3:27    1    8  0.00   1   8    12:50 ENE 29.92   79
31   69.2  85.0    15:25  55.4     6:00    2    8  0.00   0  10    12:36  SW 29.90   80
---------------------------------------------------------------------------------------
TOT  64.9  86.9  7/10/07  42.8   7/2/07   93  135  4.57   1  22   7/2/07 ENE 29.91   84

HEAT BASE: 65.0
COOL BASE: 65.0