NOAA-Style Climate Reports: Lisbon, NH


Report for 2007 June
                  MONTHLY CLIMATOLOGICAL SUMMARY FOR 6/2007
                                        HEAT  COOL        
     MEAN                               DEG   DEG       WIND SPEED       DOM MEAN  MEAN
DAY  TEMP  HIGH   TIME     LOW   TIME   DAYS  DAYS RAIN AVG  HI  TIME    DIR BAROM HUM
---------------------------------------------------------------------------------------
1    64.7  77.1    15:25  56.0     0:00    3    4  0.29   1   8    15:29 WSW 29.92   87
2    66.8  79.7    15:56  58.4     3:10    2    5  0.03   1  10    20:00 ENE 29.85   86
3    63.5  72.7    14:03  57.2    23:40    2    2  0.02   2  20    17:44 WSW 29.82   85
4    57.8  64.3    13:16  53.2     4:57    6    0  0.27   0  10    11:45 ENE 29.58   95
5    63.4  76.1    13:26  55.1    23:56    3    3  0.16   1  18    13:51 WSW 29.40   88
6    51.1  57.5    15:02  39.0    23:59   12    0  0.01   1  17    14:07 ENE 29.78   65
7    50.6  65.3    14:38  35.1     5:36   13    0  0.00   1  12    12:17 WSW 30.02   76
8    63.9  79.2    14:18  45.3     5:26    5    6  0.00   1  13    15:05  SW 29.90   68
9    66.5  78.3    14:16  58.0     5:33    1    4  0.06   1  11    13:14 ENE 29.89   84
10   61.5  68.9    17:16  55.7    11:45    3    1  0.31   1  10    13:20 WSW 30.00   93
11   67.2  82.8    12:43  54.8     5:26    3    7  0.00   1  17    17:26 ENE 29.99   77
12   69.6  82.6    13:59  56.0     5:23    2    8  0.00   1  14    11:50 ENE 29.99   70
13   61.1  69.3    13:48  50.4    23:55    3    1  0.00   1  14    13:48  SW 30.08   79
14   60.8  76.6    15:23  45.5     5:32    7    4  0.00   2  14    13:52 ENE 30.10   71
15   61.8  79.7    15:31  47.4     5:57    6    4  0.00   1  10     9:55  SW 30.03   73
16   66.6  82.1    14:30  50.7     5:04    3    6  0.00   1  11    17:41 WSW 29.91   70
17   65.3  77.0    17:30  56.8    23:58    2    4  0.06   1  13    18:00 WSW 29.82   85
18   62.0  76.2    15:31  47.7     6:13    5    4  0.00   1  13    11:00 ENE 30.00   70
19   68.2  82.6    14:47  52.9     4:52    3    8  0.01   1  21    21:36 WSW 29.95   64
20   64.8  72.4    15:12  53.3    23:54    1    2  0.26   0  12    13:33 WSW 29.78   85
21   61.7  70.5    13:15  52.6     3:04    4    2  0.00   1  14    10:57 WSW 29.77   73
22   55.5  65.3    12:37  48.9    23:35    8    0  0.39   1  19    13:16 WSW 29.69   93
23   54.9  61.9    14:05  45.0     5:28    9    0  0.00   1  14    11:04 WSW 29.79   75
24   59.8  72.7    14:08  42.7     5:11    7    3  0.00   0  12    12:43  SW 29.95   67
25   64.7  79.4    15:21  55.1     0:00    3    4  0.13   1  16    14:46  SW 30.09   88
26   73.6  90.3    14:36  60.0     5:56    1   11  0.00   1  16    12:14 WSW 30.07   76
27   75.5  90.8    13:59  61.1     4:45    0   12  0.00   1  21    18:57 WSW 29.91   75
28   72.3  85.0    13:50  61.2    23:53    0    9  0.00   1  16     9:41 ENE 29.78   73
29   60.0  70.8    15:34  48.1    23:59    5    2  0.00   2  17    13:30 ENE 29.96   56
30   57.6  67.9    13:11  47.7     0:16    7    1  0.00   1  18    10:08 ENE 29.94   65
---------------------------------------------------------------------------------------
TOT  63.1  90.8  6/27/07  35.1   6/7/07  129  117  2.00   1  21  6/19/07 WSW 29.89   77

HEAT BASE: 65.0
COOL BASE: 65.0