NOAA-Style Climate Reports: Lisbon, NH


Report for 2007 May
                  MONTHLY CLIMATOLOGICAL SUMMARY FOR 5/2007
                                        HEAT  COOL        
     MEAN                               DEG   DEG       WIND SPEED       DOM MEAN  MEAN
DAY  TEMP  HIGH   TIME     LOW   TIME   DAYS  DAYS RAIN AVG  HI  TIME    DIR BAROM HUM
---------------------------------------------------------------------------------------
1    47.5  58.4    15:41  40.6     5:45   16    0  0.00   2  19    10:52 ENE 29.89   54
2    48.0  58.9    13:18  34.1    23:58   15    0  0.00   2  19    14:22 ENE 29.90   54
3    43.9  58.4    14:21  26.7     5:28   20    0  0.00   2  20    13:33 ENE 30.13   52
4    45.0  59.4    14:14  27.3     5:44   18    0  0.00   2  21    10:33 ENE 30.14   46
5    43.5  58.7    12:36  28.3     4:15   20    0  0.00   2  20    11:10 ENE 30.15   49
6    45.6  59.2    15:20  29.8     5:50   18    0  0.00   3  22    11:06 ENE 30.40   50
7    50.0  71.2    17:27  28.0     4:58   15    2  0.00   2  18    15:25  SW 30.33   48
8    58.5  80.5    16:09  32.3     5:30   11    6  0.00   3  21    13:57 WSW 30.05   45
9    64.7  83.4    15:41  43.6     5:19    6    7  0.00   1  10    11:38  SW 29.96   52
10   68.6  85.9    14:41  52.0     5:19    3    8  0.00   1  14    18:26   E 29.88   59
11   65.6  76.1    12:59  56.1     6:25    2    4  0.01   1  16    13:04  SW 29.80   68
12   52.6  61.9    14:13  41.8     5:42   11    0  0.00   3  19    10:35 ENE 30.00   39
13   46.2  58.4    15:00  31.4     5:38   17    0  0.00   2  17    12:37 ENE 30.12   43
14   49.8  70.5    15:08  27.5     4:21   15    1  0.00   1  22    13:00  SW 30.12   49
15   52.7  67.3    15:08  41.0     2:43   11    0  0.12   1  14    14:03 WSW 29.77   89
16   52.1  56.3    11:25  44.3    23:41   11    0  0.60   1  17     9:26 ENE 29.67  100
17   44.2  49.0    15:39  39.8     7:16   19    0  0.07   1   8     6:42  SW 30.06   86
18   45.7  53.8    14:41  41.4     6:56   18    0  0.00   1  14    11:53 ENE 30.19   78
19   50.2  59.7    18:10  41.8     4:03   13    0  0.05   1  11    14:33 ENE 29.91   82
20   50.1  54.7    12:00  43.3    23:44   13    0  0.58   1  14    22:44 ENE 29.70   95
21   48.0  60.1    15:04  36.8    23:59   16    0  0.00   1  19    12:11 ENE 30.02   62
22   49.8  68.9    14:38  30.1     5:51   14    1  0.00   1  16    11:51 ENE 30.29   60
23   54.5  73.8    15:38  35.7     3:19   11    3  0.00   1  16    15:17 WSW 30.36   62
24   64.9  87.8    15:20  43.3     5:21    6    8  0.00   1  14    14:41  SW 30.24   65
25   69.0  88.2    13:16  52.0     5:29    3    9  0.01   1  11    13:54  SW 30.06   70
26   65.1  78.1    12:37  50.2    23:57    3    5  0.00   1  14    14:37 ENE 30.02   61
27   55.9  66.8    16:25  43.4     4:58    8    0  0.08   1  18    12:18 ENE 30.09   80
28   63.7  76.2    14:25  53.2     5:40    3    4  0.12   1  19    10:20 WSW 29.98   67
29   61.3  71.7    14:01  48.0    23:57    4    2  0.00   1  16    10:07 ENE 30.15   54
30   58.9  75.2    12:58  42.0     5:19    7    3  0.03   1  18    12:05 WSW 30.12   79
31   58.1  60.1    17:05  55.8    23:37    5    0  0.15   0   6    11:19 ENE 30.08  100
---------------------------------------------------------------------------------------
TOT  54.0  88.2  5/25/07  26.7   5/3/07  356   61  1.82   1  22   5/6/07 ENE 30.05   65

HEAT BASE: 65.0
COOL BASE: 65.0