NOAA-Style Climate Reports: Lisbon, NH


Report for 2007 April
                  MONTHLY CLIMATOLOGICAL SUMMARY FOR 4/2007
                                        HEAT  COOL        
     MEAN                               DEG   DEG       WIND SPEED       DOM MEAN  MEAN
DAY  TEMP  HIGH   TIME     LOW   TIME   DAYS  DAYS RAIN AVG  HI  TIME    DIR BAROM HUM
---------------------------------------------------------------------------------------
1    38.2  57.5    15:24  18.7     5:52   25    0  0.01   1  14    13:42  SW 30.18   50
2    37.9  41.6    15:07  35.1    23:40   26    0  0.14   3  22    10:38 WSW 29.97   87
3    37.3  42.8    14:03  33.8     6:13   26    0  0.02   2  17    21:05 WSW 30.11   86
4    32.4  34.7     0:00  30.7     4:11   31    0  0.24   3  28    10:16 WSW 29.92   83
5    30.1  36.3    12:58  23.5    23:59   33    0  0.45   1  11    22:23 WSW 29.57   87
6    26.6  31.2    15:53  21.4     3:53   37    0  0.01   3  18    13:41 WSW 29.61   66
7    27.0  32.3    14:17  19.6    23:48   36    0  0.00   1  13    14:17  SW 29.64   59
8    25.8  33.8    16:25  17.3     1:43   38    0  0.01   2  19    14:03 WSW 29.64   69
9    32.6  38.3    14:12  28.3     0:00   31    0  0.00   2  16     9:57 WSW 29.79   64
10   32.5  38.4    16:14  25.7    23:57   31    0  0.00   1  16    11:13 ENE 29.94   59
11   31.7  44.3    14:36  18.5     6:26   32    0  0.00   1  17    11:53 ENE 30.11   60
12   31.1  33.7     9:47  26.7     0:00   32    0  0.38   1  19    12:05 WSW 29.91   87
13   33.2  36.3    15:40  30.1     2:18   30    0  0.01   0  10    17:45  SW 29.68   91
14   36.1  44.2    14:11  31.3     2:53   27    0  0.02   1  12    11:43 ENE 29.90   85
15   33.2  39.4     9:46  31.2     4:38   30    0  0.34   1  14    10:19 ENE 29.85   95
16   40.6  44.5    14:19  32.8     0:00   23    0  0.61   8  34    12:10 ENE 29.26   82
17   39.5  44.6    12:39  35.0     6:56   24    0  0.04   5  24    12:56 ENE 29.59   80
18   44.3  53.3    15:30  36.5     6:21   19    0  0.00   5  24    14:01 ENE 29.83   70
19   48.7  64.0    15:11  32.3     6:11   15    0  0.00   3  19    12:50 ENE 29.93   48
20   47.2  69.1    14:33  26.7     5:44   17    1  0.00   1  16    12:00 ENE 30.06   48
21   48.5  69.8    14:46  27.5     5:27   16    1  0.00   1  14    11:51  NE 30.09   50
22   50.7  73.9    16:30  28.2     5:40   15    2  0.00   2  17    15:29 WSW 30.10   52
23   59.5  81.3    15:03  34.1     6:06   10    6  0.00   3  26    23:07 WSW 29.83   49
24   51.4  64.9     0:00  35.5    23:57   12    0  0.06   3  22     0:00 ENE 29.85   53
25   41.6  54.2    14:06  27.9     5:19   22    0  0.00   1  10    17:12 ENE 30.03   61
26   44.4  60.9    15:11  24.8     5:56   19    0  0.00   1  14    14:19  SW 30.10   55
27   45.8  51.4    14:29  42.8    23:05   18    0  0.15   2  17     7:20 WSW 29.89   84
28   50.7  61.9    16:11  42.4     3:09   13    0  0.02   1  10    12:41  SW 29.70   90
29   49.4  53.6    15:11  43.3    23:54   14    0  0.14   0   7     1:50  SW 29.72   96
30   45.1  56.0    12:02  39.3     4:18   18    0  0.17   1  16    11:48  SW 29.67   89
---------------------------------------------------------------------------------------
TOT  39.8  81.3  4/23/07  17.3   4/8/07  722   10  2.82   2  34  4/16/07 ENE 29.85   71

HEAT BASE: 65.0
COOL BASE: 65.0