NOAA-Style Climate Reports: Lisbon, NH


Report for 2007 March
                  MONTHLY CLIMATOLOGICAL SUMMARY FOR 3/2007
                                        HEAT  COOL        
     MEAN                               DEG   DEG       WIND SPEED       DOM MEAN  MEAN
DAY  TEMP  HIGH   TIME     LOW   TIME   DAYS  DAYS RAIN AVG  HI  TIME    DIR BAROM HUM
---------------------------------------------------------------------------------------
1    17.8  34.0    14:41  -4.1     6:57   46    0  0.00   1  12    13:09 ENE 30.10   54
2    28.4  35.1    14:19  19.8    23:54   35    0  0.19   1  13    14:03 ENE 29.65   85
3    29.0  38.6    14:00  18.4     0:14   34    0  0.00   1  18    14:47 WSW 29.52   88
4    27.5  37.7    13:22  20.7    21:19   36    0  0.08   1  12    16:03  SW 29.48   79
5    21.0  30.4    12:49   5.7    23:57   42    0  0.01   3  21    23:57 WSW 29.52   71
6    -4.3   5.7     0:00  -9.2     7:10   68    0  0.00   3  26    13:31 ENE 30.14   41
7    -5.3  14.4    14:29 -25.4     6:26   69    0  0.00   1  13    13:42  NE 30.20   45
8    -2.9   9.2     9:39 -15.5    23:56   65    0  0.00   2  25    10:09 ENE 30.18   51
9     3.8  27.3    16:25 -22.6     6:08   60    0  0.00   1  12    13:26 ENE 30.42   47
10   27.4  44.6    15:04   3.9     6:24   36    0  0.05   2  17    11:13 WNW 30.08   67
11   34.4  43.4    12:29  22.6    23:59   28    0  0.00   1  18    17:04 ENE 30.05   79
12   29.8  48.1    16:24  14.9     6:20   34    0  0.00   1  14    13:05 WSW 30.11   71
13   35.6  54.1    15:04  24.9     0:31   28    0  0.01   0  13    14:51   W 29.97   72
14   43.5  63.0    14:23  32.3     0:45   20    0  0.04   1  18    16:41   W 29.76   79
15   34.9  39.8    11:02  22.6    23:54   29    0  0.27   1  17    17:04 ENE 29.91   82
16   20.7  28.6    15:43  14.9     7:02   42    0  0.20   4  18    18:54 ENE 30.29   56
17   20.6  23.5    13:16  18.2     0:00   43    0  0.71   3  17     4:28 ENE 29.63   89
18   21.2  24.6    20:28  17.1     7:36   42    0  0.01   2  21    16:25 WSW 29.66   70
19   23.7  33.8    15:36   1.5     7:07   40    0  0.00   4  25    23:24 WSW 30.06   49
20   24.4  33.5     8:55   4.3    23:59   39    0  0.01   3  21     9:58 WNW 30.15   57
21   19.3  39.1    17:01  -5.0     6:29   44    0  0.00   2  18    17:38 ENE 30.59   43
22   43.7  58.4    14:36  31.2     3:59   20    0  0.01   5  25    15:11 WNW 29.94   61
23   40.0  49.2    11:45  26.3    23:57   23    0  0.00   2  18    11:27 ENE 30.03   71
24   33.7  48.4    14:21  19.8     6:41   30    0  0.06   1  12    17:45 ENE 30.30   73
25   36.2  47.6    17:10  26.6    23:25   27    0  0.04   1  10    11:39 ENE 30.38   80
26   32.8  40.8    12:18  25.8     2:05   31    0  0.14   1  12    12:16 WSW 30.22   94
27   37.2  44.3    15:09  33.8     5:08   26    0  0.07   0   5    13:51 ENE 29.96  100
28   37.8  42.6    14:34  30.0     7:10   26    0  0.00   3  25    12:27 ENE 30.20   51
29   32.3  41.6    14:01  23.3     6:45   31    0  0.00   4  25    14:17 ENE 30.38   32
30   33.8  49.5    13:29  20.4     6:29   30    0  0.00   1  29    13:49 ENE 30.23   58
31   34.1  46.7    15:32  23.9     5:33   29    0  0.00   2  16    14:19  NE 30.24   33
---------------------------------------------------------------------------------------
TOT  26.2  63.0  3/14/07 -25.4   3/7/07 1152    0  1.90   2  29  3/30/07 ENE 30.04   65

HEAT BASE: 65.0
COOL BASE: 65.0