NOAA-Style Climate Reports: Lisbon, NH


Report for 2007 February
                  MONTHLY CLIMATOLOGICAL SUMMARY FOR 2/2007
                                        HEAT  COOL        
     MEAN                               DEG   DEG       WIND SPEED       DOM MEAN  MEAN
DAY  TEMP  HIGH   TIME     LOW   TIME   DAYS  DAYS RAIN AVG  HI  TIME    DIR BAROM HUM
---------------------------------------------------------------------------------------
1    15.8  28.6    15:46   7.7     2:40   48    0  0.00   1  16    11:59 WSW 29.90   74
2    20.1  30.4    15:49   7.3     2:06   43    0  0.22   0   5     7:38  NE 29.66   76
3    20.1  27.6     2:37   2.6    23:59   43    0  0.00   1  16    11:43   W 29.62   59
4     6.9  17.6    12:17  -6.9     4:49   56    0  0.00   3  22    16:04 WSW 29.79   53
5     3.0   7.8     0:00  -3.3    19:50   56    0  0.00   3  18    15:37  SW 29.81   56
6     4.5  18.7    15:05 -10.4    23:58   59    0  0.00   2  21    13:24 WSW 29.90   51
7     0.5  15.8    12:43 -16.6     4:30   63    0  0.00   1  19    13:58 ENE 29.78   59
8     5.7  13.1    12:01  -1.5     5:34   58    0  0.01   1  14    14:00   W 29.66   68
9     6.1  13.3     4:18  -7.4    23:58   57    0  0.04   1  10     4:41 ENE 29.71   69
10    5.4  24.3    15:51 -12.0     3:00   58    0  0.00   1  11    14:45 WSW 29.87   66
11   11.3  24.2    16:33  -6.1     7:27   52    0  0.00   1  11    13:03 WSW 30.03   62
12    9.5  25.4    11:39  -5.0    23:56   54    0  0.00   2  19    12:54 ENE 30.06   57
13   -1.5   9.4    14:52 -17.9     7:27   65    0  0.00   2  16     9:30 ENE 30.37   45
14    8.1  17.6    17:39   3.0     6:37   55    0  1.37   2  20    16:26 ENE 29.72   76
15    5.9  11.8    15:04   0.5     7:37   58    0  0.02   3  25    14:04 WSW 29.47   68
16    9.2  17.9    13:42   1.5    22:56   54    0  0.00   3  21    13:05 WSW 29.44   63
17   20.2  31.0    13:58   7.8     0:00   43    0  0.00   2  16    10:35 WSW 29.58   60
18   14.6  27.0    11:05   4.6    23:58   49    0  0.05   1  17    18:40  SW 29.58   72
19    0.1   6.4    15:25  -7.8    20:13   63    0  0.00   2  19    14:06 ENE 29.92   53
20   13.0  23.5    16:33  -2.9     0:00   51    0  0.00   1   5     0:00 ENE 29.67   58
21   22.7  31.6    15:17   5.4    23:58   41    0  0.02   1  14     9:44 ENE 29.76   65
22   17.3  35.0    13:52  -2.3     5:11   46    0  0.00   1   6    11:13 ENE 29.68   68
23   16.1  25.5     1:53   8.4    23:53   47    0  0.00   3  17     8:34 ENE 29.77   57
24    9.7  19.8    15:42   1.7    23:58   54    0  0.00   1  11     0:46 ENE 30.03   64
25   11.8  31.7    13:05  -8.3     6:49   52    0  0.00   1  12    11:01 ENE 30.06   65
26   17.4  37.1    15:18   4.5     3:24   46    0  0.00   1   7    15:21 ENE 29.82   62
27   16.6  40.8    15:07  -5.0     6:37   47    0  0.00   1  10    12:51  SW 29.88   62
28   20.8  39.0    13:34   5.7     6:55   42    0  0.00   1  13    14:05 ENE 30.00   59
---------------------------------------------------------------------------------------
TOT  11.1  40.8  2/27/07 -17.9  2/13/07 1462    0  1.73   1  25  2/15/07 ENE 29.80   62

HEAT BASE: 65.0
COOL BASE: 65.0