NOAA-Style Climate Reports: Lisbon, NH


Report for 2007 January
                  MONTHLY CLIMATOLOGICAL SUMMARY FOR 1/2007
                                        HEAT  COOL        
     MEAN                               DEG   DEG       WIND SPEED       DOM MEAN  MEAN
DAY  TEMP  HIGH   TIME     LOW   TIME   DAYS  DAYS RAIN AVG  HI  TIME    DIR BAROM HUM
---------------------------------------------------------------------------------------
1    28.6  34.0    11:45  10.6     0:00   35    0  0.14   0  10    11:03 ENE 29.99   98
2    27.7  33.5     5:50  13.9    23:49   36    0  0.02   1  17    12:41 ENE 30.01   86
3    23.0  43.0    15:02   7.7     7:18   41    0  0.00   1  13    15:09  SW 30.20   77
4    24.7  39.4    14:40  17.6     7:22   38    0  0.00   0   6    12:24   E 30.08   94
5    34.2  45.0    13:18  26.6     0:00   29    0  0.06   0  10    12:14 ENE 29.88   94
6    43.4  62.4    14:02  34.1     0:34   20    0  0.33   2  22    20:41 WSW 29.61   90
7    36.6  43.7    12:26  30.0    18:44   27    0  0.00   1  17    10:47  SW 30.19   65
8    36.6  40.7    10:56  31.6     0:00   27    0  0.33   4  39     6:30 WSW 29.64   91
9    31.0  36.0    14:05  25.5    22:18   32    0  0.01   3  18    12:47 WSW 29.66   75
10   19.2  26.3     0:00   8.5    23:32   44    0  0.01   1  14    14:54 ENE 30.05   70
11   13.9  28.9    23:00   2.8     6:34   50    0  0.00   2  19    21:21 WSW 30.52   65
12   32.5  41.4    23:39  28.0     0:19   31    0  0.00   1  11     0:04   W 30.22   69
13   30.2  40.4     0:00  17.4    22:39   33    0  0.05   1  17    12:34 ENE 30.22   86
14   23.6  27.9    19:47  17.9     0:00   40    0  0.11   1   6     2:06 ENE 30.33   91
15   24.0  28.2    17:43  19.6     3:00   40    0  0.28   0   7    16:32 ENE 30.03   94
16   14.4  28.3     0:02  -0.4    23:54   49    0  0.00   2  14    22:17 ENE 30.05   67
17   -2.8   4.8    13:57  -9.9     6:00   66    0  0.00   1  13    13:13 ENE 30.69   57
18   11.6  27.2    14:14  -5.6     7:28   52    0  0.00   2  18    13:34 ENE 30.50   66
19   24.9  31.2    14:23  20.1     0:00   39    0  0.00   1   8    19:40 ENE 29.73   82
20   13.6  26.3     0:00   3.9    23:32   50    0  0.00   2  17    11:06  NW 29.87   58
21    3.7  15.5    14:42  -8.5     8:03   60    0  0.00   1  12    10:47 ENE 30.35   60
22   14.1  22.6    13:03   2.6     0:00   49    0  0.00   1  10    11:03 ENE 30.01   60
23   17.1  25.1    13:32   9.7     7:37   36    0  0.00   0   8    13:04  SW 29.87   74
24   16.8  26.9    13:12   1.1    23:54   47    0  0.00   1   8    10:14 ENE 29.94   71
25    0.6  11.1    13:26  -9.4     7:21   63    0  0.00   1  13    10:54 ENE 29.93   61
26   -6.8  -0.6    15:12 -14.5    23:57   70    0  0.00   1  18    11:33 ENE 29.98   56
27   -3.4   7.3    16:15 -16.8     3:58   66    0  0.00   1   7     4:37 ENE 29.90   64
28   12.0  25.7    14:00   1.5    23:43   51    0  0.00   1  10    11:37 ENE 29.74   67
29    2.5  17.4    13:55  -7.8     7:38   61    0  0.00   1  13    11:00 ENE 29.86   65
30   -0.8  14.1    14:14 -15.3     6:24   64    0  0.00   0   7    14:45 ENE 29.99   56
31    0.0  16.6     0:00  16.6     0:00    0    0  0.00   0   0     0:00 ---  0.00    0
---------------------------------------------------------------------------------------
TOT   0.0  16.6   2/1/07  16.6   2/1/07 1344    0  0.00   0   0   2/1/07 ---  0.00    0

HEAT BASE: 65.0
COOL BASE: 65.0