NOAA-Style Climate Reports: Lisbon, NH


Report for 2006 December
                  MONTHLY CLIMATOLOGICAL SUMMARY FOR 12/2006
                                        HEAT  COOL        
     MEAN                               DEG   DEG       WIND SPEED       DOM MEAN  MEAN
DAY  TEMP  HIGH   TIME     LOW   TIME   DAYS  DAYS RAIN AVG  HI  TIME    DIR BAROM HUM
---------------------------------------------------------------------------------------
1    44.3  61.4     0:00  40.0    11:12   19    0  1.20   2  28    19:12 ENE 29.73   99
2    36.9  42.6     0:00  29.2    23:20   27    0  0.01   3  22    10:47 WSW 29.93   62
3    31.7  39.8    13:54  20.9     7:17   32    0  0.00   2  19    12:06 WSW 30.30   66
4    27.0  34.0     1:48  17.6    23:57   36    0  0.02   1  12    10:25 ENE 30.06   69
5    18.7  27.8    12:28  11.1     4:57   45    0  0.00   0  10    12:35 WSW 30.22   79
6    26.5  38.4    23:22  13.9     3:36   37    0  0.00   5  27    13:16 WSW 30.18   71
7    33.7  42.4    13:29  18.4    23:58   30    0  0.12   1  13    11:11 WSW 29.91   86
8    10.9  18.4     0:00   3.2    22:52   53    0  0.02   0   8    14:01 ENE 30.09   76
9    19.3  30.4    14:25   3.5     0:00   44    0  0.00   1  16    15:47 WSW 30.20   83
10   26.1  43.0    13:26  15.2     7:12   37    0  0.00   0   6    12:47  SW 30.19   88
11   30.5  34.3    13:58  26.3     0:00   33    0  0.02   0   3     1:04   E 30.43   99
12   26.8  40.3    14:06  19.3     7:31   37    0  0.00   0  10    13:56  SW 30.63   90
13   35.8  39.1    13:56  21.5     0:00   28    0  0.05   1  18     1:13 WSW 30.22   92
14   36.5  52.9    13:51  28.3    23:58   27    0  0.01   1  12    11:12 WSW 29.93   92
15   35.1  47.7    13:27  26.9     2:34   28    0  0.05   1  12    10:58 WSW 29.74   97
16   34.6  42.1    13:25  30.0    23:47   29    0  0.04   0  11    11:07 ENE 29.97   99
17   31.8  38.4    14:02  27.3     5:01   32    0  0.00   0   8    10:42   W 30.01   99
18   33.3  45.8    14:22  26.4     1:55   30    0  0.00   1  14    21:57 WSW 30.05   82
19   29.4  32.9    13:19  23.0    22:45   33    0  0.00   1  16     7:39 ENE 30.22   68
20   28.7  37.7    14:44  18.4     7:22   35    0  0.00   2  20    14:00 WSW 30.29   77
21   30.9  44.9    12:06  21.7     8:05   33    0  0.00   1  18    12:31 ENE 30.20   71
22   28.3  35.4    12:14  21.4     2:00   35    0  0.11   1  11    13:27  SW 30.41   82
23   35.4  38.8    13:53  31.6     0:13   28    0  0.34   0   7    10:36  NE 29.86  100
24   34.7  41.4    14:25  26.7    21:03   29    0  0.02   1  18    11:42 WSW 29.88   88
25   29.6  40.7    13:56  21.5     7:19   34    0  0.00   0   5    11:38  SW 30.13   90
26   32.7  35.0    13:58  30.9     2:08   31    0  0.16   0  10    23:41 ENE 29.53   99
27   27.4  32.3     0:00  18.0    23:58   35    0  0.00   1  11     0:10 ENE 29.82   75
28   24.2  32.6    14:20  17.7     1:32   39    0  0.00   1  11    18:14 ENE 30.32   81
29   15.5  21.7    14:09   8.4    21:23   48    0  0.00   1  14     9:03 ENE 30.74   66
30   16.7  21.7    16:07  10.2     0:00   47    0  0.24   0   6     2:44 ENE 30.50   82
31   16.6  29.5    13:06   9.0    22:20   47    0  0.00   1  12    14:57 ENE 30.46   85
---------------------------------------------------------------------------------------
TOT  28.7  61.4  12/1/06   3.2  12/8/06 1077    0  2.41   1  28  12/1/06 WSW 30.13   84

HEAT BASE: 65.0
COOL BASE: 65.0