NOAA-Style Climate Reports: Lisbon, NH


Report for 2006 November
                  MONTHLY CLIMATOLOGICAL SUMMARY FOR 11/2006
                                        HEAT  COOL        
     MEAN                               DEG   DEG       WIND SPEED       DOM MEAN  MEAN
DAY  TEMP  HIGH   TIME     LOW   TIME   DAYS  DAYS RAIN AVG  HI  TIME    DIR BAROM HUM
---------------------------------------------------------------------------------------
1    43.7  55.2    12:36  31.6    22:05   20    0  0.00   0  10    13:55 ENE 29.96   80
2    34.8  43.9    13:39  26.9    23:58   29    0  0.19   0   8    13:42  SW 29.99   91
3    30.7  42.0    13:26  24.2     3:20   33    0  0.00   1  17    13:07  SW 30.19   80
4    29.2  40.6    13:23  20.1     6:15   34    0  0.50   1  10    11:01  SW 30.44   79
5    33.4  42.7    14:06  26.1     6:54   30    0  0.00   1  13    11:28 WSW 30.50   76
6    39.2  51.3    13:31  28.5    23:59   24    0  0.00   1   8     9:41 WSW 30.38   73
7    34.7  43.1    14:41  25.2     5:21   29    0  0.01   0   8    12:18 WSW 30.24   95
8    43.6  48.4    14:55  38.0     0:46   20    0  0.36   0   5     8:13 ESE 29.87  100
9    49.5  60.3    11:38  44.9     6:59   14    0  0.07   0   7    13:09 WSW 29.52   97
10   43.3  51.4     3:10  29.2    23:57   20    0  0.00   1  16     9:13 ENE 29.89   82
11   41.5  59.2    13:16  27.8     3:34   22    0  0.00   1  16    12:49 ENE 29.97   90
12   47.0  53.2    13:55  43.0     6:45   12    0  0.00   0   6     7:30  NE 30.22   99
13   47.0  53.2    13:55  43.0     6:45   16    0  0.00   0   6     7:30  NE 30.19   99
14   48.0  50.8    14:08  44.9     3:29   16    0  0.22   0   7    14:32 WSW 29.84  100
15   49.0  56.1    15:09  43.6    21:46   14    0  0.00   0  10     9:35 WSW 30.00   99
16   55.4  67.6    21:46  44.0     0:00    9    1  0.26   3  42    18:34  SW 29.89   91
17   59.5  68.3     3:36  44.6    23:57    5    1  0.04   7  38     2:09 WSW 29.62   66
18   39.6  44.6     0:00  36.7     7:42   24    0  0.00   1  15    11:32 ENE 29.97   68
19   35.4  36.8     0:00  32.8    23:58   28    0  0.00   1   7     9:37 ENE 29.96   75
20   30.6  32.8     0:00  29.5    15:56   33    0  0.00   1  12    10:26 ENE 30.12   67
21   29.5  38.1    13:42  20.9    23:57   34    0  0.00   1  10    13:12 ENE 30.52   64
22   26.6  43.4    14:42  18.8     3:29   37    0  0.00   0   7    11:14 ENE 30.55   79
23   28.0  39.6    13:51  18.8     5:03   35    0  0.00   0   5     9:16  SW 30.37   85
24   30.7  46.8    12:49  21.4     6:52   33    0  0.01   1  14     9:54 ENE 30.27   77
25   27.5  45.8    14:05  17.6     6:51   36    0  0.00   0   8    11:21  SW 30.41   80
26   31.2  43.4    12:40  19.8     7:10   32    0  0.00   0   5    13:25 ENE 30.33   89
27   39.0  48.3    14:17  31.3     6:33   25    0  0.00   0   7    13:47  SW 30.28   90
28   39.6  41.3     8:44  37.0    19:30   24    0  0.03   0   7     8:45  SW 30.41   99
29   42.8  48.7    12:46  37.7     0:00   21    0  0.00   2  17    12:19 WSW 30.34   88
30   52.8  62.0    21:53  39.7     0:19   11    0  0.00   2  18    21:19 WSW 30.02   88
---------------------------------------------------------------------------------------
TOT  39.4  68.3 11/17/06  17.6 11/25/06  718    1  2.26   1  42 11/16/06 ENE 30.14   85

HEAT BASE: 65.0
COOL BASE: 65.0