NOAA-Style Climate Reports: Lisbon, NH


Report for 2006 October
                  MONTHLY CLIMATOLOGICAL SUMMARY FOR 10/2006
                                        HEAT  COOL        
     MEAN                               DEG   DEG       WIND SPEED       DOM MEAN  MEAN
DAY  TEMP  HIGH   TIME     LOW   TIME   DAYS  DAYS RAIN AVG  HI  TIME    DIR BAROM HUM
---------------------------------------------------------------------------------------
1    50.8  55.4     8:49  46.2     0:00   13    0  0.11   1  17     4:28 WSW 30.11   88
2    48.2  52.3    12:46  43.3    23:57   15    0  0.02   0   7    23:53  SW 30.09   99
3    51.7  65.6    15:23  43.0     5:54   12    0  0.01   0  10    12:28 WSW 30.14   96
4    59.4  67.1    15:24  50.2    23:59    5    1  0.20   1  17    22:33 WSW 29.98   94
5    45.7  52.3    15:13  35.1    23:42   18    0  0.00   2  17     0:40 ENE 30.22   76
6    41.3  56.9    13:55  32.0     4:53   22    0  0.00   0   8    13:24 ENE 30.51   83
7    40.9  62.2    15:20  29.2     4:37   23    0  0.00   1   8    11:36 ENE 30.50   81
8    44.2  70.6    15:23  28.2     6:22   20    1  0.00   0   7    11:07  SW 30.32   79
9    50.4  75.3    15:05  30.9     6:26   15    2  0.00   0   7    10:55  SW 30.11   82
10   48.2  57.2    15:23  39.4     6:42   15    0  0.00   0   5     9:01 WSW 30.10   91
11   53.8  59.0    13:21  48.1     1:31   10    0  0.04   2  22    12:21 WSW 30.02   67
12   54.4  65.4    13:20  45.8    23:59    9    0  0.78   1  16    12:55 WSW 29.56   98
13   40.6  51.0    15:09  28.2    23:50   23    0  0.11   1  17    13:00 WSW 29.81   76
14   39.7  56.8    15:12  24.9     6:49   24    0  0.00   1  20    12:23  SW 29.80   69
15   39.6  46.8    11:23  28.5     7:32   24    0  0.00   1  14    10:42 WSW 29.99   80
16   42.1  57.4    15:29  30.7     7:24   21    0  0.00   1  13    14:04 WSW 30.27   76
17   37.7  47.7    23:36  28.5     6:56   26    0  0.27   1  25    23:33 WSW 30.22   96
18   50.3  58.0    15:48  46.4     2:30   13    0  0.11   2  38     0:52  SW 29.84   95
19   53.5  62.2    15:52  47.9     7:18   10    0  0.57   1  17    15:14 WSW 29.78   90
20   47.6  52.6     0:00  32.8    21:07   16    0 84.69   2  26    18:06 ENE 29.49  100
21   36.7  39.7    13:58  28.6    23:58   27    0 64.90   1  15     0:16   E 29.86   74
22   33.1  41.6    15:41  23.8     7:11   30    0  1.39   1  10    14:22 ENE 30.00   88
23   39.9  44.6    13:39  36.0     0:00   24    0 42.78   0   8    12:53 ENE 29.66   99
24   39.7  43.7    13:44  37.4    21:47   24    0 35.64   1  16    11:26 ENE 29.63   94
25   40.3  45.2    10:48  37.8     0:00   23    0  0.00   1  15    11:17 WSW 29.78   84
26   39.1  44.2    12:32  37.3    23:21   24    0  0.00   1  14    13:10   E 30.04   75
27   37.4  47.0    15:50  28.6    23:24   26    0  0.00   1  12    14:00 ENE 30.13   71
28   39.1  42.9     0:00  36.5    10:20   13    0  0.04   9  36     7:50 WSW 29.10   86
29   38.3  42.9     0:00  34.7    23:41   25    0  0.10   8  36     7:50 WSW 29.26   86
30   38.7  49.2    12:25  26.9    23:48   49    0  0.02   2  28    10:31 WSW 29.86   66
31   38.2  50.7    12:44  24.9     5:12   25    0  0.01   0   7    10:17  SW 29.92   89
---------------------------------------------------------------------------------------
TOT  44.1  75.3  10/9/06  23.8 10/22/06  623    4 99.26   1  46 10/28/06 WSW 29.95   85

HEAT BASE: 65.0
COOL BASE: 65.0