NOAA-Style Climate Reports: Lisbon, NH


Report for 2006 September
                  MONTHLY CLIMATOLOGICAL SUMMARY FOR 9/2006
                                        HEAT  COOL        
     MEAN                               DEG   DEG       WIND SPEED       DOM MEAN  MEAN
DAY  TEMP  HIGH   TIME     LOW   TIME   DAYS  DAYS RAIN AVG  HI  TIME    DIR BAROM HUM
---------------------------------------------------------------------------------------
1    58.0  74.1    14:59  45.5     6:14    8    2  0.01   1  11    12:16 ENE 30.37   87
2    56.1  67.6    14:18  47.9     6:27    8    1  0.00   0   8    13:35 ENE 30.40   86
3    57.3  65.4    14:00  49.9     1:34    6    0  0.03   1  20    12:05 WSW 30.15   92
4    59.9  65.6    13:41  56.1     0:30    4    0  0.02   0   8    16:25 WSW 29.99   94
5    63.2  71.8    14:03  57.8     4:18    2    2  0.04   0   8    11:15 ENE 30.03   89
6    61.0  67.1    13:06  56.9    23:40    3    0  0.07   0   5    14:28  SW 29.96   97
7    61.3  73.1    15:21  52.0     6:12    4    2  0.00   1  10    13:49 ENE 30.07   89
8    60.1  77.0    14:50  51.0     5:42    6    3  0.00   0  10    16:47  SW 30.05   88
9    58.8  74.6    15:17  48.7     6:47    7    2  0.62   1  16    11:37 WSW 30.00   93
10   51.0  61.4    15:06  39.6    23:57   12    0  0.00   1  12    12:47 ENE 30.26   82
11   48.0  64.9    14:59  36.7     3:55   15    0  0.00   1  11    12:48 ENE 30.45   79
12   48.7  67.9    15:19  36.1     6:43   15    0  0.00   1  10    11:55 ENE 30.32   81
13   49.4  61.7    14:30  38.1     3:03   14    0  0.04   0   7    14:06  SW 30.10   91
14   58.0  63.5    12:23  52.1     0:28    5    0  0.19   0  10    11:34  SW 30.06   98
15   63.3  74.8    14:16  56.6     6:05    3    2  0.01   0   7    10:53 ENE 30.12   93
16   62.4  73.6    15:01  54.5    23:14    4    2  0.00   0  10    12:58 ENE 30.12   90
17   59.7  73.1    14:52  50.8     6:17    6    2  0.00   1   8    16:12 ENE 29.98   92
18   62.9  79.7    15:28  53.6     6:23    4    4  0.01   1  10    11:19 WSW 29.84   92
19   62.3  76.1    12:24  55.4     3:32    4    2  0.54   1  18    10:58 WSW 29.71   96
20   57.1  67.3    13:51  49.3     7:01    7    0  0.03   0  10    11:52  SW 29.67   86
21   49.5  59.4    14:52  38.1     7:09   14    0  0.01   1  19    10:52 WSW 29.98   74
22   49.2  62.7    14:51  37.4     3:51   14    0  0.00   1  12    15:20 WSW 30.16   86
23   52.4  59.2    17:08  46.7     1:58   11    0  0.08   0   7    14:17   E 29.87  100
24   61.0  72.0    11:39  54.5     0:16    4    2  0.03   2  20    13:59 WSW 29.55   86
25   51.7  61.2    15:33  41.3    23:49   12    0  0.00   1  11    13:21 ENE 29.76   76
26   49.7  63.0    13:56  38.6    23:59   14    0  0.00   1  17     9:56 WSW 29.91   80
27   47.8  66.9    15:03  33.7     7:08   16    0  0.00   1  21    13:08 WSW 30.05   84
28   54.9  68.6    14:02  41.1     4:20    9    1  0.00   2  21    14:08 WSW 29.90   78
29   51.7  58.3     0:37  38.8    23:57   12    0  0.78   0  14     1:32 WSW 29.74   95
30   45.6  58.1    13:46  35.5     6:39   18    0  0.00   1  10    11:46 WSW 30.15   86
---------------------------------------------------------------------------------------
TOT  55.7  79.7  9/18/06  33.7  9/27/06  262   29  2.51   1  21  9/27/06 ENE 30.02   88

HEAT BASE: 65.0
COOL BASE: 65.0