NOAA-Style Climate Reports: Lisbon, NH


Report for 2006 August
                  MONTHLY CLIMATOLOGICAL SUMMARY FOR 8/2006
                                        HEAT  COOL        
     MEAN                               DEG   DEG       WIND SPEED       DOM MEAN  MEAN
DAY  TEMP  HIGH   TIME     LOW   TIME   DAYS  DAYS RAIN AVG  HI  TIME    DIR BAROM HUM
---------------------------------------------------------------------------------------
1    77.2  88.8    15:33  67.3     5:13    0   14  0.05   1  13    17:17 WSW 29.74   87
2    75.4  91.2    13:46  70.0     4:36    0   12  0.90   1  23     5:38 WSW 29.68   93
3    70.7  75.3    17:07  65.6    23:41    0    7  0.01   0   8     9:49 ENE 29.68   95
4    69.9  81.3    15:00  61.7    23:54    0    6  0.15   1  10    15:03  NE 29.79   87
5    65.2  75.0    15:20  52.7    23:58    2    4  0.00   1  13    14:49   E 30.03   76
6    62.1  76.4    14:02  48.0     6:17    5    4  0.00   1  13    14:18 WSW 30.18   80
7    70.9  81.5    15:57  59.0     0:00    0    8  0.26   2  22    14:38 WSW 29.90   86
8    65.6  75.5    14:10  52.7    23:58    2    4  0.00   1  24    12:40 ENE 29.97   81
9    61.1  77.0    14:16  48.1     6:44    6    4  0.00   1  12    15:04  SW 30.04   81
10   60.0  75.3    11:47  49.8     6:11    6    2  0.15   0  12    11:52 WSW 29.84   91
11   57.2  69.3    13:20  47.0    23:58    7    1  0.00   1  18    12:58 ENE 29.91   81
12   54.4  66.8    15:00  42.8     7:07    9    0  0.00   1  16    14:54  SW 29.99   80
13   57.3  70.1    13:24  45.9     3:49    8    1  0.00   1  14    11:03  SW 30.01   77
14   60.9  77.1    15:04  44.7     6:30    7    4  0.00   1  17    14:13 WSW 29.90   81
15   67.9  78.8    13:21  59.0     5:50    1    6  0.07   1  13    13:33  SW 29.79   78
16   65.8  76.6    14:58  55.7    23:57    2    4  0.00   0   8     9:37 WSW 30.09   82
17   62.7  78.1    13:36  51.1     5:52    5    4  0.00   1  13    12:32 ENE 30.26   82
18   64.7  80.9    14:00  51.6     6:13    4    6  0.00   1  17    15:25 WSW 30.17   84
19   65.4  77.0    12:37  56.6     3:37    2    4  0.02   0  12    16:30 WSW 29.99   92
20   63.5  68.9    12:48  59.8     6:52    1    1  0.78   1   8     7:01 ENE 29.81  100
21   61.3  65.6    15:50  56.6    22:25    2    0  0.11   0   8    19:18 WSW 29.96   96
22   63.8  77.9    15:12  53.9     7:03    4    4  0.01   0  14    15:17 WSW 30.01   87
23   60.1  71.3    13:58  49.0    23:23    5    1  0.00   1  11    14:34 ENE 30.01   80
24   56.2  68.9    14:12  47.4     6:08    8    1  0.00   1  11    14:19 ENE 30.06   82
25   57.9  70.3    12:38  46.8     5:47    7    1  0.00   1   7     7:34 ENE 30.11   82
26   60.0  72.4    13:55  51.8     2:43    5    2  0.00   1  13    15:07 WSW 30.23   84
27   53.2  57.5    10:00  50.2     6:24   10    0  0.18   0  14    11:43 WSW 30.21  100
28   60.1  71.0    16:16  51.8     0:10    5    2  0.02   0   7    14:13  SW 30.00   94
29   63.3  69.8    16:53  59.8     6:31    1    1  0.00   0   6    12:16 ENE 29.90   96
30   60.5  71.2    14:25  44.9    23:57    4    1  0.00   1  13    16:44 ENE 30.01   84
31   53.4  69.4    15:11  41.3     4:42   11    1  0.00   1  13    13:20 ENE 30.25   87
---------------------------------------------------------------------------------------
TOT  62.8  91.2   8/2/06  41.3  8/31/06  131  110  2.71   1  24   8/8/06 ENE 29.98   86

HEAT BASE: 65.0
COOL BASE: 65.0