NOAA-Style Climate Reports: Lisbon, NH


Report for 2006 July
                  MONTHLY CLIMATOLOGICAL SUMMARY FOR 7/2006
                                        HEAT  COOL        
     MEAN                               DEG   DEG       WIND SPEED       DOM MEAN  MEAN
DAY  TEMP  HIGH   TIME     LOW   TIME   DAYS  DAYS RAIN AVG  HI  TIME    DIR BAROM HUM
---------------------------------------------------------------------------------------
1    63.0  76.4    16:54  51.7     6:11    4    4  0.01   1  19    11:52 WSW 29.94   84
2    70.0  81.3    16:44  58.0     2:35    2    8  0.22   2  24    14:31 WSW 29.71   82
3    68.7  80.7    14:43  54.8     5:28    1    6  0.00   1  11     0:43 WSW 29.89   69
4    70.5  81.7    12:13  57.2     4:33    2    9  0.00   1  19    15:28 WSW 29.76   79
5    69.1  79.6    15:43  58.0    23:55    1    6  0.00   1  10     8:44  SW 29.75   74
6    64.3  75.2    13:38  56.5     3:58    3    4  0.00   1  16    14:25 ENE 29.94   74
7    66.8  78.4    15:17  56.6     5:59    2    6  0.01   0  12    13:47 ENE 30.10   76
8    66.2  80.1    13:42  51.4     6:17    4    6  0.00   1  12    14:24 WSW 30.11   80
9    69.6  82.8    12:50  56.6     5:12    2    8  0.00   1  13    13:55 WSW 29.89   77
10   70.6  81.7    14:22  59.4     6:20    1    8  0.01   1  14    12:49 WSW 29.94   79
11   67.5  77.7    15:07  59.2     5:11    1    5  0.20   1  17    14:20 WSW 30.02   89
12   66.9  77.5    11:59  58.7     5:40    1    5  0.74   0   7     9:22  SW 30.00   93
13   70.6  81.7    15:42  63.3     6:23    0    7  0.72   1  12    11:57 ENE 29.86   86
14   73.0  88.4    15:24  62.4     5:47    0   10  0.00   1  11    11:54 WSW 29.90   84
15   72.4  84.0    14:34  62.7     5:13    0    9  0.00   0  12    19:36  SW 29.86   86
16   75.1  88.8    15:37  65.8     1:40    0   12  0.00   0   8    17:16  SW 29.88   79
17   77.2  89.7    15:03  63.8     5:06    0   14  0.00   0  12    15:41  SW 29.85   80
18   73.3  88.0    11:45  65.4    23:54    0   10  0.18   1  21    12:47 WSW 29.87   90
19   69.5  83.2    15:12  58.4     6:50    1    7  0.00   1  10    12:19 ENE 30.14   78
20   70.3  83.4    13:32  55.8     5:34    2    8  0.00   1  16    15:20 WSW 30.11   74
21   69.6  80.3    12:31  63.8     4:53    0    6  0.41   0   7    11:05 WSW 29.86   94
22   66.7  74.6    10:46  61.7    23:08    0    4  0.82   1  14    18:17 ENE 29.77   98
23   62.4  68.9    17:29  55.7    23:28    2    1  0.01   0  10     9:49 ENE 29.80   93
24   64.9  79.9    14:51  54.4     6:35    3    5  0.00   1  12    14:08  SW 29.93   82
25   68.9  83.4    15:11  54.7     5:43    2    8  0.00   1  21    12:14 WSW 29.91   83
26   72.8  85.0    14:30  61.6     5:28    0   10  0.01   1  17    16:58 WSW 29.88   85
27   74.5  84.4    15:22  64.0     5:23    0   11  0.00   1  19    15:49 WSW 29.84   85
28   71.7  79.7    10:50  67.4    23:31    0    8  1.16   0  12     9:39 WSW 29.78   98
29   72.9  86.1    14:00  64.0     5:59    0    9  0.17   1  14    11:25 WSW 29.74   87
30   67.0  77.7    14:53  51.8    23:57    2    5  0.18   1  11     5:24 ENE 29.78   73
31   64.8  79.2    13:45  48.1     6:12    5    6  0.00   1  10    14:27  SW 29.84   84
---------------------------------------------------------------------------------------
TOT  69.4  89.7  7/17/06  48.1  7/31/06   40  222  4.85   1  24   7/2/06 WSW 29.89   83

HEAT BASE: 65.0
COOL BASE: 65.0