NOAA-Style Climate Reports: Lisbon, NH


Report for 2006 June
                  MONTHLY CLIMATOLOGICAL SUMMARY FOR 6/2006
                                        HEAT  COOL        
     MEAN                               DEG   DEG       WIND SPEED       DOM MEAN  MEAN
DAY  TEMP  HIGH   TIME     LOW   TIME   DAYS  DAYS RAIN AVG  HI  TIME    DIR BAROM HUM
---------------------------------------------------------------------------------------
1    67.7  78.8    12:55  61.6    23:47    0    4  0.08   1  11    14:47 ENE 29.84   90
2    65.7  77.0    15:27  59.0     5:26    1    3  0.00   1   8    15:38 ENE 29.82   79
3    56.4  60.9     0:00  52.1    20:14    7    0  0.47   1  18    17:22  NE 29.75  100
4    55.3  58.4    14:00  52.6    23:54    8    0  0.00   2  19     4:14 ENE 29.73   83
5    55.9  66.1    19:09  48.7    23:57    8    0  0.01   1  14    10:51 ENE 29.82   86
6    60.1  77.0    15:28  43.9     6:15    7    4  0.00   1  12    12:58 WSW 29.97   79
7    56.4  66.1    11:04  51.1     5:39    7    0  0.54   1  13    18:35 ENE 29.87   94
8    57.0  65.3    10:00  52.0     1:26    7    0  0.14   1  20     9:07 ENE 29.69   95
9    58.3  66.4    12:30  54.2     6:14    5    0  0.07   1  10    11:26 WSW 29.62   95
10   52.5  56.8     0:00  47.4    23:09   11    0  1.04   1  12    16:04 WSW 29.39  100
11   50.8  57.2    16:16  45.8     5:22   13    0  0.07   1   7     9:32 WSW 29.58   99
12   58.0  66.6    15:31  52.3    23:38    6    0  0.00   0   8    17:18 ENE 29.82   92
13   62.8  76.4    13:56  51.3     1:35    4    4  0.04   0  11    16:12 ENE 29.90   83
14   64.6  74.3    15:38  55.7     5:06    2    4  0.01   1  10    13:51 ENE 29.91   82
15   64.6  75.3    14:53  54.5    23:58    3    4  0.00   1  25    11:16 ENE 29.79   68
16   64.9  81.7    15:19  47.7     4:55    5    6  0.00   1  11    11:57  SW 29.97   71
17   63.5  76.4    13:31  48.0     5:42    5    5  0.00   1  16    13:34 WSW 29.97   85
18   73.3  89.5    15:28  58.9     3:53    1   11  0.00   1  16    14:32 WSW 29.87   78
19   71.2  86.5    14:06  60.5     5:18    0    8  0.53   1  26    17:14 WSW 29.71   84
20   66.7  80.3    13:31  56.1    23:56    1    4  0.04   2  24    14:12 WSW 29.71   89
21   62.1  74.6    15:16  49.9     6:00    5    4  0.01   1  11    15:20 WSW 29.97   75
22   63.5  76.8    17:55  49.9     4:39    4    4  0.01   1  16    16:55 WSW 29.92   90
23   68.7  77.9    16:00  61.2     2:33    0    6  0.12   0   8    16:18  SW 29.92   85
24   67.1  79.2    15:10  56.5    23:56    1    5  0.06   0  10    14:40 WSW 30.01   83
25   67.1  80.9    13:26  51.7     5:15    3    7  0.00   1  13    14:34 ENE 30.08   79
26   63.7  67.1    18:18  59.4     7:31    1    1  1.27   1   8    21:03 ENE 30.08  100
27   74.6  82.5    15:17  66.3     0:00    0   11  0.01   4  28    11:27 WSW 30.05   73
28   68.8  72.7     8:52  64.6    23:59    0    5  0.30   1  17     7:13 WSW 29.98   87
29   69.2  79.9    13:40  62.7     3:17    0    6  0.05   1  12    14:10  SW 29.88   91
30   61.4  71.0    11:02  53.9    23:30    3    1  0.52   0  11    14:27 WSW 29.81   96
---------------------------------------------------------------------------------------
TOT  63.1  89.5  6/18/06  43.9   6/6/06  119  106  5.39   1  28  6/27/06 ENE 29.85   86

HEAT BASE: 65.0
COOL BASE: 65.0