NOAA-Style Climate Reports: Lisbon, NH


Report for 2006 May
                  MONTHLY CLIMATOLOGICAL SUMMARY FOR 5/2006
                                        HEAT  COOL        
     MEAN                               DEG   DEG       WIND SPEED       DOM MEAN  MEAN
DAY  TEMP  HIGH   TIME     LOW   TIME   DAYS  DAYS RAIN AVG  HI  TIME    DIR BAROM HUM
---------------------------------------------------------------------------------------
1    49.0  64.3    12:34  31.0     5:42   15    0  0.00   3  24    14:23 ENE 30.42   48
2    46.9  50.2    11:14  41.3     1:40   17    0  0.14   1  13     8:41 ENE 30.05   81
3    51.3  57.5    16:34  45.9     2:59   12    0  0.09   1   7    15:44 WSW 29.88   98
4    60.4  75.5    17:43  51.1     6:14    6    3  0.00   1  11    15:10 ENE 29.72   76
5    61.6  73.2    15:34  47.9     5:59    4    3  0.00   1  14    16:20  NW 29.61   60
6    50.7  66.4    14:10  42.3     4:45   17    3  0.03   2  20    14:55 ENE 29.75   72
7    44.9  57.1    15:31  29.8     5:50   19    0  0.00   1  14    16:02 ENE 30.10   51
8    50.6  68.6    15:18  27.3     5:20   14    1  0.00   2  18    13:39 WSW 30.17   51
9    55.5  69.1    14:46  36.3     5:35    9    1  0.00   3  20    16:15 ENE 30.03   49
10   59.6  71.7    14:22  49.9     5:24    5    1  0.00   4  17     1:20 ENE 29.88   64
11   59.6  70.1    10:30  51.6     2:30    5    1  0.00   3  22    11:49 WSW 29.86   73
12   57.0  63.5    13:17  52.7    23:57    6    0  0.00   2  21    13:01 WSW 29.87   72
13   49.3  52.7     0:00  45.0    23:33   14    0  0.40   1  13     8:27 ENE 30.06   95
14   51.4  58.7    13:37  45.0     0:00   12    0  0.28   1  13     5:15 ENE 30.13   90
15   53.7  62.8    14:50  48.4     5:38   10    0  0.11   1  19    15:29 WSW 30.02   86
16   49.3  54.1    13:15  45.3     6:18   14    0  0.62   1   8    13:18 ENE 29.60  100
17   53.0  62.4    12:53  47.3     5:37   11    0  0.18   1  17    10:24 WSW 29.40   91
18   55.7  66.6    15:51  49.5     3:41    8    0  0.23   0  10    17:57 ENE 29.39   92
19   51.6  55.1     0:04  45.9    22:43   12    0  0.76   1  16    15:34 WSW 29.39  100
20   50.6  56.8    14:58  46.4     0:00   13    0  0.13   4  24     8:54   W 29.42   86
21   48.0  57.8    11:23  40.8    23:58   16    0  0.13   1  24    15:22 WSW 29.50   90
22   42.6  48.0    15:18  39.8    10:51   21    0  0.15   1  17    16:40 ENE 29.72   83
23   45.7  52.6    17:20  40.0     4:50   18    0  0.02   1  13    15:17 ENE 29.88   77
24   51.4  61.4    16:08  41.0    23:58   12    0  0.01   1  14    14:06 ENE 29.90   82
25   55.7  76.2    16:48  35.3     5:01   11    4  0.00   2  19    13:15 WSW 29.78   71
26   63.0  79.2    15:51  48.4     3:54    5    4  0.05   1  14    18:28 WSW 29.56   78
27   63.4  71.2    11:43  50.4    23:54    2    2  0.01   1  17    17:26 ENE 29.69   87
28   62.8  81.7    15:46  45.5     6:10    7    6  0.00   1  11    13:58  SW 30.06   73
29   68.1  81.3    15:07  56.0     5:51    2    7  0.00   0  10    13:47  SW 29.97   76
30   67.7  81.1    15:09  55.2     5:29    2    6  0.02   1  16    15:11 WSW 30.05   78
31   68.4  84.8    15:38  54.8     5:48    2    7  0.00   1  14    16:32 WSW 30.01   81
---------------------------------------------------------------------------------------
TOT  54.8  84.8  5/31/06  35.3  5/25/06  320   49  3.36   1  24   5/1/06 ENE 29.84   78

HEAT BASE: 65.0
COOL BASE: 65.0