NOAA-Style Climate Reports: Lisbon, NH


Report for 2006 April
                  MONTHLY CLIMATOLOGICAL SUMMARY FOR 4/2006
                                        HEAT  COOL        
     MEAN                               DEG   DEG       WIND SPEED       DOM MEAN  MEAN
DAY  TEMP  HIGH   TIME     LOW   TIME   DAYS  DAYS RAIN AVG  HI  TIME    DIR BAROM HUM
---------------------------------------------------------------------------------------
1    45.8  68.3    12:44  35.0     2:55   18    0  0.22   2  22    12:01 WSW 29.68   83
2    40.8  50.2    15:51  28.3    23:32   21    0  0.01   2  17    16:14  NW 29.98   57
3    40.1  55.2    13:04  23.8     6:32   23    0  0.02   4  26    20:04  SW 29.99   52
4    35.0  39.1     0:00  30.7    23:09   29    0  0.59   1  11     9:09 ENE 29.60   96
5    33.5  40.4    16:21  26.4     5:52   30    0  0.00   1  10    10:42  SW 29.69   76
6    34.4  44.3    16:15  24.6     2:21   29    0  0.00   1  12    12:31  SW 29.81   78
7    39.5  48.1    14:52  30.0     6:49   24    0  0.16   1  12    11:20 WSW 29.68   84
8    33.2  39.6     0:00  24.5    23:54   30    0  0.00   2  14     7:42 ENE 29.86   69
9    34.1  49.9    15:23  19.1     6:08   29    0  0.00   2  20    11:39 ENE 30.17   66
10   38.9  57.5    15:49  22.0     5:41   25    0  0.00   1  13    13:23  SW 30.23   60
11   42.6  62.4    15:09  24.5     6:15   21    0  0.00   1  13    15:34  SW 30.36   59
12   50.9  71.3    16:06  27.6     5:15   14    1  0.00   4  28    16:58 WSW 30.25   55
13   56.4  67.6    14:45  38.8    23:58    7    0  0.00   5  27     0:19 WSW 29.86   56
14   49.9  67.1    17:43  30.6     6:21   14    0  0.00   1  14    13:16 WSW 29.78   66
15   53.5  67.3    14:49  45.8     4:05   10    0  0.02   2  19    12:01  SW 29.39   70
16   41.9  46.2     0:00  38.8     8:05   22    0  0.01   1  12    11:07 ENE 29.67   73
17   41.7  47.7    13:52  34.7     6:41   22    0  0.01   2  18    11:16 ENE 29.86   76
18   51.6  63.3    15:23  39.7     5:47   12    0  0.01   4  24    10:53 ENE 29.90   59
19   54.3  67.6    15:40  35.5     6:26   10    1  0.00   3  27    13:30  NE 29.79   46
20   53.7  71.8    14:57  33.5     6:13   12    2  0.00   2  19    12:47 ENE 29.86   43
21   49.0  65.4    15:54  31.6     6:00   15    0  0.00   2  14    13:12 WSW 30.23   56
22   43.9  54.5    14:11  29.1     5:48   20    0  0.03   3  20    12:16 WSW 30.32   50
23   41.3  47.0    15:00  37.1     2:54   22    0  0.33   2  22    11:43 WSW 30.14   80
24   41.8  48.6    15:54  36.3     3:21   22    0  0.34   1  12     0:40 WSW 29.85   93
25   42.8  53.0    11:37  33.2    23:40   21    0  0.05   2  19    11:44 WSW 29.70   85
26   42.9  56.8    15:54  24.3     6:10   21    0  0.00   4  30    16:12 WSW 29.79   48
27   43.2  52.7    11:59  29.1    23:59   20    0  0.01   1  17    17:18 ENE 29.89   55
28   38.5  52.1    14:51  22.6     6:00   25    0  0.00   2  19    13:43 ENE 30.31   54
29   44.1  62.8    14:56  23.9     5:52   19    0  0.00   1  21    15:14 ENE 30.50   49
30   50.6  72.9    15:31  27.3     5:51   15    2  0.00   2  18    13:59 ENE 30.45   45
---------------------------------------------------------------------------------------
TOT  43.7  72.9  4/30/06  19.1   4/9/06  601    7  1.81   2  30  4/26/06 ENE 29.95   65

HEAT BASE: 65.0
COOL BASE: 65.0