NOAA-Style Climate Reports: Lisbon, NH


Report for 2006 March
                  MONTHLY CLIMATOLOGICAL SUMMARY FOR 3/2006
                                        HEAT  COOL        
     MEAN                               DEG   DEG       WIND SPEED       DOM MEAN  MEAN
DAY  TEMP  HIGH   TIME     LOW   TIME   DAYS  DAYS RAIN AVG  HI  TIME    DIR BAROM HUM
---------------------------------------------------------------------------------------
1    14.5  23.0    17:27   5.2     7:11   49    0  0.00   1  14    13:19 WSW 29.79   52
2    24.2  34.8    13:42  15.2    23:57   39    0  0.00   2  17    12:02 ENE 29.66   52
3    14.2  20.4    14:28   9.0     3:39   49    0  0.00   1  14    10:11 ENE 29.76   61
4    21.2  26.9    12:42  16.3     1:48   42    0  0.00   1  18    15:50 ENE 29.83   70
5    24.7  32.9    13:22  20.7     2:02   39    0  0.00   1  17    11:18 ENE 29.98   66
6    24.9  34.3    13:59  16.3    23:52   39    0  0.00   2  20    12:53 ENE 30.02   59
7    23.0  37.7    14:56   7.7     6:30   40    0  0.00   1  12    12:42 ENE 30.15   64
8    24.3  36.7    15:31   9.0     6:31   39    0  0.00   2  14    11:37 ENE 30.11   60
9    31.5  37.8    12:00  24.2     0:23   32    0  0.06   1  18    20:36  SW 29.96   75
10   40.0  51.1    13:03  31.4     6:15   24    0  0.01   1  18    22:16 WSW 29.64   93
11   38.4  49.0    14:30  24.9    23:58   25    0  0.00   1  17    10:14 ENE 30.14   64
12   32.3  45.6    13:36  21.0     5:49   31    0  0.05   0   7    12:57  SW 30.06   91
13   37.1  40.8    16:18  33.8     7:15   26    0  0.43   1   8    13:43 ENE 29.80  100
14   39.5  52.0    10:57  30.9    23:13   24    0  0.22   3  27    14:32 WSW 29.36   71
15   26.6  30.9     0:00  22.3    22:36   37    0  0.02   3  16     1:11  SW 29.52   65
16   24.3  31.6    14:30  20.3     5:19   39    0  0.00   1  16    15:40 ENE 29.87   63
17   18.6  25.5    11:34   9.9    23:59   44    0  0.00   1  18    15:52 ENE 30.00   61
18   16.1  23.2    15:15   6.4     5:03   47    0  0.00   1  18     9:16 ENE 29.92   65
19   18.8  26.0    14:30  10.6     3:54   45    0  0.00   1  14    13:33 ENE 29.90   67
20   16.5  23.5    13:28   7.5     4:17   47    0  0.00   1  20    15:24 ENE 29.99   66
21   25.0  33.8    14:39  14.2     2:00   39    0  0.00   2  16    13:11 ENE 29.80   62
22   29.8  34.7    13:49  25.8     3:49   34    0  0.00   2  12    15:56 ENE 29.83   65
23   33.9  43.6    13:53  26.1     2:35   30    0  0.00   1  18    13:55 ENE 30.06   72
24   36.4  46.1    13:22  30.0     5:33   27    0  0.00   0   8    15:44  SW 30.08   75
25   36.6  44.3    12:45  31.2     4:58   27    0  0.02   1  11    10:49 ENE 29.97   79
26   34.1  46.2    11:00  24.1    23:48   29    0  0.00   1  20    11:45 ENE 29.91   75
27   33.0  47.4    13:22  19.5     5:40   31    0  0.00   1  17    15:19 ENE 30.07   63
28   34.9  52.3    13:31  19.8     5:07   29    0  0.00   1  14    11:13   E 30.18   59
29   38.5  59.2    14:53  19.8     5:52   25    0  0.00   1  11    13:30 ESE 30.20   55
30   39.7  60.8    15:27  24.2     4:55   24    0  0.00   1  12    13:27  SW 30.24   57
31   46.4  72.0    15:02  23.9     5:40   19    2  0.00   2  21    12:33 WSW 30.05   56
---------------------------------------------------------------------------------------
TOT  29.0  72.0  3/31/06   5.2   3/1/06 1070    2  0.81   1  27  3/14/06 ENE 29.93   67

HEAT BASE: 65.0
COOL BASE: 65.0