NOAA-Style Climate Reports: Lisbon, NH


Report for 2006 February
                  MONTHLY CLIMATOLOGICAL SUMMARY FOR 2/2006
                                        HEAT  COOL        
     MEAN                               DEG   DEG       WIND SPEED       DOM MEAN  MEAN
DAY  TEMP  HIGH   TIME     LOW   TIME   DAYS  DAYS RAIN AVG  HI  TIME    DIR BAROM HUM
---------------------------------------------------------------------------------------
1    30.5  33.1    14:13  29.4     4:10   33    0  0.00   0   7    14:22 ENE 29.87   84
2    31.0  40.1    15:16  24.5     6:19   32    0  0.00   1  13    13:29  SW 29.97   83
3    35.4  41.0    13:40  30.0     5:16   27    0  0.21   1  17     6:31 WSW 29.74   94
4    35.2  45.9    13:51  28.3     8:04   28    0  0.00   0   6    12:25 ENE 29.83   95
5    37.8  46.4    13:14  33.8    22:49   25    0  0.45   2  21    14:00 WSW 29.28   89
6    29.2  34.5     0:00  26.4    23:55   34    0  0.00   7  28    14:15 WSW 29.47   55
7    19.6  26.4     0:00  14.9    23:59   44    0  0.01   1  19    11:46 ENE 29.80   63
8    14.8  21.7    14:10   8.0    23:38   49    0  0.00   1  16    11:58 ENE 29.99   68
9    12.2  22.4    13:22   2.8     7:00   51    0  0.01   1  14    19:05 ENE 29.97   72
10    5.4  16.5    14:47  -2.7     7:04   58    0  0.00   0  11    12:15  SW 30.10   68
11    7.6  23.2    14:39  -5.8     6:42   56    0  0.00   1  12    13:21 ENE 30.19   65
12   12.6  18.2    14:52   4.8     0:36   51    0  0.00   2  20    11:56 ENE 29.77   64
13   15.8  28.5    15:25   2.0     6:05   48    0  0.00   1  18    16:17 WSW 29.72   64
14   28.5  35.3    14:53  23.6     4:42   35    0  0.00   3  18    10:46 WSW 29.89   61
15   34.6  50.7    14:19  26.1     0:00   29    0  0.00   1  24    11:34 WSW 30.06   67
16   38.0  54.8    13:55  24.9     6:30   26    0  0.00   1  18    13:42  SW 30.17   70
17   36.6  50.7     7:31  15.7    23:59   27    0  0.15   5  37    15:01   W 29.73   59
18    7.6  15.7     0:00  -1.0    19:30   56    0  0.01   2  18    15:47 ENE 30.08   57
19   10.0  20.3    13:59  -3.1     5:13   54    0  0.00   1  17    11:46 WSW 30.17   59
20   18.7  28.8    15:19   9.4     6:57   45    0  0.00   2  19    12:48 WSW 30.00   58
21   19.5  28.0    15:45   9.0     6:49   44    0  0.00   1  18    12:00  SW 29.89   75
22   22.1  33.2    14:10  10.6     6:58   41    0  0.01   1  16    10:58 WSW 30.00   71
23   26.0  34.5    16:09  17.9     4:43   37    0  0.00   1  11    10:48 WSW 29.82   84
24   22.9  28.2    12:54  11.8    23:58   41    0  0.00   1  18    12:10 WSW 29.90   71
25   11.4  16.8    20:29   3.2     4:33   52    0  0.07   1  10    14:28 ENE 30.10   76
26    7.6  15.2    14:14  -2.9     6:57   56    0  0.00   2  18    13:38 ENE 30.03   60
27    5.0  15.2    14:38  -6.7     6:44   58    0  0.00   1  18    13:58 WSW 29.86   46
28    9.4  20.1    15:15  -7.1     6:29   54    0  0.00   2  19    10:49 WSW 29.71   51
---------------------------------------------------------------------------------------
TOT  20.9  54.8  2/16/06  -7.1  2/28/06 1190    0  0.92   2  37  2/17/06 WSW 29.90   69

HEAT BASE: 65.0
COOL BASE: 65.0