NOAA-Style Climate Reports: Lisbon, NH


Report for 2006 January
                  MONTHLY CLIMATOLOGICAL SUMMARY FOR 1/2006
                                        HEAT  COOL        
     MEAN                               DEG   DEG       WIND SPEED       DOM MEAN  MEAN
DAY  TEMP  HIGH   TIME     LOW   TIME   DAYS  DAYS RAIN AVG  HI  TIME    DIR BAROM HUM
---------------------------------------------------------------------------------------
1    21.4  24.1    17:54  17.6     0:00   42    0  0.01   0   3     9:39 ENE 30.03   90
2    24.5  32.6    13:18  17.7    21:02   39    0  0.00   0   6    23:26 ENE 30.20   94
3    21.3  30.4    12:49  10.1    23:54   42    0  0.00   1   8    13:25 ENE 30.15   91
4    13.9  27.6    14:39   1.7     7:00   50    0  0.00   0   5     9:14 ENE 30.04   83
5    27.0  31.6    15:00  21.7     0:11   85    0  0.24   0   5    14:25 ENE 29.63   94
6    25.4  28.9     0:00  16.2    23:55   38    0  0.00   0   7    16:21 ENE 29.70   90
7    10.1  21.7    14:08   0.0     8:20   53    0  0.00   0   6    13:47   E 29.88   80
8    13.8  26.0    14:05   7.7     3:10   50    0  0.02   0   3     2:45 ENE 30.07   84
9    24.3  33.2    23:00  10.8     0:00   39    0  0.01   0   7    15:01 WSW 29.99   91
10   26.4  37.1    13:49  13.1    23:48   37    0  0.00   0  10     1:08 WSW 30.34   81
11   26.9  36.8    14:22  11.4     1:01   37    0  0.16   1  13    13:12 WSW 30.09   92
12   33.9  38.6     4:13  27.6    23:48   30    0  0.07   0  10     4:34 WSW 29.84  100
13   29.3  40.0    14:08  25.8     7:32   34    0  0.00   0  11    12:45 WSW 29.87  100
14   34.1  45.6    13:04  23.3    23:55   29    0  0.32   1  19    21:22  NE 29.38  100
15    8.9  23.3     0:00   0.5    23:58   55    0  0.19   4  22    14:19  NE 29.64   79
16    4.0  13.3    14:15  -4.3     7:26   60    0  0.00   1  12    15:33  NE 29.82   71
17   12.4  32.6    22:08  -5.6     7:06   51    0  0.01   2  31    21:58  NE 30.20   74
18   39.6  50.7    12:37  30.7     0:00   23    0  0.68   6  36     1:48 WSW 29.58   79
19   30.6  36.7    12:36  24.6    23:52   33    0  0.00   3  28     2:22 WSW 30.02   62
20   32.0  41.4    13:39  23.5     2:11   31    0  0.00   1  12    11:06 WSW 30.04   84
21   36.3  55.1    11:58  21.4    23:56   27    0  0.03   2  28    15:18   W 29.92   80
22   20.0  28.9    15:06  13.1     7:30   43    0  0.00   1  14     0:02   E 30.59   59
23   24.1  30.0    16:49  15.7     0:00   39    0  0.11   0   7     6:34 ENE 30.12   91
24   26.6  33.8    12:24  21.8     7:24   37    0  0.00   1  12    12:02  SW 29.77   89
25   27.6  32.0    16:24  19.5     7:40   36    0  0.04   0   3    13:55 SSW 29.54   94
26   21.0  29.5     0:00   3.5    23:35   42    0  0.00   1  16     6:38 ENE 30.09   76
27   11.8  31.6    15:22  -3.3     6:48   52    0  0.00   0   6    15:05 ENE 30.40   68
28   25.1  48.6    14:49   8.9     4:53   38    0  0.00   0  13    14:54 WSW 30.08   76
29   30.0  37.6    13:14  22.7     3:27   33    0  0.08   0  16    16:49 ENE 29.92   91
30   31.9  33.7    12:03  31.0    20:50   32    0  0.05   0   6    13:57  SW 29.82   98
31   32.1  35.5    14:19  29.8     7:13   31    0  0.00   0   5     8:15 ENE 29.77   89
---------------------------------------------------------------------------------------
TOT  24.1  55.1  1/21/06  -5.6  1/17/06 1269    0  2.02   1  36  1/18/06 ENE 29.95   85

HEAT BASE: 65.0
COOL BASE: 65.0