NOAA-Style Climate Reports: Lisbon, NH


Report for 2005 December
                  MONTHLY CLIMATOLOGICAL SUMMARY FOR 12/2005
                                        HEAT  COOL        
     MEAN                               DEG   DEG       WIND SPEED       DOM MEAN  MEAN
DAY  TEMP  HIGH   TIME     LOW   TIME   DAYS  DAYS RAIN AVG  HI  TIME    DIR BAROM HUM
---------------------------------------------------------------------------------------
1    32.6  38.1    11:46  28.0     5:14   31    0  0.00   1  12    11:48 ENE 29.88   95
2    32.1  34.5    11:43  26.3    23:56   31    0  0.04   2  17    21:59 WSW 29.39   92
3    24.6  29.7    13:45  20.6    23:51   39    0  0.00   3  20    13:02 WSW 29.77   58
4    22.7  28.0    13:08  16.8     4:23   41    0  0.03   0   7    10:52 WSW 29.86   86
5    23.0  34.3    13:38  17.4     6:27   41    0  0.00   0  10    11:14  SW 30.04   83
6    22.3  27.6    13:14  18.4    22:49   41    0  0.00   0   6     8:35  SW 29.96   81
7    16.0  21.4    14:16  10.6    18:35   48    0  0.00   2  20    14:23 WSW 30.18   69
8    10.6  25.1    14:32   1.3     7:05   53    0  0.00   0   6     8:26 ENE 30.59   71
9    15.1  24.9    19:09   5.2     0:00   47    0  0.24   0  10    20:18 ENE 30.05   84
10   22.4  33.2    12:03  14.1     7:33   41    0  0.00   1  19    14:23 WSW 29.85   87
11   19.5  31.4    14:18  10.9     8:03   44    0  0.00   0  11    13:32 WSW 29.55   87
12   18.4  29.2    13:12   2.4    23:57   45    0  0.02   1  12    15:15 ENE 29.72   85
13    2.9  17.1    14:09  -5.6     7:10   61    0  0.00   1  14    12:50 ENE 30.28   72
14   -0.2  17.4    14:49 -13.0     7:26   64    0  0.00   1  11    13:58 ENE 30.54   70
15    4.0  22.7    14:57 -11.8     6:05   60    0  0.00   1   8    10:23 ENE 30.39   70
16   22.8  30.1    12:57  12.1     0:39   41    0  0.35   0   8     8:44  NE 29.93   93
17   24.2  31.3    13:59  16.3    21:19   39    0  0.01   0   6    14:06 WSW 30.27   95
18   23.2  28.3    14:16  19.1     7:39   40    0  0.00   0   6    14:31  SW 30.35   97
19   19.0  27.9    12:13   7.8    23:52   44    0  0.00   0  14    12:41  SW 30.04   85
20   16.2  26.9    15:04   2.8     2:51   47    0  0.01   1  13    13:50 WSW 29.90   80
21    7.1  16.8    14:38  -6.7     8:04   56    0  0.00   0   7    11:39  SW 30.08   77
22   13.6  20.7    14:48   0.3     8:10   50    0  0.00   0  12     2:30 ENE 30.06   75
23   28.5  34.5    14:35  18.8     0:00   35    0  0.09   0   6     6:52 WSW 29.84   85
24   31.9  34.8    13:40  30.4     0:51   32    0  0.00   0   3    13:16   E 29.87  100
25   33.9  41.0    11:29  30.9     7:55   30    0  0.33   0   8    20:47   E 29.81   99
26   32.5  37.7    11:54  22.1    23:49   60    0  0.39   1  14    21:02 ENE 29.31  100
27   18.8  25.8    14:36   6.6    23:58   45    0  0.01   1  18     3:31 ENE 29.73   86
28   14.9  26.0    22:14   2.6     7:24   49    0  0.00   0   5    11:32 ENE 29.89   84
29   30.5  34.7    13:21  25.7     0:46   33    0  0.29   0   5     6:28 ENE 29.53   95
30   23.6  34.4     1:29  10.9    22:53   40    0  0.23   1  13     8:24 ENE 29.70   91
31   10.8  17.6    22:38   1.9     5:30   53    0  0.00   1   6     6:30 ENE 29.94   85
---------------------------------------------------------------------------------------
TOT  19.9  41.0 12/25/05 -13.0 12/14/05 1379    0  2.04   1  20  12/3/05 ENE 29.95   84

HEAT BASE: 65.0
COOL BASE: 65.0