NOAA-Style Climate Reports: Lisbon, NH


Report for 2005 November
                  MONTHLY CLIMATOLOGICAL SUMMARY FOR 11/2005
                                        HEAT  COOL        
     MEAN                               DEG   DEG       WIND SPEED       DOM MEAN  MEAN
DAY  TEMP  HIGH   TIME     LOW   TIME   DAYS  DAYS RAIN AVG  HI  TIME    DIR BAROM HUM
---------------------------------------------------------------------------------------
1    50.7  68.8    13:25  36.5     6:15   14    1  0.04   1  25    13:49 WSW 29.86   75
2    41.5  46.2     8:36  32.8    23:59   22    0  0.02   1  16    13:40 ENE 29.90   80
3    41.8  60.5    14:58  27.9     2:34   22    0  0.00   1  22    13:26 WSW 29.90   82
4    43.9  57.4    12:59  34.7    23:54   20    0  0.00   1  22    15:13 ENE 29.96   86
5    46.3  67.6    14:29  31.4     3:21   17    0  0.00   0  11    12:39 WSW 29.98   88
6    47.9  57.2    13:12  39.4     4:58   16    0  0.22   1  19    19:54 WSW 29.94   92
7    45.9  53.9    13:15  36.4    20:28   18    0  0.00   2  22    10:26 WSW 29.87   69
8    40.2  48.9    13:16  28.0    23:57   23    0  0.02   1  16    13:00 WSW 30.02   73
9    33.0  41.6    13:23  22.1     6:40   30    0  0.42   3  31    21:02  SW 30.03   80
10   38.1  45.9     9:57  30.4    23:46   25    0  0.10   1  17     9:54 WSW 29.61   82
11   30.1  34.3    12:53  28.0     5:28   33    0  0.00   1  12     9:29  SW 29.97   67
12   29.6  43.7    14:58  20.4     6:34   34    0  0.00   0   8    13:26  SW 30.22   76
13   36.3  55.7    13:56  23.8     5:10   27    0  0.00   0  12    20:42  SW 30.15   82
14   40.2  54.7    10:58  26.3    23:46   23    0  0.00   1  17     9:30 WSW 30.19   76
15   33.0  38.0    23:42  26.0     0:34   30    0  0.58   0   7    11:35 ENE 30.37   97
16   47.0  64.6    14:11  38.0     0:00   16    0  0.71   2  27    14:52 WSW 29.94   98
17   35.3  43.3     0:00  27.5    22:36   28    0  0.02   1  11    13:49 WSW 29.98   91
18   25.7  30.9    13:40  16.8    23:52   38    0  0.00   1   8     5:02 WSW 30.22   70
19   24.9  38.4    14:45  15.0     4:05   39    0  0.00   1  12    13:04  SW 30.29   81
20   32.7  48.7    13:42  19.9     6:18   31    0  0.00   1  12    12:47 WSW 30.09   82
21   39.3  54.4    13:31  28.0     7:07   24    0  0.00   2  21    11:29 WSW 29.79   78
22   33.8  38.4    11:05  25.8    23:58   30    0  0.86   1  12    13:10  NE 29.17   98
23   19.6  26.0     0:12   9.7    23:53   44    0  0.00   0   0     0:00   N 29.45   80
24   19.3  26.0    11:38   9.2     0:33   44    0  0.10   0   0     0:00   N 29.38   92
25   17.1  26.7    14:33   9.2    23:54   46    0  0.00   0   0     0:00   N 29.95   77
26   17.9  24.1    22:00   8.0     1:07   44    0  0.00   0   0     0:00   N 30.34   88
27   26.3  31.9    12:07  16.8     7:29   37    0  0.05   0   5    12:11  SW 30.40   88
28   32.3  33.7    13:26  30.9     0:00   31    0  0.04   0   3    16:15 ENE 30.37  100
29   48.2  60.0    12:30  32.0     2:54   15    0  0.00   4  33    11:37 WSW 30.12   89
30   47.3  58.0     1:32  33.8    23:58   16    0  0.29   1  17     1:28 ENE 29.89   98
---------------------------------------------------------------------------------------
TOT  35.5  68.8  11/1/05   8.0 11/26/05  839    1  3.47   1  33 11/29/05 WSW 29.98   84

HEAT BASE: 65.0
COOL BASE: 65.0