NOAA-Style Climate Reports: Lisbon, NH


Report for 2005 October
                  MONTHLY CLIMATOLOGICAL SUMMARY FOR 10/2005
                                        HEAT  COOL        
     MEAN                               DEG   DEG       WIND SPEED       DOM MEAN  MEAN
DAY  TEMP  HIGH   TIME     LOW   TIME   DAYS  DAYS RAIN AVG  HI  TIME    DIR BAROM HUM
---------------------------------------------------------------------------------------
1    46.7  67.4    15:14  32.3     6:49   16    1  0.00   1  16    14:59  SW 30.26   86
2    53.2  74.4    15:26  38.6     6:17   11    2  0.00   0   8    14:45  SW 30.37   86
3    54.7  75.1    15:14  43.4     6:30   10    2  0.01   1  11    14:05 WSW 30.38   87
4    55.0  75.3    15:18  41.3     7:01    9    2  0.00   1  10    11:18  SW 30.33   90
5    56.4  74.0    15:22  48.7     7:22    7    2  0.01   1  12    14:46  SW 30.27   93
6    58.7  76.2    15:28  49.3     3:08    6    3  0.00   1  13    13:58  SW 30.13   93
7    65.2  76.9    13:31  54.0     2:29    2    5  0.12   2  24    12:21 WSW 29.97   88
8    51.4  63.1     0:00  44.9    19:26   11    0  1.77   2  10     7:03 ENE 29.88  100
9    50.3  57.4    15:09  45.3     2:50   12    0  0.49   1  11    14:10 ENE 30.00   93
10   52.7  58.2    14:13  49.2     6:18    9    0  0.04   0   6    20:25  SW 30.10   93
11   55.4  62.5    14:14  50.6    23:58    7    0  0.04   1  10    12:34 ENE 30.12   93
12   48.9  62.0    14:03  40.2     7:25   13    0  0.00   1  16    16:24  SW 30.34   72
13   46.6  54.8    16:01  38.1     3:30   15    0  0.00   1  14    13:03 ENE 30.31   89
14   51.3  61.2    15:34  42.1     6:51   11    0  0.31   0   7    13:40  SW 30.08   93
15   50.9  53.0     0:00  45.9    23:03   11    0  1.95   0  10    17:41 WSW 29.57  100
16   45.7  47.1    23:21  44.4     7:56   16    0  0.20   3  17    13:09 WSW 29.26   98
17   44.3  46.6     0:00  42.7    20:39   18    0  0.10   1  14     0:04  SW 29.53   88
18   44.0  47.1    15:17  40.5     5:33   18    0  0.24   0   6    18:53 WSW 29.56   99
19   47.9  54.6    14:39  43.2    23:58   14    0  0.12   1  16    15:21 WSW 29.70   89
20   38.8  48.9    15:07  28.3    23:54   23    0  0.03   0  17    14:53 WSW 29.93   81
21   34.3  50.1    13:34  25.2     8:03   28    0  0.00   1  14    13:43 ENE 30.06   85
22   33.5  42.8    15:22  25.5     2:30   28    0  0.07   0   7    13:16  SW 29.94   92
23   38.2  41.9    13:41  35.9     1:42   24    0  0.35   1  16    13:29 ENE 29.72   98
24   40.4  47.2    13:36  36.1     6:32   22    0  0.01   0  11    16:02 ENE 30.02   94
25   35.7  40.9     0:10  30.8    22:39   26    0  1.00   3  20     9:02  NE 29.70  100
26   35.3  41.3    14:21  31.3     0:00   26    0  0.02   1  19    10:39 ENE 29.60   93
27   34.8  38.1    13:41  32.2    23:52   27    0  0.00   0  11    12:40 ENE 30.09   84
28   33.0  37.5    14:15  29.8     7:14   29    0  0.00   0   7    13:13 ENE 30.32   83
29   31.5  47.3    15:38  22.1     7:14   31    0  0.00   1  17    11:40 ENE 30.19   85
30   36.4  58.9    14:32  23.3     6:08   28    0  0.01   1  10    11:46 ENE 30.09   89
31   42.5  63.2    14:22  27.5     6:27   21    0  0.00   0  13    15:31  SW 30.07   81
---------------------------------------------------------------------------------------
TOT  45.6  76.9  10/7/05  22.1 10/29/05  529   17  6.89   1  24  10/7/05 ENE 30.00   90

HEAT BASE: 65.0
COOL BASE: 65.0