NOAA-Style Climate Reports: Lisbon, NH


Report for 2005 September
                  MONTHLY CLIMATOLOGICAL SUMMARY FOR 9/2005
                                        HEAT  COOL        
     MEAN                               DEG   DEG       WIND SPEED       DOM MEAN  MEAN
DAY  TEMP  HIGH   TIME     LOW   TIME   DAYS  DAYS RAIN AVG  HI  TIME    DIR BAROM HUM
---------------------------------------------------------------------------------------
1    68.9  79.8    13:49  58.4    23:23    1    5  0.02   0  10    13:51 WSW 29.69   84
2    66.7  80.5    15:19  56.6     4:39    3    5  0.01   1  18    15:01 WSW 29.81   83
3    63.2  76.0    13:35  54.5     6:34    7    7  0.00   0  12    13:48 WSW 29.92   84
4    59.9  70.9    12:15  49.6    23:58    6    1  0.01   1  10     9:43 ENE 30.16   86
5    57.6  74.2    15:03  45.5     6:30    9    2  0.00   1  13    12:49 ENE 30.41   83
6    59.4  79.2    15:05  47.7     5:56    8    3  0.00   0   6    13:20   E 30.42   83
7    61.3  79.4    14:59  48.5     6:53    7    4  0.01   0  10    13:45  SW 30.26   88
8    64.0  78.8    13:40  53.9     5:07    4    3  0.02   1  13    12:51 WSW 30.03   88
9    61.1  72.0    15:04  49.4    23:44    5    1  0.00   1  12     3:39 ENE 30.05   81
10   54.0  67.4    15:04  43.9     6:48   11    0  0.00   1  14    10:45 ENE 30.23   78
11   53.3  70.6    15:02  40.1     5:16   13    1  0.00   1  11    13:15 WSW 30.27   85
12   64.8  83.0    12:14  46.9     2:00    5    6  0.00   1  11    11:00 WSW 29.96   85
13   68.8  83.3    14:54  59.3     2:19    1    7  0.00   1  12    12:08 WSW 29.97   88
14   69.2  85.5    14:54  58.4     6:43    1    7  0.00   1  14    14:36 WSW 29.94   86
15   64.9  71.2    15:42  60.2     1:21    0    3  0.71   0   6    15:53   E 30.04   98
16   62.9  70.5    14:24  58.3     3:51    1    2  0.02   0  10    15:36 ENE 30.11   97
17   63.1  69.1    16:26  59.7     5:50    1    2  0.22   0   7    19:34 ENE 29.88   96
18   59.2  63.1    15:30  52.0    23:58    3    0  0.03   0   7    13:51  SW 29.96   95
19   58.6  75.6    15:24  49.9     5:26    6    3  0.00   0  10    12:35  SW 30.13   89
20   59.1  69.7    16:03  52.0     6:38    4    2  0.12   1  22    16:41 WSW 29.92   95
21   60.3  74.0    14:35  48.9    23:59    4    3  0.00   1  17    10:54  SW 29.95   79
22   59.5  76.6    14:30  44.7     6:51    6    4  0.00   2  24    13:28 WSW 29.95   82
23   58.7  69.7    10:44  44.1    23:57    4    1  0.01   1  17    11:41 ENE 29.96   80
24   46.7  61.7    15:16  35.5     7:46   15    0  0.00   1  12    11:38 ESE 30.35   81
25   46.8  57.2    13:31  34.6     5:55   15    0  0.00   1  14    15:05 WSW 30.20   94
26   59.9  63.9    14:53  55.3     5:06    3    0  0.58   1  20    18:41 WSW 29.73  100
27   53.4  63.1    14:38  40.1    22:50    9    0  0.07   1  16    11:24 ENE 29.87   84
28   49.9  67.3    14:43  36.5     7:10   13    1  0.00   1  19    23:28 WSW 30.14   80
29   54.6  65.1    10:48  40.5    23:56    8    0  0.33   5  34    10:27 WSW 29.80   78
30   44.0  53.6    16:46  37.2     7:16   18    0  0.00   0   7    10:12 ENE 30.12   85
---------------------------------------------------------------------------------------
TOT  59.1  85.5  9/14/05  34.6  9/25/05  194   71  2.16   1  34  9/29/05 WSW 30.04   87

HEAT BASE: 65.0
COOL BASE: 65.0