NOAA-Style Climate Reports: Lisbon, NH


Report for 2005 August
                  MONTHLY CLIMATOLOGICAL SUMMARY FOR 8/2005
                                        HEAT  COOL        
     MEAN                               DEG   DEG       WIND SPEED       DOM MEAN  MEAN
DAY  TEMP  HIGH   TIME     LOW   TIME   DAYS  DAYS RAIN AVG  HI  TIME    DIR BAROM HUM
---------------------------------------------------------------------------------------
1    69.0  78.6    15:35  63.1    23:59    0    4  0.40   1  20    18:38 WSW 30.02   91
2    69.9  84.0    15:34  61.6     3:59    1    6  0.19  11  46    19:40 WSW 29.92   87
3    70.7  83.6    14:39  57.8    23:56    1    7  0.00   1  11    13:18 ENE 29.94   79
4    67.8  83.8    16:00  52.5     5:56    4    6  0.04   1  12    16:52 ENE 30.03   82
5    72.2  84.1    11:23  62.9    23:59    0    7  0.10   1  17    11:10 WSW 29.92   88
6    66.6  79.6    15:03  55.3     6:12    3    5  0.00   1  11    12:03 ENE 30.12   73
7    67.1  86.1    15:28  50.2     6:14    5    7  0.00   1  13    12:14 WSW 30.10   74
8    69.9  88.8    14:46  53.1     6:11    3    8  0.00   1   8    15:16  SW 30.09   78
9    72.6  88.0    14:54  57.6     5:40    2    9  0.00   1  17    15:35 WSW 30.01   78
10   75.3  89.9    15:27  62.4     5:51    0   11  0.00   1  13    16:11 WSW 29.90   78
11   73.7  84.9    13:46  66.1     3:32    0    9  0.00   1  17    14:04 ENE 29.89   77
12   69.4  82.4    13:36  61.3     5:26    1    5  0.05   1  16    13:09 WSW 29.97   84
13   75.9  88.2    13:24  66.3     4:55    0   11  0.00   1  13    11:20 WSW 29.82   77
14   66.5  71.3    12:01  64.0    22:22    0    2  0.26   0  10    15:08 ENE 29.94   98
15   68.4  78.8    15:18  61.5    23:56    1    4  0.04   1  10    13:01  SW 30.06   88
16   68.7  80.1    15:29  58.7     3:05    2    6  0.11   2  17    11:33 WSW 30.03   78
17   65.5  78.1    14:02  51.7    23:58    3    4  0.00   1  16    15:28 ENE 29.92   76
18   57.1  72.1    14:14  45.8     6:13    9    1  0.00   0   8     9:32 ENE 30.10   80
19   63.5  77.2    15:10  47.9     5:17    6    4  0.00   1  19    15:32 ENE 30.12   76
20   65.3  68.6    17:06  60.1     5:47    1    1  0.13   1  14     2:41 WSW 29.98   88
21   71.0  84.5    15:39  59.0    23:49    1    7  0.68   1  12    16:56 WSW 29.75   88
22   64.6  74.9    10:12  56.7    23:55    3    3  0.01   1  12    14:22 WSW 29.79   85
23   61.1  71.3    13:14  53.6     6:57    5    1  0.00   1  11    12:41 WSW 29.96   86
24   58.5  65.8    13:36  52.8     5:54    7    0  0.26   0  10    11:49 ENE 30.11   97
25   61.7  78.1    14:22  51.7     5:43    6    3  0.00   1  13    15:42  SW 30.19   83
26   62.4  82.8    15:25  48.9     7:23    7    4  0.00   0   8    13:54  SW 30.09   82
27   65.5  82.4    13:32  51.0     6:04    5    6  0.00   1  16    15:31 WSW 30.02   79
28   66.5  73.0     7:58  58.7     0:08    1    2  0.39   1  17     8:12 WSW 29.98   95
29   69.3  77.9    17:07  63.7     0:00    0    5  0.56   0   6    10:10 ENE 29.99   98
30   70.1  79.6    14:41  66.6     5:28    0    5  0.04   0   7    16:04  SE 29.91   97
31   72.1  83.0    16:01  66.0    23:27    0    7  1.15   2  29    16:03 WSW 29.56   96
---------------------------------------------------------------------------------------
TOT  67.7  89.9  8/10/05  45.8  8/18/05   76  159  4.41   1  46   8/2/05 WSW 29.97   84

HEAT BASE: 65.0
COOL BASE: 65.0