NOAA-Style Climate Reports: Lisbon, NH


Report for 2005 July
                  MONTHLY CLIMATOLOGICAL SUMMARY FOR 7/2005
                                        HEAT  COOL        
     MEAN                               DEG   DEG       WIND SPEED       DOM MEAN  MEAN
DAY  TEMP  HIGH   TIME     LOW   TIME   DAYS  DAYS RAIN AVG  HI  TIME    DIR BAROM HUM
---------------------------------------------------------------------------------------
1    68.8  76.9    14:13  62.2     3:28    0    7  0.03   2  22    13:58 WSW 29.72   84
2    63.1  72.0    15:37  49.8    23:55    1    2  0.00   1  14    12:29 ENE 29.81   73
3    61.4  76.9    14:23  44.7     5:28    6    5  0.00   1  14    13:56  SW 30.10   73
4    66.3  81.5    15:12  49.6     5:26    3    8  0.00   1  13    14:38 WSW 30.09   68
5    66.9  81.7    15:30  53.5     5:19    2    7  0.21   1  20    17:58 WSW 29.90   86
6    63.4  68.3    11:05  60.1    23:54    0    2  0.05   1  13    13:43 ENE 29.95   99
7    65.4  77.5    14:13  56.6     5:47    1    5  0.00   1  10    13:16 WSW 30.11   79
8    60.1  69.0    11:52  53.2     5:10    3    1  0.02   1   8    13:09 ENE 30.10   91
9    57.3  61.8    14:42  54.5     6:44    5    0  0.65   1   8    13:41 WSW 29.87   99
10   69.1  84.4    16:00  56.9     3:07    1    9  0.00   0  10    11:53 WSW 29.87   76
11   72.4  85.6    13:33  57.7    23:55    0   11  0.00   1  17    14:25 ENE 29.91   70
12   68.7  84.2    13:30  51.8     5:22    2    9  0.00   1  11    22:09 ENE 30.01   71
13   70.1  82.7    15:19  61.8     1:57    0    8  0.00   1  11    11:40  SW 29.95   80
14   71.4  81.1    16:26  62.5     1:33    0    9  0.26   1  11    12:04 WSW 29.92   87
15   69.7  83.1    14:08  57.1    23:48    0    8  0.00   0  12    15:41   E 30.04   76
16   69.0  85.2    14:56  52.3     4:41    2    9  0.00   1  13    19:34  SW 30.09   82
17   73.7  82.5    13:51  66.8     5:15    0   12  0.00   1  16    15:24 WSW 30.04   86
18   74.6  82.3    15:36  69.5     5:24    0   13  0.01   1  14    14:58 WSW 29.91   91
19   74.0  85.8    14:13  67.6    23:48    0   12  0.06   1  16    13:22 WSW 29.84   91
20   70.8  82.9    14:09  58.6    23:56    0    9  0.01   1  14    14:02 ENE 29.92   78
21   67.6  84.2    14:02  53.5     6:32    2    8  0.00   0  12    13:31 ENE 29.91   77
22   66.0  84.4    13:59  56.9     4:55    1    5  0.43   0  13    16:05  SW 29.88   88
23   65.2  76.0    12:25  52.7    23:55    2    5  0.00   1  14    12:31 ENE 29.96   75
24   60.9  75.1    14:53  47.1     6:23    5    4  0.00   0  11    14:43 ENE 30.01   72
25   66.1  82.5    15:42  53.7     5:49    2    7  0.00   0  16    10:03 WSW 29.74   84
26   69.6  82.9    15:30  56.9     6:00    1    9  0.15   1  16    15:17 WSW 29.76   79
27   67.8  78.2    11:08  58.0    23:10    0    6  0.59   0  12    13:22 ENE 29.71   96
28   62.5  73.5    14:56  52.7    23:51    3    3  0.01   1  11    11:49 ENE 30.02   78
29   62.6  77.5    15:44  49.0     6:38    4    5  0.00   1  13    12:39  SW 30.07   76
30   65.0  77.3    14:18  53.6    23:08    2    5  0.00   1  11    12:24 ENE 30.22   70
31   62.0  74.0    12:44  50.6     2:49    3    3  0.00   1  11    14:03 WSW 30.24   78
---------------------------------------------------------------------------------------
TOT  66.8  85.8  7/19/05  44.7   7/3/05   56  205  2.48   1  22   7/1/05 WSW 29.96   81

HEAT BASE: 65.0
COOL BASE: 65.0