NOAA-Style Climate Reports: Lisbon, NH


Report for 2005 June
                  MONTHLY CLIMATOLOGICAL SUMMARY FOR 6/2005
                                        HEAT  COOL        
     MEAN                               DEG   DEG       WIND SPEED       DOM MEAN  MEAN
DAY  TEMP  HIGH   TIME     LOW   TIME   DAYS  DAYS RAIN AVG  HI  TIME    DIR BAROM HUM
---------------------------------------------------------------------------------------
1    56.8  69.8    17:14  48.3     5:11    7    2  0.00   0   7    10:55  SW 30.17   82
2    61.4  79.2    16:03  44.1     5:22    6    6  0.00   1  12    15:10  SW 30.15   68
3    64.0  81.7    15:43  46.8     5:10    5    7  0.00   1  11    15:54 WSW 30.01   71
4    66.9  84.8    14:13  49.8     5:40    3    8  0.00   1  16    11:48 ENE 29.87   68
5    67.9  84.0    14:50  49.0     5:30    3    9  0.00   1  16    22:39 ENE 29.89   68
6    63.4  72.3    12:12  57.1    23:17    1    3  0.12   2  22     9:42 WSW 29.90   77
7    67.9  81.7    15:50  54.3     5:16    2    8  0.00   2  20    13:00 WSW 29.71   70
8    64.7  79.2    14:04  54.5     4:50    2    5  0.03   0  13    11:36 ENE 29.89   79
9    65.5  83.1    15:48  54.3     5:11    2    6  0.57   1  19    18:11 ENE 30.05   86
10   70.1  81.3    13:04  61.2     5:42    0    8  0.02   1  14    12:30 WSW 30.01   90
11   73.6  88.4    14:45  64.1     2:13    0   12  0.00   0  10    13:27  SW 29.98   84
12   72.4  81.0    13:32  65.1     4:46    0   10  0.23   1  20    15:15  SW 29.90   93
13   73.9  82.9    14:00  66.6     5:25    0   12  0.00   0   7     8:42  SW 29.74   87
14   65.1  74.0    10:20  53.2    23:46    1    4  0.79   0  14    13:22 ENE 29.58   97
15   51.3  55.3    14:05  47.1    23:50   11    0  0.11   1  14    16:20 WSW 29.65   99
16   50.7  55.9    17:01  46.5     5:17   11    0  0.08   1  11    15:41 WSW 29.62   98
17   54.6  62.3    15:05  49.2     5:55    7    0  0.51   0   6     0:44  SW 29.61   99
18   55.3  63.1    14:20  47.5    23:59    7    0  0.34   1  17    16:54 ENE 29.86   91
19   57.2  70.3    15:32  46.9     0:30    6    2  0.00   1  11    10:56 ENE 30.17   79
20   59.4  76.2    15:27  44.7     4:35    7    4  0.00   1  11    17:31  SW 30.17   81
21   65.5  81.3    15:46  49.5     6:07    4    7  0.00   1  13    11:54  SW 29.91   72
22    0.0  45.9     0:00  45.9     0:00    0    0  0.00   0   0     0:00 ---  0.00    0
23   56.8  72.4    14:43  39.5     4:42    8    3  0.00   1  12    13:38 ENE 30.09   70
24   65.2  80.0    16:08  48.7     5:19    4    7  0.00   1  17    15:59 WSW 30.02   66
25   73.2  91.5    15:27  54.8     5:04    2   13  0.00   1  13    13:14 WSW 29.94   71
26   75.7  88.6    13:43  63.8     5:33    0   14  0.00   0  10    13:42   E 30.05   74
27   73.4  86.9    14:53  60.9     5:24    0   11  0.00   1  19    17:00 WSW 30.16   80
28   71.6  84.4    14:04  61.5     5:16    0   10  0.00   1  14    15:54 WSW 30.03   87
29   69.9  76.0    12:09  65.4     0:25    0    8  0.17   1   8     7:41 WSW 29.90   95
30   71.4  84.0    16:02  64.1     3:45    0    9  0.00   1  19    22:17 WSW 29.88   82
---------------------------------------------------------------------------------------
TOT  64.9  91.5  6/25/05  39.5  6/23/05   99  186  3.22   1  22   6/6/05 ENE 29.93   81

HEAT BASE: 65.0
COOL BASE: 65.0