NOAA-Style Climate Reports: Lisbon, NH


Report for 2005 May
                  MONTHLY CLIMATOLOGICAL SUMMARY FOR 5/2005
                                        HEAT  COOL        
     MEAN                               DEG   DEG       WIND SPEED       DOM MEAN  MEAN
DAY  TEMP  HIGH   TIME     LOW   TIME   DAYS  DAYS RAIN AVG  HI  TIME    DIR BAROM HUM
---------------------------------------------------------------------------------------
1    44.3  51.4    17:21  32.8    23:55   17    0  0.05   0   8    14:03 WSW 29.73   91
2    39.1  52.1    13:28  25.5     5:57   23    0  0.05   2  20    11:54 WSW 29.87   79
3    38.8  50.1    13:23  29.9     6:57   23    0  0.01   1  21    15:57  SW 29.99   78
4    38.4  50.2    11:59  26.4     5:38   24    0  0.00   1  16    11:02  SW 30.29   67
5    41.4  57.9    15:24  24.6     5:19   21    0  0.00   1  12    15:42  SW 30.48   59
6    45.8  61.2    14:26  28.0     5:45   16    0  0.00   3  19    19:04  SW 30.36   55
7    40.5  48.0    10:48  33.9     5:59   21    0  0.13   3  26    11:16 ENE 30.06   78
8    44.9  49.6    16:20  39.6     0:00   17    0  0.01   4  21    15:08 ENE 29.92   71
9    53.3  69.0    16:01  41.6     3:05   10    1  0.00   2  13    14:58 ENE 30.00   68
10   58.8  75.5    14:58  38.3     5:39    7    4  0.00   3  17    14:06 WSW 29.99   64
11   60.2  78.1    14:17  43.4     5:35    6    4  0.01   2  16    15:19 WSW 29.86   73
12   42.6  58.8     0:00  27.3    23:52   19    0  0.01   4  29    13:04 ENE 30.21   52
13   39.3  54.3    15:50  22.1     5:32   23    0  0.00   2  20     8:21 ENE 30.29   48
14   43.5  53.7    16:41  32.0     1:24   19    0  0.00   1   7    14:13 ENE 29.95   57
15   45.1  48.1    12:57  42.1     4:18   17    0  0.44   0   6    13:09  SW 29.82   96
16   46.3  56.6    15:33  40.9     4:37   16    0  0.14   1  12    17:19  SW 29.90   92
17   47.1  54.8    16:03  38.3     5:46   15    0  0.00   1  11    13:50 ENE 30.06   71
18   45.3  56.6    10:16  36.3    23:20   17    0  0.04   1  10    16:52 ENE 30.11   74
19   45.6  59.9    15:31  34.6     6:51   16    0  0.00   1  16    16:30 ENE 30.09   74
20   48.1  64.1    13:51  30.1     5:25   14    0  0.00   1  16    11:16 ENE 30.00   67
21   48.0  59.6    13:44  32.5     5:28   14    0  0.06   2  16    21:34 ENE 29.92   71
22   44.9  49.0    15:50  40.6     6:52   17    0  0.23   1  13    14:20 ENE 29.76   94
23   47.7  51.5    16:21  43.2     5:52   14    0  0.13   1  19    23:19  NE 29.69   93
24   49.0  59.0    15:13  43.5     6:35   13    0  0.00   6  26    14:36 ENE 29.86   73
25   48.7  54.5    15:05  44.9     5:46   13    0  0.00   5  24    16:04 ENE 29.93   71
26   50.9  56.6    10:06  47.8    23:12   11    0  0.12   3  22     9:57 ENE 29.75   83
27   52.1  58.6    15:23  46.1     4:24   10    0  0.01   1  10    14:13 ENE 29.71   87
28   57.5  71.9    15:22  46.4     4:30    7    2  0.02   1  19    16:07 ENE 29.74   73
29   55.5  67.9    10:50  45.8     5:37    7    0  0.07   1  14    13:13 WSW 29.76   85
30   52.8  63.8   5:39pm  48.7     1:24    7    0  0.18   1  11   6:43pm ENE 29.85   95
31   55.1  67.3    13:13  50.2     2:57    7    0  0.22   0  14    14:20 WSW 30.03   93
---------------------------------------------------------------------------------------
TOT  47.4  78.1  5/11/05  22.1  5/13/05  461   12  1.93   2  29  5/12/05 ENE 29.97   75

HEAT BASE: 65.0
COOL BASE: 65.0