NOAA-Style Climate Reports: Lisbon, NH


Report for 2005 April
                  MONTHLY CLIMATOLOGICAL SUMMARY FOR 4/2005
                                        HEAT  COOL        
     MEAN                               DEG   DEG       WIND SPEED       DOM MEAN  MEAN
DAY  TEMP  HIGH   TIME     LOW   TIME   DAYS  DAYS RAIN AVG  HI  TIME    DIR BAROM HUM
---------------------------------------------------------------------------------------
1    39.3  47.5    16:48  31.7    23:58   24    0  0.02   2  18     2:08   W 30.06   73
2    38.1  50.5    23:51  31.5     0:05   25    0  0.57   2  30    22:34  SW 29.86   95
3    45.6  51.5     3:54  36.8    23:54   17    0  0.56   3  25     3:31  SW 29.39   82
4    36.1  39.5    14:00  33.0     5:40   27    0  0.06   1   8    14:05 WSW 29.57   99
5    40.4  51.6    14:06  31.8    23:58   23    0  0.00   1  14    13:35 WSW 30.00   65
6    43.6  62.7    17:07  30.9     1:08   19    0  0.00   1  17    12:47  SW 30.13   59
7    46.5  60.1    11:31  34.3     6:52   16    0  0.01   1  19    14:02 WSW 29.84   70
8    41.7  54.0    13:57  32.2     7:13   19    0  0.00   2  17    13:23 ENE 29.94   63
9    37.5  54.0    15:14  22.3     6:32   24    0  0.00   2  20    11:26 ENE 30.15   54
10   40.3  59.4    13:15  22.0     6:32   22    0  0.00   2  21    13:19  NE 30.07   49
11   32.7  42.8    14:26  21.1     6:29   29    0  0.00   3  24    15:23 ENE 30.20   48
12   33.0  43.5    12:39  22.1     5:31   29    0  0.00   4  25    13:31  NE 30.04   49
13   38.1  50.2    15:38  28.5     0:00   24    0  0.00   2  18    10:25 ENE 29.95   55
14   38.7  52.0    14:07  25.2     6:27   23    0  0.00   3  22    10:22 ENE 30.15   56
15   37.7  56.9    15:35  18.1     6:07   24    0  0.00   2  24    15:52 ENE 30.49   42
16   42.0  64.6    16:28  21.2     6:06   20    0  0.00   1  17    11:26  SW 30.49   44
17   46.2  69.1    14:04  23.1     6:00   17    1  0.00   1  14    13:57  SW 30.15   49
18   46.1  63.3    15:36  28.3     6:11   16    0  0.00   2  18    11:29 ENE 30.08   44
19   49.2  72.4    15:14  24.0     5:48   15    3  0.00   2  18    15:06 WSW 29.96   43
20   51.0  75.5    12:55  39.3    23:51   13    2  0.37   2  19    15:47 ENE 29.72   69
21   38.8  48.7    15:29  26.1    23:53   23    0  0.01   3  22    11:56 ENE 29.94   52
22   41.6  58.6    17:20  20.0     6:11   20    0  0.00   2  19    23:26  SW 29.95   47
23   43.7  49.6     0:00  38.2     5:04   18    0  0.61   1  13     1:15 ENE 29.68   88
24   51.6  57.4    16:31  40.8    22:15   10    0  0.24   3  24    13:35 WSW 29.40   80
25   39.3  44.6    14:29  35.8    23:56   23    0  0.06   2  18    10:59 WSW 29.43   82
26   49.3  63.6    14:48  31.3     6:05   13    0  0.00   3  24    13:54 WSW 29.86   56
27   49.7  53.5     0:16  43.2    23:46   12    0  0.03   2  20     6:22   E 29.83   71
28   41.5  45.9    15:08  37.2    23:56   20    0  0.21   1  12    16:12 ENE 29.74   96
29   43.2  55.1    15:03  33.8    23:57   19    0  0.01   3  20    13:14 WSW 29.84   69
30   43.1  57.4    11:45  32.2     1:04   19    0  0.24   1  22    12:08 ENE 29.92   82
---------------------------------------------------------------------------------------
TOT  42.2  75.5  4/20/05  18.1  4/15/05  605    7  3.00   2  30   4/2/05 ENE 29.93   64

HEAT BASE: 65.0
COOL BASE: 65.0