NOAA-Style Climate Reports: Lisbon, NH


Report for 2005 March
                  MONTHLY CLIMATOLOGICAL SUMMARY FOR 3/2005
                                        HEAT  COOL        
     MEAN                               DEG   DEG       WIND SPEED       DOM MEAN  MEAN
DAY  TEMP  HIGH   TIME     LOW   TIME   DAYS  DAYS RAIN AVG  HI  TIME    DIR BAROM HUM
---------------------------------------------------------------------------------------
1    20.0  25.5    12:59  15.9    23:11   41    0  0.21   2  14     3:56 ENE 29.37   82
2    17.0  22.4    12:00  12.9     3:07   44    0  0.00   1  16    15:45 WSW 29.36   71
3     8.9  16.8     0:00  -5.6    23:58   52    0  0.00   2  19    14:17 ENE 29.67   53
4     6.1  23.9    15:36 -12.9     7:03   55    0  0.00   1  12    13:19 WSW 29.82   61
5    13.3  33.5    14:08 -10.5     6:48   48    0  0.00   1  14    14:40  NW 29.81   59
6    20.7  31.5    10:47   3.9     6:04   40    0  0.00   2  24    12:32 WSW 29.58   83
7    23.9  35.1    20:24  10.0     6:54   37    0  0.01   3  28    15:56 ENE 29.55   70
8    18.4  30.3     7:16   7.2    18:10   43    0  0.46   3  16    14:27 ENE 29.22   88
9     5.2  11.1    15:39  -1.2    23:59   56    0  0.01   3  25     2:56 WSW 29.47   69
10    2.7  20.5    14:22 -16.0     6:31   58    0  0.00   1  12    11:31 WSW 29.71   66
11   11.4  27.6    13:34 -10.3     2:37   50    0  0.01   2  20    14:33 WSW 29.67   64
12   25.4  31.3    12:24  19.9     5:05   36    0  0.21   0   6    10:24   E 29.42   86
13   25.2  35.3    15:20  13.2    23:26   36    0  0.00   1  10    14:34 ENE 29.73   81
14   25.6  35.2    15:30  13.6     1:25   39    0  0.00   1  16    13:55 ENE 29.85   72
15   30.6  35.0    15:11  23.4     4:49   34    0  0.00   1  10    11:15 ENE 29.92   67
16   28.8  34.9    16:39  13.6    23:58   36    0  0.01   1  13     8:12 ENE 29.95   73
17   23.6  39.1    13:41   7.7     6:07   41    0  0.00   1  16    11:00 ENE 29.98   65
18   25.7  40.6    13:01   9.3     6:22   39    0  0.00   1  14    10:32 ENE 30.00   58
19   26.6  40.6    13:51   8.5     6:26   37    0  0.00   1  14    10:15  NE 30.13   60
20   26.5  45.0    14:55   8.0     5:39   37    0  0.00   1  11    11:39  NE 30.04   64
21   28.9  46.5    14:46  11.8     5:50   34    0  0.00   1  17    11:43 ENE 29.97   63
22   30.2  46.6    12:38  13.6     5:44   33    0  0.00   1  18    14:22 WSW 30.07   61
23   30.4  39.6    15:20  20.7     1:35   33    0  0.00   1  14     7:52 ENE 30.08   55
24   32.7  45.4    15:03  24.7    23:46   30    0  0.00   1  12     8:49 WSW 29.94   62
25   31.4  41.3    14:00  19.0    23:57   32    0  0.00   1  14    15:07  SW 29.95   63
26   27.1  42.8    14:36  12.3     5:11   36    0  0.00   1  16    12:00 ENE 30.18   53
27   31.9  50.5    14:21  13.6     5:24   31    0  0.00   1  17    14:00 WSW 30.15   61
28   32.1  36.9    14:52  25.5     0:50   31    0  0.48   0  12     9:34 ENE 29.88   94
29   36.5  43.5    15:39  27.1    23:57   27    0  0.00   2  16    13:25 ENE 29.73   90
30   37.7  56.6    14:38  23.6     5:46   25    0  0.00   1  14    13:06 ENE 30.08   70
31   42.8  57.3    13:56  26.1     5:55   20    0  0.00   3  22    17:33  SW 30.14   51
---------------------------------------------------------------------------------------
TOT  24.1  57.3  3/31/05 -16.0  3/10/05 1191    0  1.42   1  28   3/7/05 ENE 29.82   68

HEAT BASE: 65.0
COOL BASE: 65.0