NOAA-Style Climate Reports: Lisbon, NH


Report for 2005 February
                  MONTHLY CLIMATOLOGICAL SUMMARY FOR 2/2005
                                        HEAT  COOL        
     MEAN                               DEG   DEG       WIND SPEED       DOM MEAN  MEAN
DAY  TEMP  HIGH   TIME     LOW   TIME   DAYS  DAYS RAIN AVG  HI  TIME    DIR BAROM HUM
---------------------------------------------------------------------------------------
1     9.7  35.1    15:10  -5.6     7:12   51    0  0.00   1   7    12:41 ENE 30.48   67
2     9.9  33.8    15:08  -5.6     6:56   51    0  0.00   0   8    13:47  SW 30.59   67
3    11.4  31.3    15:23  -5.8     7:05   50    0  0.00   0   7    13:15  SW 30.40   68
4    25.7  45.6    15:18  15.1     0:00   35    0  0.00   1   7    12:12 ENE 30.30   64
5    24.5  44.8    15:15  10.0     0:00   37    0  0.00   1  12    14:03 ENE 30.44   72
6    24.8  47.1    15:28  11.4     7:45   36    0  0.00   1   8    11:25  SW 30.60   77
7    27.6  48.8    14:23  14.8     7:18   33    0  0.00   0  10    11:19  SW 30.33   72
8    30.2  34.6    14:01  24.8     0:00   31    0  0.13   0   7    12:55 ENE 30.03   90
9    32.6  38.1    12:52  29.9    20:21   29    0  0.00   0   3    12:46 ENE 29.92   97
10   28.5  31.1     0:23  18.1    23:44   34    0  0.49   0  13    14:08 ENE 29.56  100
11   18.2  24.0    14:13  13.4    22:00   44    0  0.01   0  36     1:26   N 29.50   78
12   19.3  29.5    11:50   8.9     4:53   43    0  0.00   1  10    10:53 WSW 29.59   82
13   15.0  23.0    14:03  -0.8    23:44   47    0  0.01   1  12    11:59 ENE 30.15   77
14   13.1  29.1    23:58  -6.0     6:40   48    0  0.01   4  32    21:58  SW 30.37   73
15   33.7  42.4    14:58  25.1     0:00   27    0  0.01   3  30     0:32 WSW 29.96   83
16   32.4  50.2    13:05  25.0     0:14   29    0  0.20   2  26    13:12   W 29.71   87
17   21.8  28.7    14:43  11.6    23:51   39    0  0.00   2  17    14:29 ENE 29.78   66
18   12.7  20.2    11:48   2.3    23:53   48    0  0.01   2  11    18:29 ENE 29.90   75
19    6.5  18.1    15:25  -6.8     6:22   55    0  0.00   1  11    12:23 WSW 30.22   57
20    7.9  15.9    15:00  -0.3     6:47   53    0  0.00   2  13    10:57 ENE 30.42   52
21   13.0  20.7    19:48   3.0     0:02   48    0  0.03   2  14    14:24 ENE 30.18   72
22   22.2  28.4    15:11  16.5     0:02   39    0  0.02   1   8    14:04 ENE 30.06   82
23   17.1  23.9     0:05   3.7    21:58   44    0  0.03   2  14    11:05 ENE 30.11   70
24    9.1  21.7    14:14  -7.9     6:37   52    0  0.00   1  12    10:51 ENE 30.32   60
25   13.3  23.6    11:21  -0.8    23:58   48    0  0.00   1  16    13:25 ENE 30.13   66
26    8.4  24.5    14:16  -9.4     6:37   53    0  0.00   1  13    13:49 ENE 30.14   57
27    9.2  23.8    14:31  -5.2     5:53   50    0  0.00   2  21    13:28  NW 30.17   53
28   14.2  26.6    15:47  -1.0     1:52   47    0  0.00   1   6    10:13 ENE 30.03   53
---------------------------------------------------------------------------------------
TOT  18.3  50.2  2/16/05  -9.4  2/26/05 1198    0  0.95   1  36  2/11/05 ENE 30.12   72

HEAT BASE: 65.0
COOL BASE: 65.0