NOAA-Style Climate Reports: Lisbon, NH


Report for 2005 January
                  MONTHLY CLIMATOLOGICAL SUMMARY FOR 1/2005
                                        HEAT  COOL        
     MEAN                               DEG   DEG       WIND SPEED       DOM MEAN  MEAN
DAY  TEMP  HIGH   TIME     LOW   TIME   DAYS  DAYS RAIN AVG  HI  TIME    DIR BAROM HUM
---------------------------------------------------------------------------------------
1    33.5  42.2     4:16  20.7     0:00   30    0  0.14   2  14    15:15 ENE 30.25   79
2    23.1  31.4    22:14  12.6     0:00   40    0  0.25   3  24    17:58 WNW 30.56   65
3    32.2  35.3    13:18  30.4    23:23   31    0  0.03   0   7     0:00 WNW 30.24  100
4    31.5  35.0    13:50  27.8    23:57   32    0  0.00   0  10    23:55   E 30.19   92
5    20.2  27.8     0:00  13.4    21:39   43    0  0.00   2  13    15:19 ENE 30.24   66
6    17.9  24.3    20:27  13.6     0:25   45    0  0.12   1  11    21:21 ENE 30.03   79
7    21.4  27.5     7:31  12.0    20:24   42    0  0.01   1  13     7:58 ENE 30.11   80
8    18.4  23.1    18:13  11.8     1:28   45    0  0.12   0   7    11:29 ENE 30.27   88
9    18.7  29.6    12:22   6.3     3:49   44    0  0.00   1  14    22:50 WSW 30.38   83
10   29.3  34.5    13:55  24.6     4:25   34    0  0.01   2  17    17:19   W 29.97   79
11   17.9  27.3     0:00   9.4     8:08   45    0  0.00   2  14     5:40 ENE 30.32   57
12   23.0  30.7    19:25  16.4     0:00   40    0  0.06   1  17    19:19 ENE 30.32   78
13   34.1  53.9    23:44  30.1     0:00   29    0  0.00   1  20    23:29 WSW 30.05   99
14   36.5  58.7     5:46  19.0    23:54   27    0  0.58   3  25     5:51 ENE 30.01   87
15   15.4  21.6    14:07   7.9     7:59   48    0  0.00   1  13    12:31 WSW 30.66   70
16   15.0  22.2    14:01   6.8     2:05   48    0  0.00   1   8    19:52 ENE 30.58   77
17   11.0  16.9     0:00   1.4    23:37   52    0  0.00   2  13    11:00 ENE 30.20   70
18   -5.4   1.4     0:00 -11.3    23:51   71    0  0.00   1  14     5:04 ENE 30.52   57
19    1.9  14.9    14:22 -12.5     2:58   62    0  0.02   2  26    14:59 ENE 30.24   66
20    7.1  15.2    12:42  -5.7    23:53   55    0  0.00   1  14    18:38 ENE 29.90   68
21   -8.4  -0.9    13:53 -15.0    23:55   71    0  0.00   2  17    13:06 ENE 30.24   59
22   -5.8   6.8    23:48 -17.3     4:00   69    0  0.03   1   7     2:47 ENE 30.26   66
23    3.2  10.3    12:03 -10.4    23:57   59    0  0.03   4  25    14:09  NE 29.98   64
24    1.1  16.1    13:49 -17.3     6:37   62    0  0.00   1   8    13:53 WSW 29.92   63
25    8.2  14.9     2:18  -3.8    22:22   55    0  0.00   1  14    11:42 ENE 29.82   65
26    8.0  14.1    15:14  -1.3    23:44   20    0  0.04   2   8    17:08 ENE 30.04   74
27   -7.4   5.9    14:51 -17.6     7:32   59    0  0.00   1  14     9:59  NE 30.67   64
28   -8.4  11.7    15:17 -23.9     6:35   70    0  0.00   1  11    14:12 ENE 30.81   63
29   -2.9  22.1    15:45 -15.5     6:28   59    0  0.00   0   8    12:20  SW 30.52   67
30   11.4  29.1    15:02  -2.2     7:39   49    0  0.00   1  14    12:00 ENE 30.20   71
31    7.9  30.9    15:28  -8.1     0:00   53    0  0.00   1   7    13:16 ENE 30.43   66
---------------------------------------------------------------------------------------
TOT  12.3  58.7  1/14/05 -23.9  1/28/05 1487    0  1.44   1  26  1/19/05 ENE 30.27   73

HEAT BASE: 65.0
COOL BASE: 65.0