NOAA-Style Climate Reports: Lisbon, NH


Report for 2004 December
                  MONTHLY CLIMATOLOGICAL SUMMARY FOR 12/2004
                                        HEAT  COOL        
     MEAN                               DEG   DEG       WIND SPEED       DOM MEAN  MEAN
DAY  TEMP  HIGH   TIME     LOW   TIME   DAYS  DAYS RAIN AVG  HI  TIME    DIR BAROM HUM
---------------------------------------------------------------------------------------
1    35.9  43.2    15:15  27.0     0:00   27    0  0.54   3  27    10:04 WSW 29.60   92
2    31.1  35.3    10:39  25.5     6:27   32    0  0.00   2  14     0:24 WSW 29.88   69
3    27.4  33.3    13:37  22.2    23:58   36    0  0.05   1   8     5:53  NE 29.81   84
4    23.8  32.1    19:32  11.8     7:31   39    0  0.00   2  20    20:58 WSW 29.94   71
5    25.5  33.9     6:35   8.7     0:02   37    0  0.00   2  17     9:50 WNW 30.05   59
6    13.2  19.1    19:37   5.9     3:14   50    0  0.02   1   8    12:48 ENE 30.45   74
7    25.1  36.2    22:23  18.5     0:00   38    0  0.16   2  13    20:50 ENE 30.15   87
8    34.9  39.5    10:36  31.2     3:00   28    0  0.00   2  14    21:46 WSW 29.77   86
9    30.6  35.3    12:45  27.7     3:00   32    0  0.00   1  14     0:47 ENE 30.15   76
10   31.2  33.5    11:39  28.6     2:16   32    0  0.14   0   7    22:15 ENE 29.90   97
11   33.3  34.8    12:35  32.0     0:00   30    0  0.11   0   6     2:19  SW 29.38  100
12   30.4  34.2     0:38  28.1    22:16   33    0  0.01   1  12    12:47  SW 29.51   84
13   30.1  34.3    14:22  26.5    23:58   33    0  0.08   0  14    22:59 ENE 29.51   95
14   15.7  26.5     0:00   7.2    23:58   47    0  0.00   2  13     2:24 ENE 30.01   72
15    7.8  17.1    12:44   0.8     7:14   55    0  0.00   1  10    11:49 ENE 30.38   79
16   12.0  27.4    14:49   1.0     7:02   50    0  0.00   0   6    11:20   E 30.23   83
17   20.1  32.6     9:53   4.9    23:51   43    0  0.00   2  19    11:11 ENE 30.07   73
18   12.3  28.3    13:33  -2.8     7:39   51    0  0.00   1  20    13:59 WSW 30.21   71
19   23.2  32.7    13:05  11.8     7:34   40    0  0.03   1  16    22:40 ENE 29.76   83
20   -3.0  12.6     0:00 -17.8    23:51   66    0  0.03   3  17     0:25 ENE 29.94   69
21   -8.0   3.6    16:11 -18.9     0:00   72    0  0.00   1   8     8:45 ENE 30.15   71
22   11.4  23.8    18:54  -2.2     0:35   52    0  0.01   0   6    12:36 ENE 30.30   81
23   35.2  54.0    18:57  13.7     2:40   28    0  0.58   3  27    17:20  NE 29.96   92
24   24.1  38.3     0:00  13.1    23:58   39    0  0.00   2  14    11:49  NE 30.08   58
25   13.2  19.9    11:03   8.5    21:10   50    0  0.00   0   7     7:59 ENE 30.31   73
26   15.1  19.9    14:01   8.0     7:14   48    0  0.01   2  14    22:33 ENE 30.38   74
27    9.5  16.8     0:44   1.5     0:00   54    0  0.00   3  17     1:09 ENE 30.30   67
28   10.9  20.5    23:41  -2.0     0:18   52    0  0.00   2  14    19:57   W 30.36   70
29   24.6  32.3    14:56  16.0    23:59   38    0  0.00   1  10     0:18 WSW 30.11   77
30   17.5  32.4    14:02   7.7     0:00   45    0  0.00   0   7    13:23 ENE 30.48   82
31   30.8  41.2    15:32  12.0     7:40   32    0  0.05   3  25    12:16 WNW 30.23   87
---------------------------------------------------------------------------------------
TOT  20.8  54.0 12/23/04 -18.9 12/21/04 1309    0  1.82   1  27  12/1/04 ENE 30.04   79

HEAT BASE: 65.0
COOL BASE: 65.0