NOAA-Style Climate Reports: Lisbon, NH


Report for 2004 November
                  MONTHLY CLIMATOLOGICAL SUMMARY FOR 11/2004
                                        HEAT  COOL        
     MEAN                               DEG   DEG       WIND SPEED       DOM MEAN  MEAN
DAY  TEMP  HIGH   TIME     LOW   TIME   DAYS  DAYS RAIN AVG  HI  TIME    DIR BAROM HUM
---------------------------------------------------------------------------------------
1    41.4  44.8     0:00  39.1     3:01   22    0  0.00   1  17    15:29 ENE 30.02   77
2    38.7  42.6    10:52  32.0     5:21   25    0  0.28   1  14    13:08 WSW 30.06   94
3    36.9  41.9     3:43  28.4    23:57   26    0  0.07   2  18     8:05 ENE 30.04   76
4    34.1  46.2    14:08  21.6     6:33   29    0  0.14   2  25    22:38  SW 29.93   76
5    35.9  38.6     4:06  32.6    18:59   27    0  0.23   3  20    12:01 WSW 29.36   91
6    40.4  50.6    13:56  29.3     0:14   23    0  0.01   3  24     9:53 WSW 29.60   77
7    43.0  53.7    15:22  34.2     1:36   20    0  0.00   1  16    13:02  NW 29.70   78
8    33.1  40.9     0:00  23.1    23:53   29    0  0.00   1  14    10:19  NW 30.01   62
9    22.3  31.1    14:15  13.9    23:43   41    0  0.00   1  21    14:21 ENE 30.42   73
10   22.2  32.0    22:44   9.9     6:13   41    0  0.00   2  14    19:18   W 30.49   68
11   34.4  44.2    13:54  27.0     3:39   29    0  0.00   2  16    15:56 WSW 30.23   66
12   26.7  33.5    14:27  19.4     6:25   36    0  0.00   1  10     4:04 ENE 30.44   68
13   24.2  37.1    12:14  17.4     4:08   39    0  0.00   2  19    11:36 ENE 30.55   69
14   23.3  40.9    14:40  10.4     4:08   40    0  0.00   1   8    15:35 ENE 30.62   73
15   28.5  50.2    14:49  16.3     6:29   34    0  0.00   1   7    11:20  NE 30.45   77
16   29.6  46.9    14:24  21.6     0:03   67    0  0.00   0  11    14:13 ENE 30.35   82
17   31.1  40.8    14:15  20.9     3:07   32    0  0.00   0   8    10:47  SW 30.30   85
18   37.3  42.6    14:59  33.0     1:46   26    0  0.01   0   5     2:52  SW 30.13   86
19   38.9  49.9    11:13  28.0    23:58   24    0  0.00   1  16    11:03 ENE 30.13   80
20   31.3  41.6    14:15  22.2     7:01   32    0  0.12   1   7     9:39 ENE 30.23   81
21   34.7  38.2    15:03  31.2     0:09   28    0  0.06   0   5    13:22 ENE 30.19  100
22   35.8  45.3    14:40  28.1    19:53   27    0  0.00   1  10    13:52 WSW 30.11   91
23   30.6  45.4    14:37  25.8     6:19   32    0  0.01   1  11    12:23  SW 30.11   93
24   37.3  50.2    23:45  26.8     1:33   26    0  0.27   2  28    22:15  NE 29.93   96
25   44.1  62.7    11:40  26.1    23:58   19    0  0.63   2  21    21:49 ENE 29.30   90
26   23.1  31.7    13:42  14.7     6:22   40    0  0.00   1  17    11:37 WSW 29.97   66
27   24.5  38.3    22:40  12.9     6:47   38    0  0.00   1  20    22:25 ENE 30.37   81
28   42.4  48.5    17:15  37.9     0:00   20    0  0.38   4  29     9:09 WSW 30.02   82
29   32.6  38.2     0:00  26.5    18:19   30    0  0.01   1  11     5:06 ENE 30.21   82
30   30.7  42.8    14:39  25.5    22:01   32    0  0.00   1   7     3:18 WSW 30.24   80
---------------------------------------------------------------------------------------
TOT  32.8  62.7 11/25/04   9.9 11/10/04  933    0  2.22   1  29 11/28/04 ENE 30.12   80

HEAT BASE: 65.0
COOL BASE: 65.0