NOAA-Style Climate Reports: Lisbon, NH


Report for 2004 October
                  MONTHLY CLIMATOLOGICAL SUMMARY FOR 10/2004
                                        HEAT  COOL        
     MEAN                               DEG   DEG       WIND SPEED       DOM MEAN  MEAN
DAY  TEMP  HIGH   TIME     LOW   TIME   DAYS  DAYS RAIN AVG  HI  TIME    DIR BAROM HUM
---------------------------------------------------------------------------------------
1    56.0  69.5    15:19  45.3    23:57    8    1  0.00   0   8    13:05 ENE 30.17   83
2    51.8  61.5    12:16  40.8     5:33   11    0  0.02   1  22    16:56 WSW 30.14   91
3    46.1  60.7    14:53  33.0     7:10   17    0  0.00   1  11     0:00 ENE 30.18   78
4    46.5  65.6    14:48  30.8     7:10   17    0  0.01   2  21    12:56 WSW 30.02   80
5    38.6  47.6    14:05  26.8    23:43   25    0  0.01   1  16    11:40 ENE 30.28   76
6    38.3  58.5    15:18  23.4     6:46   25    0  0.00   1  17    12:02 WSW 30.33   82
7    47.1  69.5    15:08  29.8     6:46   17    1  0.00   0   8    11:34  SW 30.35   82
8    51.8  75.6    15:30  36.9     7:02   13    2  0.00   1  11    13:35  SW 30.31   86
9    55.7  67.1    15:21  42.6     6:08    8    1  0.00   2  20    12:52 WSW 30.04   80
10   49.5  59.3     0:00  39.9     7:14   13    0  0.00   1  11    19:01 ENE 29.99   82
11   47.4  52.7    11:33  43.7     0:00   16    0  0.00   2  22    11:42 ENE 30.03   78
12   44.0  51.5    16:40  32.3    23:56   19    0  0.00   2  17    10:52 ENE 29.76   79
13   42.3  64.8    15:05  27.0    11:08   21    0  0.01   1  13    11:49 ENE 29.71   77
14   45.0  65.8    15:01  30.5     7:05   18    0  0.04   0   8     8:41 WSW 29.68   80
15   49.3  54.5    14:29  45.9     1:42   14    0  0.17   0   5     0:55 WSW 29.59   99
16   50.3  56.4    11:34  42.6    23:09   13    0  0.47   2  18    10:05 WSW 29.37   90
17   42.7  49.4    13:27  36.6     0:24   20    0  0.01   2  19    10:15 WSW 29.63   84
18   41.1  52.1    15:42  32.6    20:22   22    0  0.00   1  13     9:37 WSW 30.00   76
19   37.0  50.8    14:51  29.2     6:22   26    0  0.00   1   8    11:04 ENE 30.24   86
20   35.8  53.4    15:34  27.3     7:46   27    0  0.00   1   8    12:35  SW 30.25   87
21   35.1  46.8    16:11  27.3     3:08   28    0  0.00   1   8    12:11 WSW 30.27   87
22   37.4  48.7    14:36  27.5     0:17   26    0  0.00   1   8    13:01 ENE 30.36   85
23   38.0  52.8    15:23  27.3     7:55   25    0  0.00   1  10    12:51 ENE 30.27   78
24   35.5  51.9    14:48  23.6     5:16   28    0  0.01   1  11    16:35 WSW 30.09   84
25   39.5  47.4    15:45  28.1    23:50   23    0  0.00   0   7    10:48 ENE 30.09   82
26   38.7  55.0    15:57  26.7     0:00   24    0  0.00   1  14    13:37 ENE 30.16   83
27   44.7  54.7    14:02  32.0    23:58   18    0  0.00   1  16    15:19 ENE 30.21   76
28   33.0  49.7    14:59  22.7     7:28   30    0  0.00   1   8    12:59 ENE 30.33   78
29   33.9  52.8    15:26  22.2     7:28   29    0  0.00   1  13    13:27 ENE 30.10   76
30   37.7  46.2    23:48  26.4     0:00   25    0  0.04   0   7    20:58 ENE 29.85   86
31   51.3  60.4    11:57  44.1     3:01   12    0  0.02   2  16    11:37 WSW 29.60   78
---------------------------------------------------------------------------------------
TOT  43.3  75.6  10/8/04  22.2 10/29/04  618    5  0.81   1  22  10/2/04 ENE 30.04   82

HEAT BASE: 65.0
COOL BASE: 65.0