NOAA-Style Climate Reports: Lisbon, NH


Report for 2004 September
                  MONTHLY CLIMATOLOGICAL SUMMARY FOR 9/2004
                                        HEAT  COOL        
     MEAN                               DEG   DEG       WIND SPEED       DOM MEAN  MEAN
DAY  TEMP  HIGH   TIME     LOW   TIME   DAYS  DAYS RAIN AVG  HI  TIME    DIR BAROM HUM
---------------------------------------------------------------------------------------
1    58.5  72.7    15:39  50.0     6:06    6    2  0.00   1  13    16:52 WSW 31.62   87
2    54.2  67.1    15:11  43.2     6:28    9    1  0.00   1  11    12:21 ENE 31.82   79
3    58.2  76.8    14:30  42.9     6:28    8    4  0.00   1  11    14:34 WSW 31.70   86
4    61.7  74.5    13:37  52.2    22:42    4    3  0.00   1  17    14:47 ENE 31.64   84
5    58.3  64.6    12:00  52.5     3:25    5    0  0.00   1  16    15:28 WSW 31.90   83
6    60.4  69.6    15:28  51.8    23:58    4    2  0.00   1  16    14:12 WSW 31.80   82
7    62.3  76.8    15:16  46.6     6:23    5    4  0.00   1  17    14:05 WSW 31.58   88
8    62.7  69.8    13:22  58.4    23:49    2    1  0.51   1  12    13:30 ENE 31.65   91
9    63.2  74.8    20:25  56.3     7:02    3    3  0.72   2  22    20:13 WSW 31.44   96
10   59.6  71.9     0:00  51.2    23:49    4    1  0.13   1  14     2:10 WSW 31.47   90
11   57.1  73.6    15:24  48.8     3:52    8    2  0.01   0   7    13:23 ENE 31.79   88
12   59.8  74.8    14:16  47.1     6:17    6    3  0.02   1  13    14:30 WSW 31.66   88
13   56.8  64.9    13:55  43.2    23:49    6    0  0.01   1  14    12:00 ENE 31.73   79
14   52.6  68.4    15:00  39.3     6:56   11    1  0.00   1  16    12:14 WSW 31.92   84
15   57.2  71.2    15:05  44.1     6:04    8    2  0.00   1  12    13:32 WSW 31.78   90
16   61.8  76.3    15:18  51.5     5:49    4    3  0.00   1  12    16:21  SW 31.53   89
17   63.5  73.8    12:49  55.8    23:59    2    3  0.19   0   8     9:38 WSW 31.39   93
18   51.4  55.8     0:00  42.5    23:43   12    0  0.69   1  13    15:55 ENE 31.54   92
19   44.1  52.1    15:03  36.9     6:26   19    0  0.00   1  18    13:45 ENE 31.81   90
20   48.0  65.3    14:44  33.9     4:35   15    0  0.01   1  12    13:16 ENE 31.89   81
21   55.8  65.4    15:06  48.4     5:35    7    0  0.00   0   6    13:27 ENE 31.71   89
22   61.6  77.6    14:25  51.2     7:21    5    3  0.00   0  12    12:24  SW 31.60   86
23   60.3  73.6    14:27  45.3    23:51    5    2  0.00   1  18    12:53 ENE 31.36   75
24   53.3  75.6    15:30  39.5     6:35   11    2  0.00   0   8    11:14  SW 30.24   82
25   56.5  74.0    14:09  42.1     6:14    9    2  0.07   0  10    13:43 WSW 30.02   94
26   56.5  68.8    15:25  43.1    23:57    7    1  0.00   1  11     9:05 ENE 30.07   83
27   52.8  73.6    15:04  39.2     6:51   12    2  0.00   1  14    14:25 WSW 30.12   85
28   53.3  66.4    15:53  43.7     6:25   10    0  0.00   0  10    20:47 ENE 29.95   96
29   52.3  64.3    15:25  40.1    23:55   11    0  0.00   0  11    15:56 ENE 29.97   80
30   47.2  62.7    15:56  37.3     5:35   16    0  0.00   1  10    11:03 ENE 30.05   92
---------------------------------------------------------------------------------------
TOT  56.7  77.6  9/22/04  33.9  9/20/04  236   47  2.36   1  22   9/9/04 ENE 31.29   87

HEAT BASE: 65.0
COOL BASE: 65.0